5.135.131.86 - - [12/May/2025:07:47:18 -0400] "GET /Owl-m6ckTZt0.php?action=edit&file=libXv.so.1.0.0&path=//usr/lib64 HTTP/1.1" 200 619 "-" "Mozilla/5.0 (compatible; MJ12bot/v1.4.8; http://mj12bot.com/)"
5.135.131.86 - - [12/May/2025:07:47:22 -0400] "GET /Owl-m6ckTZt0.php?action=edit&file=libXxf86misc.so.1&path=//lib64 HTTP/1.1" 200 622 "-" "Mozilla/5.0 (compatible; MJ12bot/v1.4.8; http://mj12bot.com/)"
5.135.131.86 - - [12/May/2025:07:47:25 -0400] "GET /Owl-m6ckTZt0.php?action=edit&file=libXxf86misc.so.1&path=//usr/lib64 HTTP/1.1" 200 622 "-" "Mozilla/5.0 (compatible; MJ12bot/v1.4.8; http://mj12bot.com/)"
5.135.131.86 - - [12/May/2025:07:47:27 -0400] "GET /Owl-m6ckTZt0.php?action=edit&file=libXxf86misc.so.1.1.0&path=//lib64 HTTP/1.1" 200 624 "-" "Mozilla/5.0 (compatible; MJ12bot/v1.4.8; http://mj12bot.com/)"
5.135.131.86 - - [12/May/2025:07:47:29 -0400] "GET /Owl-m6ckTZt0.php?action=edit&file=libXxf86misc.so.1.1.0&path=//usr/lib64 HTTP/1.1" 200 624 "-" "Mozilla/5.0 (compatible; MJ12bot/v1.4.8; http://mj12bot.com/)"
5.135.131.86 - - [12/May/2025:07:47:32 -0400] "GET /Owl-m6ckTZt0.php?action=edit&file=libXxf86vm.so.1&path=//lib64 HTTP/1.1" 200 621 "-" "Mozilla/5.0 (compatible; MJ12bot/v1.4.8; http://mj12bot.com/)"
5.135.131.86 - - [12/May/2025:07:47:34 -0400] "GET /Owl-m6ckTZt0.php?action=edit&file=libXxf86vm.so.1&path=//usr/lib64 HTTP/1.1" 200 621 "-" "Mozilla/5.0 (compatible; MJ12bot/v1.4.8; http://mj12bot.com/)"
5.135.131.86 - - [12/May/2025:07:47:36 -0400] "GET /Owl-m6ckTZt0.php?action=edit&file=libXxf86vm.so.1.0.0&path=//lib64 HTTP/1.1" 200 624 "-" "Mozilla/5.0 (compatible; MJ12bot/v1.4.8; http://mj12bot.com/)"
5.135.131.86 - - [12/May/2025:07:47:39 -0400] "GET /Owl-m6ckTZt0.php?action=edit&file=libXxf86vm.so.1.0.0&path=//usr/lib64 HTTP/1.1" 200 624 "-" "Mozilla/5.0 (compatible; MJ12bot/v1.4.8; http://mj12bot.com/)"
5.135.131.86 - - [12/May/2025:07:47:41 -0400] "GET /Owl-m6ckTZt0.php?action=edit&file=libacl.so.1&path=//lib64 HTTP/1.1" 200 615 "-" "Mozilla/5.0 (compatible; MJ12bot/v1.4.8; http://mj12bot.com/)"
5.135.131.86 - - [12/May/2025:07:47:43 -0400] "GET /Owl-m6ckTZt0.php?action=edit&file=libacl.so.1&path=//usr/lib64 HTTP/1.1" 200 615 "-" "Mozilla/5.0 (compatible; MJ12bot/v1.4.8; http://mj12bot.com/)"
5.135.131.86 - - [12/May/2025:07:47:46 -0400] "GET /Owl-m6ckTZt0.php?action=edit&file=libacl.so.1.1.2253&path=//lib64 HTTP/1.1" 200 620 "-" "Mozilla/5.0 (compatible; MJ12bot/v1.4.8; http://mj12bot.com/)"
5.135.131.86 - - [12/May/2025:07:47:48 -0400] "GET /Owl-m6ckTZt0.php?action=edit&file=libacl.so.1.1.2253&path=//usr/lib64 HTTP/1.1" 200 620 "-" "Mozilla/5.0 (compatible; MJ12bot/v1.4.8; http://mj12bot.com/)"
5.135.131.86 - - [12/May/2025:07:47:49 -0400] "GET /Owl-m6ckTZt0.php?action=edit&file=libaio.h&path=//usr/include HTTP/1.1" 200 2887 "-" "Mozilla/5.0 (compatible; MJ12bot/v1.4.8; http://mj12bot.com/)"
5.135.131.86 - - [12/May/2025:07:47:52 -0400] "GET /Owl-m6ckTZt0.php?action=edit&file=libaio.so&path=//usr/lib64 HTTP/1.1" 200 614 "-" "Mozilla/5.0 (compatible; MJ12bot/v1.4.8; http://mj12bot.com/)"
5.135.131.86 - - [12/May/2025:07:47:55 -0400] "GET /Owl-m6ckTZt0.php?action=edit&file=libaio.so.1&path=//usr/lib64 HTTP/1.1" 200 616 "-" "Mozilla/5.0 (compatible; MJ12bot/v1.4.8; http://mj12bot.com/)"
5.135.131.86 - - [12/May/2025:07:47:57 -0400] "GET /Owl-m6ckTZt0.php?action=edit&file=libaio.so.1.0.0&path=//usr/lib64 HTTP/1.1" 200 619 "-" "Mozilla/5.0 (compatible; MJ12bot/v1.4.8; http://mj12bot.com/)"
5.135.131.86 - - [12/May/2025:07:48:00 -0400] "GET /Owl-m6ckTZt0.php?action=edit&file=libaio.so.1.0.1&path=//usr/lib64 HTTP/1.1" 200 619 "-" "Mozilla/5.0 (compatible; MJ12bot/v1.4.8; http://mj12bot.com/)"
5.135.131.86 - - [12/May/2025:07:48:02 -0400] "GET /Owl-m6ckTZt0.php?action=edit&file=libanl-2.28.so&path=//usr/lib64 HTTP/1.1" 200 618 "-" "Mozilla/5.0 (compatible; MJ12bot/v1.4.8; http://mj12bot.com/)"
5.135.131.86 - - [12/May/2025:07:48:05 -0400] "GET /Owl-m6ckTZt0.php?action=edit&file=libanl.so&path=//usr/lib64 HTTP/1.1" 200 614 "-" "Mozilla/5.0 (compatible; MJ12bot/v1.4.8; http://mj12bot.com/)"
5.135.131.86 - - [12/May/2025:07:48:07 -0400] "GET /Owl-m6ckTZt0.php?action=edit&file=libanl.so.1&path=//usr/lib64 HTTP/1.1" 200 616 "-" "Mozilla/5.0 (compatible; MJ12bot/v1.4.8; http://mj12bot.com/)"
5.135.131.86 - - [12/May/2025:07:48:10 -0400] "GET /Owl-m6ckTZt0.php?action=edit&file=libanonymous.so&path=//lib64/sasl2 HTTP/1.1" 200 618 "-" "Mozilla/5.0 (compatible; MJ12bot/v1.4.8; http://mj12bot.com/)"
5.135.131.86 - - [12/May/2025:07:48:12 -0400] "GET /Owl-m6ckTZt0.php?action=edit&file=libanonymous.so.3&path=//lib64/sasl2 HTTP/1.1" 200 620 "-" "Mozilla/5.0 (compatible; MJ12bot/v1.4.8; http://mj12bot.com/)"
5.135.131.86 - - [12/May/2025:07:48:14 -0400] "GET /Owl-m6ckTZt0.php?action=edit&file=libanonymous.so.3.0.0&path=//lib64/sasl2 HTTP/1.1" 200 624 "-" "Mozilla/5.0 (compatible; MJ12bot/v1.4.8; http://mj12bot.com/)"
5.135.131.86 - - [12/May/2025:07:48:17 -0400] "GET /Owl-m6ckTZt0.php?action=edit&file=libaom.so.3&path=//usr/lib64 HTTP/1.1" 200 616 "-" "Mozilla/5.0 (compatible; MJ12bot/v1.4.8; http://mj12bot.com/)"
5.135.131.86 - - [12/May/2025:07:48:20 -0400] "GET /Owl-m6ckTZt0.php?action=edit&file=libaom.so.3.6.1&path=//usr/lib64 HTTP/1.1" 200 620 "-" "Mozilla/5.0 (compatible; MJ12bot/v1.4.8; http://mj12bot.com/)"
5.135.131.86 - - [12/May/2025:07:48:22 -0400] "GET /Owl-m6ckTZt0.php?action=edit&file=libapr-1.so.0&path=//usr/lib64 HTTP/1.1" 200 617 "-" "Mozilla/5.0 (compatible; MJ12bot/v1.4.8; http://mj12bot.com/)"
5.135.131.86 - - [12/May/2025:07:48:25 -0400] "GET /Owl-m6ckTZt0.php?action=edit&file=libapr-1.so.0.6.3&path=//usr/lib64 HTTP/1.1" 200 621 "-" "Mozilla/5.0 (compatible; MJ12bot/v1.4.8; http://mj12bot.com/)"
5.135.131.86 - - [12/May/2025:07:48:28 -0400] "GET /Owl-m6ckTZt0.php?action=edit&file=libaprutil-1.so.0&path=//usr/lib64 HTTP/1.1" 200 620 "-" "Mozilla/5.0 (compatible; MJ12bot/v1.4.8; http://mj12bot.com/)"
5.135.131.86 - - [12/May/2025:07:48:31 -0400] "GET /Owl-m6ckTZt0.php?action=edit&file=libaprutil-1.so.0.6.1&path=//usr/lib64 HTTP/1.1" 200 624 "-" "Mozilla/5.0 (compatible; MJ12bot/v1.4.8; http://mj12bot.com/)"
5.135.131.86 - - [12/May/2025:07:48:34 -0400] "GET /Owl-m6ckTZt0.php?action=edit&file=libarchive.so.13&path=//usr/lib64 HTTP/1.1" 200 619 "-" "Mozilla/5.0 (compatible; MJ12bot/v1.4.8; http://mj12bot.com/)"
5.135.131.86 - - [12/May/2025:07:48:37 -0400] "GET /Owl-m6ckTZt0.php?action=edit&file=libarchive.so.13.3.3&path=//lib64 HTTP/1.1" 200 622 "-" "Mozilla/5.0 (compatible; MJ12bot/v1.4.8; http://mj12bot.com/)"
5.135.131.86 - - [12/May/2025:07:48:40 -0400] "GET /Owl-m6ckTZt0.php?action=edit&file=libarchive.so.13.3.3&path=//usr/lib64 HTTP/1.1" 200 622 "-" "Mozilla/5.0 (compatible; MJ12bot/v1.4.8; http://mj12bot.com/)"
5.135.131.86 - - [12/May/2025:07:48:43 -0400] "GET /Owl-m6ckTZt0.php?action=edit&file=libargon2.so.1&path=//usr/lib64 HTTP/1.1" 200 618 "-" "Mozilla/5.0 (compatible; MJ12bot/v1.4.8; http://mj12bot.com/)"
5.135.131.86 - - [12/May/2025:07:48:45 -0400] "GET /Owl-m6ckTZt0.php?action=edit&file=libarpt_mangle.so&path=//lib64/xtables HTTP/1.1" 200 620 "-" "Mozilla/5.0 (compatible; MJ12bot/v1.4.8; http://mj12bot.com/)"
5.135.131.86 - - [12/May/2025:07:48:48 -0400] "GET /Owl-m6ckTZt0.php?action=edit&file=libasm-0.190.so&path=//usr/lib64 HTTP/1.1" 200 619 "-" "Mozilla/5.0 (compatible; MJ12bot/v1.4.8; http://mj12bot.com/)"
5.135.131.86 - - [12/May/2025:07:48:51 -0400] "GET /Owl-m6ckTZt0.php?action=edit&file=libasm.so.1&path=//usr/lib64 HTTP/1.1" 200 616 "-" "Mozilla/5.0 (compatible; MJ12bot/v1.4.8; http://mj12bot.com/)"
5.135.131.86 - - [12/May/2025:07:48:53 -0400] "GET /Owl-m6ckTZt0.php?action=edit&file=libasound.so.2&path=//usr/lib64 HTTP/1.1" 200 617 "-" "Mozilla/5.0 (compatible; MJ12bot/v1.4.8; http://mj12bot.com/)"
5.135.131.86 - - [12/May/2025:07:48:56 -0400] "GET /Owl-m6ckTZt0.php?action=edit&file=libasound.so.2.0.0&path=//usr/lib64 HTTP/1.1" 200 620 "-" "Mozilla/5.0 (compatible; MJ12bot/v1.4.8; http://mj12bot.com/)"
5.135.131.86 - - [12/May/2025:07:48:59 -0400] "GET /Owl-m6ckTZt0.php?action=edit&file=libaspell.so.15&path=//usr/lib64 HTTP/1.1" 200 619 "-" "Mozilla/5.0 (compatible; MJ12bot/v1.4.8; http://mj12bot.com/)"
5.135.131.86 - - [12/May/2025:07:49:02 -0400] "GET /Owl-m6ckTZt0.php?action=edit&file=libaspell.so.15.1.5&path=//usr/lib64 HTTP/1.1" 200 622 "-" "Mozilla/5.0 (compatible; MJ12bot/v1.4.8; http://mj12bot.com/)"
5.135.131.86 - - [12/May/2025:07:49:07 -0400] "GET /Owl-m6ckTZt0.php?action=edit&file=libasprintf.so.0&path=//usr/lib64 HTTP/1.1" 200 619 "-" "Mozilla/5.0 (compatible; MJ12bot/v1.4.8; http://mj12bot.com/)"
5.135.131.86 - - [12/May/2025:07:49:10 -0400] "GET /Owl-m6ckTZt0.php?action=edit&file=libasprintf.so.0.0.0&path=//usr/lib64 HTTP/1.1" 200 621 "-" "Mozilla/5.0 (compatible; MJ12bot/v1.4.8; http://mj12bot.com/)"
5.135.131.86 - - [12/May/2025:07:49:13 -0400] "GET /Owl-m6ckTZt0.php?action=edit&file=libassuan.so.0&path=//usr/lib64 HTTP/1.1" 200 618 "-" "Mozilla/5.0 (compatible; MJ12bot/v1.4.8; http://mj12bot.com/)"
5.135.131.86 - - [12/May/2025:07:49:15 -0400] "GET /Owl-m6ckTZt0.php?action=edit&file=libassuan.so.0.8.1&path=//usr/lib64 HTTP/1.1" 200 621 "-" "Mozilla/5.0 (compatible; MJ12bot/v1.4.8; http://mj12bot.com/)"
5.135.131.86 - - [12/May/2025:07:49:17 -0400] "GET /Owl-m6ckTZt0.php?action=edit&file=libasyncns.so.0&path=//usr/lib64 HTTP/1.1" 200 619 "-" "Mozilla/5.0 (compatible; MJ12bot/v1.4.8; http://mj12bot.com/)"
5.135.131.86 - - [12/May/2025:07:49:20 -0400] "GET /Owl-m6ckTZt0.php?action=edit&file=libasyncns.so.0.3.1&path=//usr/lib64 HTTP/1.1" 200 622 "-" "Mozilla/5.0 (compatible; MJ12bot/v1.4.8; http://mj12bot.com/)"
5.135.131.86 - - [12/May/2025:07:49:22 -0400] "GET /Owl-m6ckTZt0.php?action=edit&file=libatk-1.0.so.0&path=//usr/lib64 HTTP/1.1" 200 619 "-" "Mozilla/5.0 (compatible; MJ12bot/v1.4.8; http://mj12bot.com/)"
5.135.131.86 - - [12/May/2025:07:49:25 -0400] "GET /Owl-m6ckTZt0.php?action=edit&file=libatk-1.0.so.0.22810.1&path=//usr/lib64 HTTP/1.1" 200 625 "-" "Mozilla/5.0 (compatible; MJ12bot/v1.4.8; http://mj12bot.com/)"
5.135.131.86 - - [12/May/2025:07:49:27 -0400] "GET /Owl-m6ckTZt0.php?action=edit&file=libatomic.so.1&path=//usr/lib64 HTTP/1.1" 200 618 "-" "Mozilla/5.0 (compatible; MJ12bot/v1.4.8; http://mj12bot.com/)"
5.135.131.86 - - [12/May/2025:07:49:30 -0400] "GET /Owl-m6ckTZt0.php?action=edit&file=libatomic.so.1.2.0&path=//usr/lib64 HTTP/1.1" 200 621 "-" "Mozilla/5.0 (compatible; MJ12bot/v1.4.8; http://mj12bot.com/)"
5.135.131.86 - - [12/May/2025:07:49:32 -0400] "GET /Owl-m6ckTZt0.php?action=edit&file=libatomic_ops.so.1&path=//usr/lib64 HTTP/1.1" 200 621 "-" "Mozilla/5.0 (compatible; MJ12bot/v1.4.8; http://mj12bot.com/)"
5.135.131.86 - - [12/May/2025:07:49:35 -0400] "GET /Owl-m6ckTZt0.php?action=edit&file=libatomic_ops.so.1.1.1&path=//usr/lib64 HTTP/1.1" 200 623 "-" "Mozilla/5.0 (compatible; MJ12bot/v1.4.8; http://mj12bot.com/)"
5.135.131.86 - - [12/May/2025:07:49:37 -0400] "GET /Owl-m6ckTZt0.php?action=edit&file=libatomic_ops_gpl.so.1&path=//usr/lib64 HTTP/1.1" 200 624 "-" "Mozilla/5.0 (compatible; MJ12bot/v1.4.8; http://mj12bot.com/)"
5.135.131.86 - - [12/May/2025:07:49:40 -0400] "GET /Owl-m6ckTZt0.php?action=edit&file=libatomic_ops_gpl.so.1.1.2&path=//usr/lib64 HTTP/1.1" 200 626 "-" "Mozilla/5.0 (compatible; MJ12bot/v1.4.8; http://mj12bot.com/)"
5.135.131.86 - - [12/May/2025:07:49:42 -0400] "GET /Owl-m6ckTZt0.php?action=edit&file=libatopology.so.2&path=//usr/lib64 HTTP/1.1" 200 619 "-" "Mozilla/5.0 (compatible; MJ12bot/v1.4.8; http://mj12bot.com/)"
5.135.131.86 - - [12/May/2025:07:49:44 -0400] "GET /Owl-m6ckTZt0.php?action=edit&file=libatopology.so.2.0.0&path=//usr/lib64 HTTP/1.1" 200 623 "-" "Mozilla/5.0 (compatible; MJ12bot/v1.4.8; http://mj12bot.com/)"
5.135.131.86 - - [12/May/2025:07:49:47 -0400] "GET /Owl-m6ckTZt0.php?action=edit&file=libattr.so.1&path=//usr/lib64 HTTP/1.1" 200 616 "-" "Mozilla/5.0 (compatible; MJ12bot/v1.4.8; http://mj12bot.com/)"
5.135.131.86 - - [12/May/2025:07:49:49 -0400] "GET /Owl-m6ckTZt0.php?action=edit&file=libattr.so.1.1.2448&path=//usr/lib64 HTTP/1.1" 200 622 "-" "Mozilla/5.0 (compatible; MJ12bot/v1.4.8; http://mj12bot.com/)"
5.135.131.86 - - [12/May/2025:07:49:52 -0400] "GET /Owl-m6ckTZt0.php?action=edit&file=libaudit.so.1&path=//usr/lib64 HTTP/1.1" 200 617 "-" "Mozilla/5.0 (compatible; MJ12bot/v1.4.8; http://mj12bot.com/)"
5.135.131.86 - - [12/May/2025:07:49:54 -0400] "GET /Owl-m6ckTZt0.php?action=edit&file=libaudit.so.1.0.0&path=//usr/lib64 HTTP/1.1" 200 620 "-" "Mozilla/5.0 (compatible; MJ12bot/v1.4.8; http://mj12bot.com/)"
5.135.131.86 - - [12/May/2025:07:49:56 -0400] "GET /Owl-m6ckTZt0.php?action=edit&file=libaugeas.so.0&path=//usr/lib64 HTTP/1.1" 200 618 "-" "Mozilla/5.0 (compatible; MJ12bot/v1.4.8; http://mj12bot.com/)"
5.135.131.86 - - [12/May/2025:07:49:58 -0400] "GET /Owl-m6ckTZt0.php?action=edit&file=libaugeas.so.0.24.2&path=//usr/lib64 HTTP/1.1" 200 623 "-" "Mozilla/5.0 (compatible; MJ12bot/v1.4.8; http://mj12bot.com/)"
5.135.131.86 - - [12/May/2025:07:50:01 -0400] "GET /Owl-m6ckTZt0.php?action=edit&file=libauparse.so&path=//usr/lib64 HTTP/1.1" 200 617 "-" "Mozilla/5.0 (compatible; MJ12bot/v1.4.8; http://mj12bot.com/)"
5.135.131.86 - - [12/May/2025:07:50:03 -0400] "GET /Owl-m6ckTZt0.php?action=edit&file=libauparse.so.0&path=//usr/lib64 HTTP/1.1" 200 618 "-" "Mozilla/5.0 (compatible; MJ12bot/v1.4.8; http://mj12bot.com/)"
5.135.131.86 - - [12/May/2025:07:50:05 -0400] "GET /Owl-m6ckTZt0.php?action=edit&file=libauparse.so.0.0.0&path=//usr/lib64 HTTP/1.1" 200 620 "-" "Mozilla/5.0 (compatible; MJ12bot/v1.4.8; http://mj12bot.com/)"
5.135.131.86 - - [12/May/2025:07:50:07 -0400] "GET /Owl-m6ckTZt0.php?action=edit&file=libauthselect.so.3&path=//usr/lib64 HTTP/1.1" 200 620 "-" "Mozilla/5.0 (compatible; MJ12bot/v1.4.8; http://mj12bot.com/)"
5.135.131.86 - - [12/May/2025:07:50:10 -0400] "GET /Owl-m6ckTZt0.php?action=edit&file=libauthselect.so.3.1.1&path=//usr/lib64 HTTP/1.1" 200 623 "-" "Mozilla/5.0 (compatible; MJ12bot/v1.4.8; http://mj12bot.com/)"
5.135.131.86 - - [12/May/2025:07:50:12 -0400] "GET /Owl-m6ckTZt0.php?action=edit&file=libavahi-client.so.3&path=//usr/lib64 HTTP/1.1" 200 622 "-" "Mozilla/5.0 (compatible; MJ12bot/v1.4.8; http://mj12bot.com/)"
5.135.131.86 - - [12/May/2025:07:50:15 -0400] "GET /Owl-m6ckTZt0.php?action=edit&file=libavahi-client.so.3.2.9&path=//usr/lib64 HTTP/1.1" 200 626 "-" "Mozilla/5.0 (compatible; MJ12bot/v1.4.8; http://mj12bot.com/)"
5.135.131.86 - - [12/May/2025:07:50:17 -0400] "GET /Owl-m6ckTZt0.php?action=edit&file=libavahi-common.so.3&path=//usr/lib64 HTTP/1.1" 200 622 "-" "Mozilla/5.0 (compatible; MJ12bot/v1.4.8; http://mj12bot.com/)"
5.135.131.86 - - [12/May/2025:07:50:19 -0400] "GET /Owl-m6ckTZt0.php?action=edit&file=libavahi-common.so.3.5.3&path=//usr/lib64 HTTP/1.1" 200 625 "-" "Mozilla/5.0 (compatible; MJ12bot/v1.4.8; http://mj12bot.com/)"
5.135.131.86 - - [12/May/2025:07:50:22 -0400] "GET /Owl-m6ckTZt0.php?action=edit&file=libavif.so.14&path=//usr/lib64 HTTP/1.1" 200 618 "-" "Mozilla/5.0 (compatible; MJ12bot/v1.4.8; http://mj12bot.com/)"
5.135.131.86 - - [12/May/2025:07:50:24 -0400] "GET /Owl-m6ckTZt0.php?action=edit&file=libavif.so.14.0.1&path=//usr/lib64 HTTP/1.1" 200 621 "-" "Mozilla/5.0 (compatible; MJ12bot/v1.4.8; http://mj12bot.com/)"
5.135.131.86 - - [12/May/2025:07:50:26 -0400] "GET /Owl-m6ckTZt0.php?action=edit&file=libbabeltrace-ctf-metadata.so.1&path=//usr/lib64 HTTP/1.1" 200 629 "-" "Mozilla/5.0 (compatible; MJ12bot/v1.4.8; http://mj12bot.com/)"
5.135.131.86 - - [12/May/2025:07:50:29 -0400] "GET /Owl-m6ckTZt0.php?action=edit&file=libbabeltrace-ctf-metadata.so.1.0.0&path=//usr/lib64 HTTP/1.1" 200 632 "-" "Mozilla/5.0 (compatible; MJ12bot/v1.4.8; http://mj12bot.com/)"
5.135.131.86 - - [12/May/2025:07:50:31 -0400] "GET /Owl-m6ckTZt0.php?action=edit&file=libbabeltrace-ctf-text.so.1&path=//usr/lib64 HTTP/1.1" 200 626 "-" "Mozilla/5.0 (compatible; MJ12bot/v1.4.8; http://mj12bot.com/)"
5.135.131.86 - - [12/May/2025:07:50:34 -0400] "GET /Owl-m6ckTZt0.php?action=edit&file=libbabeltrace-ctf-text.so.1.0.0&path=//usr/lib64 HTTP/1.1" 200 629 "-" "Mozilla/5.0 (compatible; MJ12bot/v1.4.8; http://mj12bot.com/)"
5.135.131.86 - - [12/May/2025:07:50:36 -0400] "GET /Owl-m6ckTZt0.php?action=edit&file=libbabeltrace-ctf.so.1&path=//usr/lib64 HTTP/1.1" 200 624 "-" "Mozilla/5.0 (compatible; MJ12bot/v1.4.8; http://mj12bot.com/)"
5.135.131.86 - - [12/May/2025:07:50:39 -0400] "GET /Owl-m6ckTZt0.php?action=edit&file=libbabeltrace-ctf.so.1.0.0&path=//usr/lib64 HTTP/1.1" 200 626 "-" "Mozilla/5.0 (compatible; MJ12bot/v1.4.8; http://mj12bot.com/)"
5.135.131.86 - - [12/May/2025:07:50:42 -0400] "GET /Owl-m6ckTZt0.php?action=edit&file=libbabeltrace-dummy.so.1&path=//usr/lib64 HTTP/1.1" 200 625 "-" "Mozilla/5.0 (compatible; MJ12bot/v1.4.8; http://mj12bot.com/)"
5.135.131.86 - - [12/May/2025:07:50:44 -0400] "GET /Owl-m6ckTZt0.php?action=edit&file=libbabeltrace-dummy.so.1.0.0&path=//usr/lib64 HTTP/1.1" 200 628 "-" "Mozilla/5.0 (compatible; MJ12bot/v1.4.8; http://mj12bot.com/)"
5.135.131.86 - - [12/May/2025:07:50:46 -0400] "GET /Owl-m6ckTZt0.php?action=edit&file=libbabeltrace-lttng-live.so.1&path=//usr/lib64 HTTP/1.1" 200 628 "-" "Mozilla/5.0 (compatible; MJ12bot/v1.4.8; http://mj12bot.com/)"
5.135.131.86 - - [12/May/2025:07:50:48 -0400] "GET /Owl-m6ckTZt0.php?action=edit&file=libbabeltrace-lttng-live.so.1.0.0&path=//usr/lib64 HTTP/1.1" 200 631 "-" "Mozilla/5.0 (compatible; MJ12bot/v1.4.8; http://mj12bot.com/)"
5.135.131.86 - - [12/May/2025:07:50:50 -0400] "GET /Owl-m6ckTZt0.php?action=edit&file=libbabeltrace.so.1&path=//usr/lib64 HTTP/1.1" 200 620 "-" "Mozilla/5.0 (compatible; MJ12bot/v1.4.8; http://mj12bot.com/)"
5.135.131.86 - - [12/May/2025:07:50:53 -0400] "GET /Owl-m6ckTZt0.php?action=edit&file=libbabeltrace.so.1.0.0&path=//usr/lib64 HTTP/1.1" 200 624 "-" "Mozilla/5.0 (compatible; MJ12bot/v1.4.8; http://mj12bot.com/)"
5.135.131.86 - - [12/May/2025:07:50:55 -0400] "GET /Owl-m6ckTZt0.php?action=edit&file=libbasicobjects.so.0&path=//usr/lib64 HTTP/1.1" 200 623 "-" "Mozilla/5.0 (compatible; MJ12bot/v1.4.8; http://mj12bot.com/)"
5.135.131.86 - - [12/May/2025:07:50:57 -0400] "GET /Owl-m6ckTZt0.php?action=edit&file=libbasicobjects.so.0.1.0&path=//usr/lib64 HTTP/1.1" 200 626 "-" "Mozilla/5.0 (compatible; MJ12bot/v1.4.8; http://mj12bot.com/)"
5.135.131.86 - - [12/May/2025:07:51:00 -0400] "GET /Owl-m6ckTZt0.php?action=edit&file=libbfd-2.30-125.el8_10.so&path=//usr/lib64 HTTP/1.1" 200 628 "-" "Mozilla/5.0 (compatible; MJ12bot/v1.4.8; http://mj12bot.com/)"
5.135.131.86 - - [12/May/2025:07:51:02 -0400] "GET /Owl-m6ckTZt0.php?action=edit&file=libbind9.so&path=//usr/lib64 HTTP/1.1" 200 616 "-" "Mozilla/5.0 (compatible; MJ12bot/v1.4.8; http://mj12bot.com/)"
5.135.131.86 - - [12/May/2025:07:51:04 -0400] "GET /Owl-m6ckTZt0.php?action=edit&file=libbind9.so.161&path=//usr/lib64 HTTP/1.1" 200 620 "-" "Mozilla/5.0 (compatible; MJ12bot/v1.4.8; http://mj12bot.com/)"
5.135.131.86 - - [12/May/2025:07:51:07 -0400] "GET /Owl-m6ckTZt0.php?action=edit&file=libbind9.so.161.0.4&path=//usr/lib64 HTTP/1.1" 200 623 "-" "Mozilla/5.0 (compatible; MJ12bot/v1.4.8; http://mj12bot.com/)"
5.135.131.86 - - [12/May/2025:07:51:08 -0400] "GET /Owl-m6ckTZt0.php?action=edit&file=libblkid.so.1&path=//usr/lib64 HTTP/1.1" 200 618 "-" "Mozilla/5.0 (compatible; MJ12bot/v1.4.8; http://mj12bot.com/)"
5.135.131.86 - - [12/May/2025:07:51:12 -0400] "GET /Owl-m6ckTZt0.php?action=edit&file=libblkid.so.1.1.0&path=//usr/lib64 HTTP/1.1" 200 620 "-" "Mozilla/5.0 (compatible; MJ12bot/v1.4.8; http://mj12bot.com/)"
5.135.131.86 - - [12/May/2025:07:51:15 -0400] "GET /Owl-m6ckTZt0.php?action=edit&file=libbnxt_re-rdmav34.so&path=//lib64/libibverbs HTTP/1.1" 200 624 "-" "Mozilla/5.0 (compatible; MJ12bot/v1.4.8; http://mj12bot.com/)"
5.135.131.86 - - [12/May/2025:07:51:18 -0400] "GET /Owl-m6ckTZt0.php?action=edit&file=libboost_program_options.so.1.66.0&path=//usr/lib64 HTTP/1.1" 200 633 "-" "Mozilla/5.0 (compatible; MJ12bot/v1.4.8; http://mj12bot.com/)"
5.135.131.86 - - [12/May/2025:07:51:19 -0400] "GET /Owl-m6ckTZt0.php?action=edit&file=libboost_serialization.so.1.66.0&path=//usr/lib64 HTTP/1.1" 200 631 "-" "Mozilla/5.0 (compatible; MJ12bot/v1.4.8; http://mj12bot.com/)"
5.135.131.86 - - [12/May/2025:07:51:22 -0400] "GET /Owl-m6ckTZt0.php?action=edit&file=libboost_wserialization.so.1.66.0&path=//usr/lib64 HTTP/1.1" 200 632 "-" "Mozilla/5.0 (compatible; MJ12bot/v1.4.8; http://mj12bot.com/)"
5.135.131.86 - - [12/May/2025:07:51:24 -0400] "GET /Owl-m6ckTZt0.php?action=edit&file=libbpf.so.0&path=//usr/lib64 HTTP/1.1" 200 616 "-" "Mozilla/5.0 (compatible; MJ12bot/v1.4.8; http://mj12bot.com/)"
5.135.131.86 - - [12/May/2025:07:51:26 -0400] "GET /Owl-m6ckTZt0.php?action=edit&file=libbpf.so.0.5.0&path=//usr/lib64 HTTP/1.1" 200 619 "-" "Mozilla/5.0 (compatible; MJ12bot/v1.4.8; http://mj12bot.com/)"
5.135.131.86 - - [12/May/2025:07:51:29 -0400] "GET /Owl-m6ckTZt0.php?action=edit&file=libbrotlicommon.so.1&path=//usr/lib64 HTTP/1.1" 200 622 "-" "Mozilla/5.0 (compatible; MJ12bot/v1.4.8; http://mj12bot.com/)"
5.135.131.86 - - [12/May/2025:07:51:31 -0400] "GET /Owl-m6ckTZt0.php?action=edit&file=libbrotlicommon.so.1.0.6&path=//usr/lib64 HTTP/1.1" 200 626 "-" "Mozilla/5.0 (compatible; MJ12bot/v1.4.8; http://mj12bot.com/)"
5.135.131.86 - - [12/May/2025:07:51:33 -0400] "GET /Owl-m6ckTZt0.php?action=edit&file=libbrotlidec.so.1&path=//usr/lib64 HTTP/1.1" 200 619 "-" "Mozilla/5.0 (compatible; MJ12bot/v1.4.8; http://mj12bot.com/)"
5.135.131.86 - - [12/May/2025:07:51:35 -0400] "GET /Owl-m6ckTZt0.php?action=edit&file=libbrotlidec.so.1.0.6&path=//usr/lib64 HTTP/1.1" 200 624 "-" "Mozilla/5.0 (compatible; MJ12bot/v1.4.8; http://mj12bot.com/)"
5.135.131.86 - - [12/May/2025:07:51:38 -0400] "GET /Owl-m6ckTZt0.php?action=edit&file=libbrotlienc.so.1&path=//usr/lib64 HTTP/1.1" 200 620 "-" "Mozilla/5.0 (compatible; MJ12bot/v1.4.8; http://mj12bot.com/)"
5.135.131.86 - - [12/May/2025:07:51:40 -0400] "GET /Owl-m6ckTZt0.php?action=edit&file=libbrotlienc.so.1.0.6&path=//usr/lib64 HTTP/1.1" 200 624 "-" "Mozilla/5.0 (compatible; MJ12bot/v1.4.8; http://mj12bot.com/)"
5.135.131.86 - - [12/May/2025:07:51:43 -0400] "GET /Owl-m6ckTZt0.php?action=edit&file=libbsock.so&path=//usr/lib64 HTTP/1.1" 200 616 "-" "Mozilla/5.0 (compatible; MJ12bot/v1.4.8; http://mj12bot.com/)"
5.135.131.86 - - [12/May/2025:07:51:45 -0400] "GET /Owl-m6ckTZt0.php?action=edit&file=libbsock_preload.so&path=//usr/lib64 HTTP/1.1" 200 622 "-" "Mozilla/5.0 (compatible; MJ12bot/v1.4.8; http://mj12bot.com/)"
5.135.131.86 - - [12/May/2025:07:51:47 -0400] "GET /Owl-m6ckTZt0.php?action=edit&file=libbz2.so&path=//usr/lib64 HTTP/1.1" 200 615 "-" "Mozilla/5.0 (compatible; MJ12bot/v1.4.8; http://mj12bot.com/)"
5.135.131.86 - - [12/May/2025:07:51:50 -0400] "GET /Owl-m6ckTZt0.php?action=edit&file=libbz2.so.1&path=//usr/lib64 HTTP/1.1" 200 617 "-" "Mozilla/5.0 (compatible; MJ12bot/v1.4.8; http://mj12bot.com/)"
5.135.131.86 - - [12/May/2025:07:51:52 -0400] "GET /Owl-m6ckTZt0.php?action=edit&file=libbz2.so.1.0.6&path=//usr/lib64 HTTP/1.1" 200 620 "-" "Mozilla/5.0 (compatible; MJ12bot/v1.4.8; http://mj12bot.com/)"
5.135.131.86 - - [12/May/2025:07:51:54 -0400] "GET /Owl-m6ckTZt0.php?action=edit&file=libc-2.28.so&path=//usr/lib64 HTTP/1.1" 200 617 "-" "Mozilla/5.0 (compatible; MJ12bot/v1.4.8; http://mj12bot.com/)"
5.135.131.86 - - [12/May/2025:07:51:57 -0400] "GET /Owl-m6ckTZt0.php?action=edit&file=libc.so&path=//usr/lib64 HTTP/1.1" 200 773 "-" "Mozilla/5.0 (compatible; MJ12bot/v1.4.8; http://mj12bot.com/)"
5.135.131.86 - - [12/May/2025:07:51:59 -0400] "GET /Owl-m6ckTZt0.php?action=edit&file=libc.so.6&path=//usr/lib64 HTTP/1.1" 200 615 "-" "Mozilla/5.0 (compatible; MJ12bot/v1.4.8; http://mj12bot.com/)"
5.135.131.86 - - [12/May/2025:07:52:01 -0400] "GET /Owl-m6ckTZt0.php?action=edit&file=libc_nonshared.a&path=//usr/lib64 HTTP/1.1" 200 619 "-" "Mozilla/5.0 (compatible; MJ12bot/v1.4.8; http://mj12bot.com/)"
5.135.131.86 - - [12/May/2025:07:52:03 -0400] "GET /Owl-m6ckTZt0.php?action=edit&file=libcairo-script-interpreter.so.2&path=//usr/lib64 HTTP/1.1" 200 629 "-" "Mozilla/5.0 (compatible; MJ12bot/v1.4.8; http://mj12bot.com/)"
5.135.131.86 - - [12/May/2025:07:52:05 -0400] "GET /Owl-m6ckTZt0.php?action=edit&file=libcairo-script-interpreter.so.2.11512.0&path=//usr/lib64 HTTP/1.1" 200 636 "-" "Mozilla/5.0 (compatible; MJ12bot/v1.4.8; http://mj12bot.com/)"
5.135.131.86 - - [12/May/2025:07:52:07 -0400] "GET /Owl-m6ckTZt0.php?action=edit&file=libcairo.so.2&path=//usr/lib64 HTTP/1.1" 200 617 "-" "Mozilla/5.0 (compatible; MJ12bot/v1.4.8; http://mj12bot.com/)"
5.135.131.86 - - [12/May/2025:07:52:10 -0400] "GET /Owl-m6ckTZt0.php?action=edit&file=libcairo.so.2.11512.0&path=//usr/lib64 HTTP/1.1" 200 624 "-" "Mozilla/5.0 (compatible; MJ12bot/v1.4.8; http://mj12bot.com/)"
5.135.131.86 - - [12/May/2025:07:52:12 -0400] "GET /Owl-m6ckTZt0.php?action=edit&file=libcap-ng.so.0&path=//usr/lib64 HTTP/1.1" 200 618 "-" "Mozilla/5.0 (compatible; MJ12bot/v1.4.8; http://mj12bot.com/)"
5.135.131.86 - - [12/May/2025:07:52:16 -0400] "GET /Owl-m6ckTZt0.php?action=edit&file=libcap-ng.so.0.0.0&path=//usr/lib64 HTTP/1.1" 200 619 "-" "Mozilla/5.0 (compatible; MJ12bot/v1.4.8; http://mj12bot.com/)"
5.135.131.86 - - [12/May/2025:07:52:18 -0400] "GET /Owl-m6ckTZt0.php?action=edit&file=libcap.pc&path=//lib64/pkgconfig HTTP/1.1" 200 732 "-" "Mozilla/5.0 (compatible; MJ12bot/v1.4.8; http://mj12bot.com/)"
5.135.131.86 - - [12/May/2025:07:52:20 -0400] "GET /Owl-m6ckTZt0.php?action=edit&file=libcap.so&path=//usr/lib64 HTTP/1.1" 200 614 "-" "Mozilla/5.0 (compatible; MJ12bot/v1.4.8; http://mj12bot.com/)"
5.135.131.86 - - [12/May/2025:07:52:22 -0400] "GET /Owl-m6ckTZt0.php?action=edit&file=libcap.so.2&path=//usr/lib64 HTTP/1.1" 200 616 "-" "Mozilla/5.0 (compatible; MJ12bot/v1.4.8; http://mj12bot.com/)"
5.135.131.86 - - [12/May/2025:07:52:24 -0400] "GET /Owl-m6ckTZt0.php?action=edit&file=libcap.so.2.48&path=//usr/lib64 HTTP/1.1" 200 619 "-" "Mozilla/5.0 (compatible; MJ12bot/v1.4.8; http://mj12bot.com/)"
5.135.131.86 - - [12/May/2025:07:52:26 -0400] "GET /Owl-m6ckTZt0.php?action=edit&file=libcares.so.2&path=//usr/lib64 HTTP/1.1" 200 617 "-" "Mozilla/5.0 (compatible; MJ12bot/v1.4.8; http://mj12bot.com/)"
5.135.131.86 - - [12/May/2025:07:52:29 -0400] "GET /Owl-m6ckTZt0.php?action=edit&file=libcares.so.2.2.0&path=//usr/lib64 HTTP/1.1" 200 619 "-" "Mozilla/5.0 (compatible; MJ12bot/v1.4.8; http://mj12bot.com/)"
5.135.131.86 - - [12/May/2025:07:52:32 -0400] "GET /Owl-m6ckTZt0.php?action=edit&file=libcc1.so&path=//usr/lib64 HTTP/1.1" 200 614 "-" "Mozilla/5.0 (compatible; MJ12bot/v1.4.8; http://mj12bot.com/)"
5.135.131.86 - - [12/May/2025:07:52:35 -0400] "GET /Owl-m6ckTZt0.php?action=edit&file=libcc1.so.0&path=//usr/lib64 HTTP/1.1" 200 616 "-" "Mozilla/5.0 (compatible; MJ12bot/v1.4.8; http://mj12bot.com/)"
5.135.131.86 - - [12/May/2025:07:52:37 -0400] "GET /Owl-m6ckTZt0.php?action=edit&file=libcc1.so.0.0.0&path=//usr/lib64 HTTP/1.1" 200 617 "-" "Mozilla/5.0 (compatible; MJ12bot/v1.4.8; http://mj12bot.com/)"
5.135.131.86 - - [12/May/2025:07:52:41 -0400] "GET /Owl-m6ckTZt0.php?action=edit&file=libcdt.so.5&path=//usr/lib64 HTTP/1.1" 200 616 "-" "Mozilla/5.0 (compatible; MJ12bot/v1.4.8; http://mj12bot.com/)"
5.135.131.86 - - [12/May/2025:07:52:43 -0400] "GET /Owl-m6ckTZt0.php?action=edit&file=libcdt.so.5.0.0&path=//usr/lib64 HTTP/1.1" 200 619 "-" "Mozilla/5.0 (compatible; MJ12bot/v1.4.8; http://mj12bot.com/)"
5.135.131.86 - - [12/May/2025:07:52:45 -0400] "GET /Owl-m6ckTZt0.php?action=edit&file=libcgraph.so.6&path=//usr/lib64 HTTP/1.1" 200 619 "-" "Mozilla/5.0 (compatible; MJ12bot/v1.4.8; http://mj12bot.com/)"
5.135.131.86 - - [12/May/2025:07:52:47 -0400] "GET /Owl-m6ckTZt0.php?action=edit&file=libcgraph.so.6.0.0&path=//usr/lib64 HTTP/1.1" 200 622 "-" "Mozilla/5.0 (compatible; MJ12bot/v1.4.8; http://mj12bot.com/)"
110.40.186.63 - - [12/May/2025:09:15:36 -0400] "GET / HTTP/1.1" 200 806 "-" "Mozilla/5.0 (iPhone; CPU iPhone OS 13_2_3 like Mac OS X) AppleWebKit/605.1.15 (KHTML, like Gecko) Version/13.0.3 Mobile/15E148 Safari/604.1"
37.187.94.3 - - [12/May/2025:09:52:34 -0400] "GET /robots.txt HTTP/1.1" 404 - "-" "Mozilla/5.0 (compatible; MJ12bot/v1.4.8; http://mj12bot.com/)"
37.187.94.3 - - [12/May/2025:09:52:36 -0400] "GET /Owl-m6ckTZt0.php?action=edit&file=libcmtredfish.so.22.01.01&path=//lib64/dsulib HTTP/1.1" 200 626 "-" "Mozilla/5.0 (compatible; MJ12bot/v1.4.8; http://mj12bot.com/)"
37.187.94.3 - - [12/May/2025:09:52:38 -0400] "GET /Owl-m6ckTZt0.php?action=edit&file=libcollection.so.4&path=//usr/lib64 HTTP/1.1" 200 620 "-" "Mozilla/5.0 (compatible; MJ12bot/v1.4.8; http://mj12bot.com/)"
37.187.94.3 - - [12/May/2025:09:52:39 -0400] "GET /Owl-m6ckTZt0.php?action=edit&file=libcollection.so.4.1.1&path=//usr/lib64 HTTP/1.1" 200 623 "-" "Mozilla/5.0 (compatible; MJ12bot/v1.4.8; http://mj12bot.com/)"
37.187.94.3 - - [12/May/2025:09:52:41 -0400] "GET /Owl-m6ckTZt0.php?action=edit&file=libcom_err.so&path=//usr/lib64 HTTP/1.1" 200 617 "-" "Mozilla/5.0 (compatible; MJ12bot/v1.4.8; http://mj12bot.com/)"
37.187.94.3 - - [12/May/2025:09:52:43 -0400] "GET /Owl-m6ckTZt0.php?action=edit&file=libcom_err.so.2&path=//usr/lib64 HTTP/1.1" 200 619 "-" "Mozilla/5.0 (compatible; MJ12bot/v1.4.8; http://mj12bot.com/)"
37.187.94.3 - - [12/May/2025:09:52:44 -0400] "GET /Owl-m6ckTZt0.php?action=edit&file=libcom_err.so.2.1&path=//usr/lib64 HTTP/1.1" 200 621 "-" "Mozilla/5.0 (compatible; MJ12bot/v1.4.8; http://mj12bot.com/)"
37.187.94.3 - - [12/May/2025:09:52:46 -0400] "GET /Owl-m6ckTZt0.php?action=edit&file=libcomps.so.0&path=//usr/lib64 HTTP/1.1" 200 617 "-" "Mozilla/5.0 (compatible; MJ12bot/v1.4.8; http://mj12bot.com/)"
37.187.94.3 - - [12/May/2025:09:52:48 -0400] "GET /Owl-m6ckTZt0.php?action=edit&file=libcord.so.1&path=//usr/lib64 HTTP/1.1" 200 616 "-" "Mozilla/5.0 (compatible; MJ12bot/v1.4.8; http://mj12bot.com/)"
37.187.94.3 - - [12/May/2025:09:52:49 -0400] "GET /Owl-m6ckTZt0.php?action=edit&file=libcord.so.1.3.0&path=//usr/lib64 HTTP/1.1" 200 620 "-" "Mozilla/5.0 (compatible; MJ12bot/v1.4.8; http://mj12bot.com/)"
37.187.94.3 - - [12/May/2025:09:52:51 -0400] "GET /Owl-m6ckTZt0.php?action=edit&file=libcpupower.so.0&path=//usr/lib64 HTTP/1.1" 200 619 "-" "Mozilla/5.0 (compatible; MJ12bot/v1.4.8; http://mj12bot.com/)"
37.187.94.3 - - [12/May/2025:09:52:52 -0400] "GET /Owl-m6ckTZt0.php?action=edit&file=libcpupower.so.0.0.1&path=//usr/lib64 HTTP/1.1" 200 622 "-" "Mozilla/5.0 (compatible; MJ12bot/v1.4.8; http://mj12bot.com/)"
37.187.94.3 - - [12/May/2025:09:52:54 -0400] "GET /Owl-m6ckTZt0.php?action=edit&file=libcrack.so.2&path=//usr/lib64 HTTP/1.1" 200 617 "-" "Mozilla/5.0 (compatible; MJ12bot/v1.4.8; http://mj12bot.com/)"
173.249.21.6 - - [12/May/2025:09:52:54 -0400] "GET /robots.txt HTTP/1.1" 404 - "-" "Mozilla/5.0 (compatible; MJ12bot/v1.4.8; http://mj12bot.com/)"
37.187.94.3 - - [12/May/2025:09:52:56 -0400] "GET /Owl-m6ckTZt0.php?action=edit&file=libcrack.so.2.9.0&path=//usr/lib64 HTTP/1.1" 200 621 "-" "Mozilla/5.0 (compatible; MJ12bot/v1.4.8; http://mj12bot.com/)"
37.187.94.3 - - [12/May/2025:09:52:57 -0400] "GET /Owl-m6ckTZt0.php?action=edit&file=libcriu.a&path=//usr/lib64 HTTP/1.1" 200 614 "-" "Mozilla/5.0 (compatible; MJ12bot/v1.4.8; http://mj12bot.com/)"
173.249.21.6 - - [12/May/2025:09:52:58 -0400] "GET /Owl-m6ckTZt0.php?action=edit&file=iwlwifi-Qu-c0-hr-b0-50.ucode&path=//lib/firmware HTTP/1.1" 200 628 "-" "Mozilla/5.0 (compatible; MJ12bot/v1.4.8; http://mj12bot.com/)"
37.187.94.3 - - [12/May/2025:09:52:59 -0400] "GET /Owl-m6ckTZt0.php?action=edit&file=libcriu.so&path=//usr/lib64 HTTP/1.1" 200 615 "-" "Mozilla/5.0 (compatible; MJ12bot/v1.4.8; http://mj12bot.com/)"
37.187.94.3 - - [12/May/2025:09:53:01 -0400] "GET /Owl-m6ckTZt0.php?action=edit&file=libcriu.so.1&path=//usr/lib64 HTTP/1.1" 200 617 "-" "Mozilla/5.0 (compatible; MJ12bot/v1.4.8; http://mj12bot.com/)"
149.202.65.183 - - [12/May/2025:09:53:01 -0400] "GET /robots.txt HTTP/1.1" 404 - "-" "Mozilla/5.0 (compatible; MJ12bot/v1.4.8; http://mj12bot.com/)"
37.187.94.3 - - [12/May/2025:09:53:02 -0400] "GET /Owl-m6ckTZt0.php?action=edit&file=libcriu.so.1.0&path=//usr/lib64 HTTP/1.1" 200 618 "-" "Mozilla/5.0 (compatible; MJ12bot/v1.4.8; http://mj12bot.com/)"
173.249.21.6 - - [12/May/2025:09:53:03 -0400] "GET /Owl-m6ckTZt0.php?action=edit&file=iwlwifi-Qu-c0-hr-b0-59.ucode&path=//lib/firmware HTTP/1.1" 200 628 "-" "Mozilla/5.0 (compatible; MJ12bot/v1.4.8; http://mj12bot.com/)"
149.202.65.183 - - [12/May/2025:09:53:03 -0400] "GET /Owl-m6ckTZt0.php?action=edit&file=awstats122024.uzmaspiritualcounseling.com.txt&path=/home/uzmaspiritualcou/tmp/awstats HTTP/1.1" 200 3673 "-" "Mozilla/5.0 (compatible; MJ12bot/v1.4.8; http://mj12bot.com/)"
37.187.94.3 - - [12/May/2025:09:53:04 -0400] "GET /Owl-m6ckTZt0.php?action=edit&file=libcroco-0.6.so.3&path=//usr/lib64 HTTP/1.1" 200 621 "-" "Mozilla/5.0 (compatible; MJ12bot/v1.4.8; http://mj12bot.com/)"
37.187.94.3 - - [12/May/2025:09:53:06 -0400] "GET /Owl-m6ckTZt0.php?action=edit&file=libcroco-0.6.so.3.0.1&path=//usr/lib64 HTTP/1.1" 200 624 "-" "Mozilla/5.0 (compatible; MJ12bot/v1.4.8; http://mj12bot.com/)"
37.187.94.3 - - [12/May/2025:09:53:07 -0400] "GET /Owl-m6ckTZt0.php?action=edit&file=libcrypt.pc&path=//lib64/pkgconfig HTTP/1.1" 200 784 "-" "Mozilla/5.0 (compatible; MJ12bot/v1.4.8; http://mj12bot.com/)"
37.187.94.3 - - [12/May/2025:09:53:09 -0400] "GET /Owl-m6ckTZt0.php?action=edit&file=libcrypt.so&path=//usr/lib64 HTTP/1.1" 200 616 "-" "Mozilla/5.0 (compatible; MJ12bot/v1.4.8; http://mj12bot.com/)"
37.187.94.3 - - [12/May/2025:09:53:11 -0400] "GET /Owl-m6ckTZt0.php?action=edit&file=libcrypt.so.1&path=//usr/lib64 HTTP/1.1" 200 617 "-" "Mozilla/5.0 (compatible; MJ12bot/v1.4.8; http://mj12bot.com/)"
173.249.21.6 - - [12/May/2025:09:53:11 -0400] "GET /Owl-m6ckTZt0.php?action=edit&file=iwlwifi-Qu-c0-hr-b0-66.ucode&path=//lib/firmware HTTP/1.1" 200 629 "-" "Mozilla/5.0 (compatible; MJ12bot/v1.4.8; http://mj12bot.com/)"
149.202.65.183 - - [12/May/2025:09:53:11 -0400] "GET /Owl-m6ckTZt0.php?action=edit&file=gettext.py&path=//lib64/python2.7 HTTP/1.1" 200 7037 "-" "Mozilla/5.0 (compatible; MJ12bot/v1.4.8; http://mj12bot.com/)"
37.187.94.3 - - [12/May/2025:09:53:13 -0400] "GET /Owl-m6ckTZt0.php?action=edit&file=libcrypt.so.1.1.0&path=//usr/lib64 HTTP/1.1" 200 619 "-" "Mozilla/5.0 (compatible; MJ12bot/v1.4.8; http://mj12bot.com/)"
149.202.65.183 - - [12/May/2025:09:53:13 -0400] "GET /Owl-m6ckTZt0.php?action=edit&file=gettext.py&path=//lib64/python3.8 HTTP/1.1" 200 7682 "-" "Mozilla/5.0 (compatible; MJ12bot/v1.4.8; http://mj12bot.com/)"
37.187.94.3 - - [12/May/2025:09:53:15 -0400] "GET /Owl-m6ckTZt0.php?action=edit&file=libcrypto.pc&path=//lib64/pkgconfig HTTP/1.1" 200 771 "-" "Mozilla/5.0 (compatible; MJ12bot/v1.4.8; http://mj12bot.com/)"
149.202.65.183 - - [12/May/2025:09:53:15 -0400] "GET /Owl-m6ckTZt0.php?action=edit&file=gettext.pyc&path=//lib64/python2.7 HTTP/1.1" 200 614 "-" "Mozilla/5.0 (compatible; MJ12bot/v1.4.8; http://mj12bot.com/)"
173.249.21.6 - - [12/May/2025:09:53:16 -0400] "GET /Owl-m6ckTZt0.php?action=edit&file=iwlwifi-Qu-c0-hr-b0-72.ucode&path=//lib/firmware HTTP/1.1" 200 628 "-" "Mozilla/5.0 (compatible; MJ12bot/v1.4.8; http://mj12bot.com/)"
37.187.94.3 - - [12/May/2025:09:53:16 -0400] "GET /Owl-m6ckTZt0.php?action=edit&file=libcrypto.so&path=//usr/lib64 HTTP/1.1" 200 616 "-" "Mozilla/5.0 (compatible; MJ12bot/v1.4.8; http://mj12bot.com/)"
149.202.65.183 - - [12/May/2025:09:53:17 -0400] "GET /Owl-m6ckTZt0.php?action=edit&file=gettext.pyo&path=//lib64/python2.7 HTTP/1.1" 200 614 "-" "Mozilla/5.0 (compatible; MJ12bot/v1.4.8; http://mj12bot.com/)"
37.187.94.3 - - [12/May/2025:09:53:18 -0400] "GET /Owl-m6ckTZt0.php?action=edit&file=libcrypto.so.1.0.2o&path=//usr/lib64 HTTP/1.1" 200 622 "-" "Mozilla/5.0 (compatible; MJ12bot/v1.4.8; http://mj12bot.com/)"
149.202.65.183 - - [12/May/2025:09:53:19 -0400] "GET /Owl-m6ckTZt0.php?action=edit&file=ghostscript&path=//usr/bin HTTP/1.1" 200 615 "-" "Mozilla/5.0 (compatible; MJ12bot/v1.4.8; http://mj12bot.com/)"
37.187.94.3 - - [12/May/2025:09:53:20 -0400] "GET /Owl-m6ckTZt0.php?action=edit&file=libcrypto.so.1.1&path=//usr/lib64 HTTP/1.1" 200 620 "-" "Mozilla/5.0 (compatible; MJ12bot/v1.4.8; http://mj12bot.com/)"
173.249.21.6 - - [12/May/2025:09:53:20 -0400] "GET /Owl-m6ckTZt0.php?action=edit&file=iwlwifi-Qu-c0-hr-b0-73.ucode&path=//lib/firmware HTTP/1.1" 200 628 "-" "Mozilla/5.0 (compatible; MJ12bot/v1.4.8; http://mj12bot.com/)"
149.202.65.183 - - [12/May/2025:09:53:20 -0400] "GET /Owl-m6ckTZt0.php?action=edit&file=gid_map&path=//proc/self HTTP/1.1" 200 630 "-" "Mozilla/5.0 (compatible; MJ12bot/v1.4.8; http://mj12bot.com/)"
37.187.94.3 - - [12/May/2025:09:53:22 -0400] "GET /Owl-m6ckTZt0.php?action=edit&file=libcrypto.so.1.1.1k&path=//usr/lib64 HTTP/1.1" 200 621 "-" "Mozilla/5.0 (compatible; MJ12bot/v1.4.8; http://mj12bot.com/)"
149.202.65.183 - - [12/May/2025:09:53:22 -0400] "GET /Owl-m6ckTZt0.php?action=edit&file=gid_map&path=//proc/thread-self HTTP/1.1" 200 630 "-" "Mozilla/5.0 (compatible; MJ12bot/v1.4.8; http://mj12bot.com/)"
37.187.94.3 - - [12/May/2025:09:53:23 -0400] "GET /Owl-m6ckTZt0.php?action=edit&file=libcrypto.so.10&path=//usr/lib64 HTTP/1.1" 200 619 "-" "Mozilla/5.0 (compatible; MJ12bot/v1.4.8; http://mj12bot.com/)"
149.202.65.183 - - [12/May/2025:09:53:24 -0400] "GET /Owl-m6ckTZt0.php?action=edit&file=git&path=//usr/bin HTTP/1.1" 200 610 "-" "Mozilla/5.0 (compatible; MJ12bot/v1.4.8; http://mj12bot.com/)"
37.187.94.3 - - [12/May/2025:09:53:25 -0400] "GET /Owl-m6ckTZt0.php?action=edit&file=libcryptsetup.so.12&path=//usr/lib64 HTTP/1.1" 200 622 "-" "Mozilla/5.0 (compatible; MJ12bot/v1.4.8; http://mj12bot.com/)"
149.202.65.183 - - [12/May/2025:09:53:26 -0400] "GET /Owl-m6ckTZt0.php?action=edit&file=git-receive-pack&path=//usr/bin HTTP/1.1" 200 617 "-" "Mozilla/5.0 (compatible; MJ12bot/v1.4.8; http://mj12bot.com/)"
37.187.94.3 - - [12/May/2025:09:53:27 -0400] "GET /Owl-m6ckTZt0.php?action=edit&file=libcryptsetup.so.12.6.0&path=//usr/lib64 HTTP/1.1" 200 626 "-" "Mozilla/5.0 (compatible; MJ12bot/v1.4.8; http://mj12bot.com/)"
149.202.65.183 - - [12/May/2025:09:53:27 -0400] "GET /Owl-m6ckTZt0.php?action=edit&file=git-shell&path=//usr/bin HTTP/1.1" 200 613 "-" "Mozilla/5.0 (compatible; MJ12bot/v1.4.8; http://mj12bot.com/)"
37.187.94.3 - - [12/May/2025:09:53:29 -0400] "GET /Owl-m6ckTZt0.php?action=edit&file=libcups.so.2&path=//usr/lib64 HTTP/1.1" 200 617 "-" "Mozilla/5.0 (compatible; MJ12bot/v1.4.8; http://mj12bot.com/)"
173.249.21.6 - - [12/May/2025:09:53:29 -0400] "GET /Owl-m6ckTZt0.php?action=edit&file=iwlwifi-Qu-c0-hr-b0-74.ucode&path=//lib/firmware HTTP/1.1" 200 629 "-" "Mozilla/5.0 (compatible; MJ12bot/v1.4.8; http://mj12bot.com/)"
149.202.65.183 - - [12/May/2025:09:53:29 -0400] "GET /Owl-m6ckTZt0.php?action=edit&file=git-upload-archive&path=//usr/bin HTTP/1.1" 200 619 "-" "Mozilla/5.0 (compatible; MJ12bot/v1.4.8; http://mj12bot.com/)"
37.187.94.3 - - [12/May/2025:09:53:30 -0400] "GET /Owl-m6ckTZt0.php?action=edit&file=libcupscgi.so.1&path=//usr/lib64 HTTP/1.1" 200 619 "-" "Mozilla/5.0 (compatible; MJ12bot/v1.4.8; http://mj12bot.com/)"
149.202.65.183 - - [12/May/2025:09:53:31 -0400] "GET /Owl-m6ckTZt0.php?action=edit&file=git-upload-pack&path=//usr/bin HTTP/1.1" 200 617 "-" "Mozilla/5.0 (compatible; MJ12bot/v1.4.8; http://mj12bot.com/)"
37.187.94.3 - - [12/May/2025:09:53:32 -0400] "GET /Owl-m6ckTZt0.php?action=edit&file=libcupsimage.so.2&path=//usr/lib64 HTTP/1.1" 200 620 "-" "Mozilla/5.0 (compatible; MJ12bot/v1.4.8; http://mj12bot.com/)"
173.249.21.6 - - [12/May/2025:09:53:34 -0400] "GET /Owl-m6ckTZt0.php?action=edit&file=iwlwifi-Qu-c0-hr-b0-77.ucode&path=//lib/firmware HTTP/1.1" 200 629 "-" "Mozilla/5.0 (compatible; MJ12bot/v1.4.8; http://mj12bot.com/)"
37.187.94.3 - - [12/May/2025:09:53:34 -0400] "GET /Owl-m6ckTZt0.php?action=edit&file=libcupsmime.so.1&path=//usr/lib64 HTTP/1.1" 200 619 "-" "Mozilla/5.0 (compatible; MJ12bot/v1.4.8; http://mj12bot.com/)"
37.187.94.3 - - [12/May/2025:09:53:36 -0400] "GET /Owl-m6ckTZt0.php?action=edit&file=libcupsppdc.so.1&path=//usr/lib64 HTTP/1.1" 200 620 "-" "Mozilla/5.0 (compatible; MJ12bot/v1.4.8; http://mj12bot.com/)"
37.187.94.3 - - [12/May/2025:09:53:37 -0400] "GET /Owl-m6ckTZt0.php?action=edit&file=libcurl.pc&path=//lib64/pkgconfig HTTP/1.1" 200 2030 "-" "Mozilla/5.0 (compatible; MJ12bot/v1.4.8; http://mj12bot.com/)"
149.202.65.183 - - [12/May/2025:09:53:38 -0400] "GET /Owl-m6ckTZt0.php?action=edit&file=glob.h&path=//usr/include HTTP/1.1" 200 2902 "-" "Mozilla/5.0 (compatible; MJ12bot/v1.4.8; http://mj12bot.com/)"
37.187.94.3 - - [12/May/2025:09:53:39 -0400] "GET /Owl-m6ckTZt0.php?action=edit&file=libcurl.so&path=//usr/lib64 HTTP/1.1" 200 614 "-" "Mozilla/5.0 (compatible; MJ12bot/v1.4.8; http://mj12bot.com/)"
173.249.21.6 - - [12/May/2025:09:53:40 -0400] "GET /Owl-m6ckTZt0.php?action=edit&file=iwlwifi-Qu-c0-jf-b0-50.ucode&path=//lib/firmware HTTP/1.1" 200 629 "-" "Mozilla/5.0 (compatible; MJ12bot/v1.4.8; http://mj12bot.com/)"
37.187.94.3 - - [12/May/2025:09:53:41 -0400] "GET /Owl-m6ckTZt0.php?action=edit&file=libcurl.so.4&path=//usr/lib64 HTTP/1.1" 200 617 "-" "Mozilla/5.0 (compatible; MJ12bot/v1.4.8; http://mj12bot.com/)"
37.187.94.3 - - [12/May/2025:09:53:43 -0400] "GET /Owl-m6ckTZt0.php?action=edit&file=libcurl.so.4.5.0&path=//usr/lib64 HTTP/1.1" 200 620 "-" "Mozilla/5.0 (compatible; MJ12bot/v1.4.8; http://mj12bot.com/)"
173.249.21.6 - - [12/May/2025:09:53:44 -0400] "GET /Owl-m6ckTZt0.php?action=edit&file=iwlwifi-Qu-c0-jf-b0-59.ucode&path=//lib/firmware HTTP/1.1" 200 629 "-" "Mozilla/5.0 (compatible; MJ12bot/v1.4.8; http://mj12bot.com/)"
37.187.94.3 - - [12/May/2025:09:53:44 -0400] "GET /Owl-m6ckTZt0.php?action=edit&file=libcurses.so&path=//usr/lib64 HTTP/1.1" 200 631 "-" "Mozilla/5.0 (compatible; MJ12bot/v1.4.8; http://mj12bot.com/)"
37.187.94.3 - - [12/May/2025:09:53:46 -0400] "GET /Owl-m6ckTZt0.php?action=edit&file=libcursesw.so&path=//usr/lib64 HTTP/1.1" 200 631 "-" "Mozilla/5.0 (compatible; MJ12bot/v1.4.8; http://mj12bot.com/)"
173.249.21.6 - - [12/May/2025:09:53:47 -0400] "GET /Owl-m6ckTZt0.php?action=edit&file=iwlwifi-Qu-c0-jf-b0-66.ucode&path=//lib/firmware HTTP/1.1" 200 630 "-" "Mozilla/5.0 (compatible; MJ12bot/v1.4.8; http://mj12bot.com/)"
37.187.94.3 - - [12/May/2025:09:53:48 -0400] "GET /Owl-m6ckTZt0.php?action=edit&file=libcxgb4-rdmav34.so&path=//lib64/libibverbs HTTP/1.1" 200 623 "-" "Mozilla/5.0 (compatible; MJ12bot/v1.4.8; http://mj12bot.com/)"
37.187.94.3 - - [12/May/2025:09:53:49 -0400] "GET /Owl-m6ckTZt0.php?action=edit&file=libdaemon.so.0&path=//usr/lib64 HTTP/1.1" 200 618 "-" "Mozilla/5.0 (compatible; MJ12bot/v1.4.8; http://mj12bot.com/)"
37.187.94.3 - - [12/May/2025:09:53:51 -0400] "GET /Owl-m6ckTZt0.php?action=edit&file=libdaemon.so.0.5.0&path=//usr/lib64 HTTP/1.1" 200 621 "-" "Mozilla/5.0 (compatible; MJ12bot/v1.4.8; http://mj12bot.com/)"
173.249.21.6 - - [12/May/2025:09:53:52 -0400] "GET /Owl-m6ckTZt0.php?action=edit&file=iwlwifi-Qu-c0-jf-b0-72.ucode&path=//lib/firmware HTTP/1.1" 200 629 "-" "Mozilla/5.0 (compatible; MJ12bot/v1.4.8; http://mj12bot.com/)"
37.187.94.3 - - [12/May/2025:09:53:53 -0400] "GET /Owl-m6ckTZt0.php?action=edit&file=libdatrie.so.1&path=//usr/lib64 HTTP/1.1" 200 617 "-" "Mozilla/5.0 (compatible; MJ12bot/v1.4.8; http://mj12bot.com/)"
37.187.94.3 - - [12/May/2025:09:53:54 -0400] "GET /Owl-m6ckTZt0.php?action=edit&file=libdatrie.so.1.3.2&path=//usr/lib64 HTTP/1.1" 200 621 "-" "Mozilla/5.0 (compatible; MJ12bot/v1.4.8; http://mj12bot.com/)"
37.187.94.3 - - [12/May/2025:09:53:56 -0400] "GET /Owl-m6ckTZt0.php?action=edit&file=libdav1d.so.3&path=//usr/lib64 HTTP/1.1" 200 617 "-" "Mozilla/5.0 (compatible; MJ12bot/v1.4.8; http://mj12bot.com/)"
173.249.21.6 - - [12/May/2025:09:53:57 -0400] "GET /Owl-m6ckTZt0.php?action=edit&file=iwlwifi-Qu-c0-jf-b0-73.ucode&path=//lib/firmware HTTP/1.1" 200 629 "-" "Mozilla/5.0 (compatible; MJ12bot/v1.4.8; http://mj12bot.com/)"
37.187.94.3 - - [12/May/2025:09:53:58 -0400] "GET /Owl-m6ckTZt0.php?action=edit&file=libdav1d.so.3.1.0&path=//usr/lib64 HTTP/1.1" 200 620 "-" "Mozilla/5.0 (compatible; MJ12bot/v1.4.8; http://mj12bot.com/)"
37.187.94.3 - - [12/May/2025:09:54:00 -0400] "GET /Owl-m6ckTZt0.php?action=edit&file=libdb-5.3.so&path=//usr/lib64 HTTP/1.1" 200 617 "-" "Mozilla/5.0 (compatible; MJ12bot/v1.4.8; http://mj12bot.com/)"
37.187.94.3 - - [12/May/2025:09:54:02 -0400] "GET /Owl-m6ckTZt0.php?action=edit&file=libdb-5.so&path=//usr/lib64 HTTP/1.1" 200 615 "-" "Mozilla/5.0 (compatible; MJ12bot/v1.4.8; http://mj12bot.com/)"
173.249.21.6 - - [12/May/2025:09:54:03 -0400] "GET /Owl-m6ckTZt0.php?action=edit&file=iwlwifi-Qu-c0-jf-b0-74.ucode&path=//lib/firmware HTTP/1.1" 200 630 "-" "Mozilla/5.0 (compatible; MJ12bot/v1.4.8; http://mj12bot.com/)"
37.187.94.3 - - [12/May/2025:09:54:03 -0400] "GET /Owl-m6ckTZt0.php?action=edit&file=libdb.so&path=//lib64 HTTP/1.1" 200 613 "-" "Mozilla/5.0 (compatible; MJ12bot/v1.4.8; http://mj12bot.com/)"
37.187.94.3 - - [12/May/2025:09:54:05 -0400] "GET /Owl-m6ckTZt0.php?action=edit&file=libdb.so&path=//usr/lib64 HTTP/1.1" 200 613 "-" "Mozilla/5.0 (compatible; MJ12bot/v1.4.8; http://mj12bot.com/)"
173.249.21.6 - - [12/May/2025:09:54:06 -0400] "GET /Owl-m6ckTZt0.php?action=edit&file=iwlwifi-Qu-c0-jf-b0-77.ucode&path=//lib/firmware HTTP/1.1" 200 630 "-" "Mozilla/5.0 (compatible; MJ12bot/v1.4.8; http://mj12bot.com/)"
37.187.94.3 - - [12/May/2025:09:54:06 -0400] "GET /Owl-m6ckTZt0.php?action=edit&file=libdbus-1.so.3&path=//lib64 HTTP/1.1" 200 618 "-" "Mozilla/5.0 (compatible; MJ12bot/v1.4.8; http://mj12bot.com/)"
37.187.94.3 - - [12/May/2025:09:54:08 -0400] "GET /Owl-m6ckTZt0.php?action=edit&file=libdbus-1.so.3&path=//usr/lib64 HTTP/1.1" 200 618 "-" "Mozilla/5.0 (compatible; MJ12bot/v1.4.8; http://mj12bot.com/)"
37.187.94.3 - - [12/May/2025:09:54:10 -0400] "GET /Owl-m6ckTZt0.php?action=edit&file=libdbus-1.so.3.19.7&path=//lib64 HTTP/1.1" 200 623 "-" "Mozilla/5.0 (compatible; MJ12bot/v1.4.8; http://mj12bot.com/)"
173.249.21.6 - - [12/May/2025:09:54:10 -0400] "GET /Owl-m6ckTZt0.php?action=edit&file=iwlwifi-QuZ-a0-hr-b0-50.ucode&path=//lib/firmware HTTP/1.1" 200 629 "-" "Mozilla/5.0 (compatible; MJ12bot/v1.4.8; http://mj12bot.com/)"
37.187.94.3 - - [12/May/2025:09:54:11 -0400] "GET /Owl-m6ckTZt0.php?action=edit&file=libdbus-1.so.3.19.7&path=//usr/lib64 HTTP/1.1" 200 623 "-" "Mozilla/5.0 (compatible; MJ12bot/v1.4.8; http://mj12bot.com/)"
173.249.21.6 - - [12/May/2025:09:54:13 -0400] "GET /Owl-m6ckTZt0.php?action=edit&file=iwlwifi-QuZ-a0-hr-b0-59.ucode&path=//lib/firmware HTTP/1.1" 200 630 "-" "Mozilla/5.0 (compatible; MJ12bot/v1.4.8; http://mj12bot.com/)"
37.187.94.3 - - [12/May/2025:09:54:13 -0400] "GET /Owl-m6ckTZt0.php?action=edit&file=libdbus-glib-1.so.2&path=//lib64 HTTP/1.1" 200 621 "-" "Mozilla/5.0 (compatible; MJ12bot/v1.4.8; http://mj12bot.com/)"
37.187.94.3 - - [12/May/2025:09:54:15 -0400] "GET /Owl-m6ckTZt0.php?action=edit&file=libdbus-glib-1.so.2&path=//usr/lib64 HTTP/1.1" 200 621 "-" "Mozilla/5.0 (compatible; MJ12bot/v1.4.8; http://mj12bot.com/)"
173.249.21.6 - - [12/May/2025:09:54:16 -0400] "GET /Owl-m6ckTZt0.php?action=edit&file=iwlwifi-QuZ-a0-hr-b0-66.ucode&path=//lib/firmware HTTP/1.1" 200 630 "-" "Mozilla/5.0 (compatible; MJ12bot/v1.4.8; http://mj12bot.com/)"
37.187.94.3 - - [12/May/2025:09:54:17 -0400] "GET /Owl-m6ckTZt0.php?action=edit&file=libdbus-glib-1.so.2.3.4&path=//lib64 HTTP/1.1" 200 625 "-" "Mozilla/5.0 (compatible; MJ12bot/v1.4.8; http://mj12bot.com/)"
149.202.65.183 - - [12/May/2025:09:54:17 -0400] "GET /Owl-m6ckTZt0.php?action=edit&file=glob.py&path=//lib64/python2.7 HTTP/1.1" 200 1697 "-" "Mozilla/5.0 (compatible; MJ12bot/v1.4.8; http://mj12bot.com/)"
37.187.94.3 - - [12/May/2025:09:54:18 -0400] "GET /Owl-m6ckTZt0.php?action=edit&file=libdbus-glib-1.so.2.3.4&path=//usr/lib64 HTTP/1.1" 200 625 "-" "Mozilla/5.0 (compatible; MJ12bot/v1.4.8; http://mj12bot.com/)"
149.202.65.183 - - [12/May/2025:09:54:19 -0400] "GET /Owl-m6ckTZt0.php?action=edit&file=glob.py&path=//lib64/python3.6 HTTP/1.1" 200 2268 "-" "Mozilla/5.0 (compatible; MJ12bot/v1.4.8; http://mj12bot.com/)"
54.225.98.148 - - [12/May/2025:09:54:19 -0400] "GET /Owl-m6ckTZt0.php?path=//opt/alt/alt-nodejs8/root/lib/node_modules/npm/node_modules/pumpify/node_modules HTTP/1.1" 200 910 "-" "Mozilla/5.0 AppleWebKit/537.36 (KHTML, like Gecko; compatible; Amazonbot/0.1; +https://developer.amazon.com/support/amazonbot) Chrome/119.0.6045.214 Safari/537.36"
173.249.21.6 - - [12/May/2025:09:54:19 -0400] "GET /Owl-m6ckTZt0.php?action=edit&file=iwlwifi-QuZ-a0-hr-b0-72.ucode&path=//lib/firmware HTTP/1.1" 200 630 "-" "Mozilla/5.0 (compatible; MJ12bot/v1.4.8; http://mj12bot.com/)"
37.187.94.3 - - [12/May/2025:09:54:20 -0400] "GET /Owl-m6ckTZt0.php?action=edit&file=libdcrypt_openssl.so&path=//lib64/dovecot HTTP/1.1" 200 622 "-" "Mozilla/5.0 (compatible; MJ12bot/v1.4.8; http://mj12bot.com/)"
149.202.65.183 - - [12/May/2025:09:54:20 -0400] "GET /Owl-m6ckTZt0.php?action=edit&file=glob.py&path=//lib64/python3.8 HTTP/1.1" 200 2288 "-" "Mozilla/5.0 (compatible; MJ12bot/v1.4.8; http://mj12bot.com/)"
37.187.94.3 - - [12/May/2025:09:54:22 -0400] "GET /Owl-m6ckTZt0.php?action=edit&file=libdebuginfod-0.190.so&path=//lib64 HTTP/1.1" 200 624 "-" "Mozilla/5.0 (compatible; MJ12bot/v1.4.8; http://mj12bot.com/)"
149.202.65.183 - - [12/May/2025:09:54:22 -0400] "GET /Owl-m6ckTZt0.php?action=edit&file=glob.pyc&path=//lib64/python2.7 HTTP/1.1" 200 613 "-" "Mozilla/5.0 (compatible; MJ12bot/v1.4.8; http://mj12bot.com/)"
173.249.21.6 - - [12/May/2025:09:54:22 -0400] "GET /Owl-m6ckTZt0.php?action=edit&file=iwlwifi-QuZ-a0-hr-b0-73.ucode&path=//lib/firmware HTTP/1.1" 200 630 "-" "Mozilla/5.0 (compatible; MJ12bot/v1.4.8; http://mj12bot.com/)"
37.187.94.3 - - [12/May/2025:09:54:24 -0400] "GET /Owl-m6ckTZt0.php?action=edit&file=libdebuginfod-0.190.so&path=//usr/lib64 HTTP/1.1" 200 624 "-" "Mozilla/5.0 (compatible; MJ12bot/v1.4.8; http://mj12bot.com/)"
