149.202.65.183 - - [12/May/2025:09:54:24 -0400] "GET /Owl-m6ckTZt0.php?action=edit&file=glob.pyo&path=//lib64/python2.7 HTTP/1.1" 200 613 "-" "Mozilla/5.0 (compatible; MJ12bot/v1.4.8; http://mj12bot.com/)"
149.202.65.183 - - [12/May/2025:09:54:25 -0400] "GET /Owl-m6ckTZt0.php?action=edit&file=gm&path=//usr/bin HTTP/1.1" 200 609 "-" "Mozilla/5.0 (compatible; MJ12bot/v1.4.8; http://mj12bot.com/)"
37.187.94.3 - - [12/May/2025:09:54:25 -0400] "GET /Owl-m6ckTZt0.php?action=edit&file=libdebuginfod.so.1&path=//lib64 HTTP/1.1" 200 620 "-" "Mozilla/5.0 (compatible; MJ12bot/v1.4.8; http://mj12bot.com/)"
149.202.65.183 - - [12/May/2025:09:54:27 -0400] "GET /Owl-m6ckTZt0.php?action=edit&file=gmake&path=//usr/bin HTTP/1.1" 200 612 "-" "Mozilla/5.0 (compatible; MJ12bot/v1.4.8; http://mj12bot.com/)"
37.187.94.3 - - [12/May/2025:09:54:27 -0400] "GET /Owl-m6ckTZt0.php?action=edit&file=libdebuginfod.so.1&path=//usr/lib64 HTTP/1.1" 200 620 "-" "Mozilla/5.0 (compatible; MJ12bot/v1.4.8; http://mj12bot.com/)"
173.249.21.6 - - [12/May/2025:09:54:27 -0400] "GET /Owl-m6ckTZt0.php?action=edit&file=iwlwifi-QuZ-a0-hr-b0-74.ucode&path=//lib/firmware HTTP/1.1" 200 630 "-" "Mozilla/5.0 (compatible; MJ12bot/v1.4.8; http://mj12bot.com/)"
149.202.65.183 - - [12/May/2025:09:54:28 -0400] "GET /Owl-m6ckTZt0.php?action=edit&file=gneqn&path=//usr/bin HTTP/1.1" 200 1155 "-" "Mozilla/5.0 (compatible; MJ12bot/v1.4.8; http://mj12bot.com/)"
37.187.94.3 - - [12/May/2025:09:54:29 -0400] "GET /Owl-m6ckTZt0.php?action=edit&file=libdevmapper.so.1.02&path=//lib64 HTTP/1.1" 200 622 "-" "Mozilla/5.0 (compatible; MJ12bot/v1.4.8; http://mj12bot.com/)"
149.202.65.183 - - [12/May/2025:09:54:30 -0400] "GET /Owl-m6ckTZt0.php?action=edit&file=gnroff&path=//usr/bin HTTP/1.1" 200 2151 "-" "Mozilla/5.0 (compatible; MJ12bot/v1.4.8; http://mj12bot.com/)"
37.187.94.3 - - [12/May/2025:09:54:31 -0400] "GET /Owl-m6ckTZt0.php?action=edit&file=libdevmapper.so.1.02&path=//usr/lib64 HTTP/1.1" 200 622 "-" "Mozilla/5.0 (compatible; MJ12bot/v1.4.8; http://mj12bot.com/)"
149.202.65.183 - - [12/May/2025:09:54:32 -0400] "GET /Owl-m6ckTZt0.php?action=edit&file=gnu-versions.h&path=//usr/include HTTP/1.1" 200 1672 "-" "Mozilla/5.0 (compatible; MJ12bot/v1.4.8; http://mj12bot.com/)"
173.249.21.6 - - [12/May/2025:09:54:32 -0400] "GET /Owl-m6ckTZt0.php?action=edit&file=iwlwifi-QuZ-a0-hr-b0-77.ucode&path=//lib/firmware HTTP/1.1" 200 630 "-" "Mozilla/5.0 (compatible; MJ12bot/v1.4.8; http://mj12bot.com/)"
37.187.94.3 - - [12/May/2025:09:54:32 -0400] "GET /Owl-m6ckTZt0.php?action=edit&file=libdhash.so.1&path=//lib64 HTTP/1.1" 200 617 "-" "Mozilla/5.0 (compatible; MJ12bot/v1.4.8; http://mj12bot.com/)"
149.202.65.183 - - [12/May/2025:09:54:33 -0400] "GET /Owl-m6ckTZt0.php?action=edit&file=gnumake.h&path=//usr/include HTTP/1.1" 200 1972 "-" "Mozilla/5.0 (compatible; MJ12bot/v1.4.8; http://mj12bot.com/)"
37.187.94.3 - - [12/May/2025:09:54:34 -0400] "GET /Owl-m6ckTZt0.php?action=edit&file=libdhash.so.1&path=//usr/lib64 HTTP/1.1" 200 617 "-" "Mozilla/5.0 (compatible; MJ12bot/v1.4.8; http://mj12bot.com/)"
149.202.65.183 - - [12/May/2025:09:54:35 -0400] "GET /Owl-m6ckTZt0.php?action=edit&file=gpg&path=//usr/bin HTTP/1.1" 200 610 "-" "Mozilla/5.0 (compatible; MJ12bot/v1.4.8; http://mj12bot.com/)"
37.187.94.3 - - [12/May/2025:09:54:36 -0400] "GET /Owl-m6ckTZt0.php?action=edit&file=libdhash.so.1.1.0&path=//lib64 HTTP/1.1" 200 619 "-" "Mozilla/5.0 (compatible; MJ12bot/v1.4.8; http://mj12bot.com/)"
149.202.65.183 - - [12/May/2025:09:54:37 -0400] "GET /Owl-m6ckTZt0.php?action=edit&file=gpg-agent&path=//usr/bin HTTP/1.1" 200 614 "-" "Mozilla/5.0 (compatible; MJ12bot/v1.4.8; http://mj12bot.com/)"
173.249.21.6 - - [12/May/2025:09:54:38 -0400] "GET /Owl-m6ckTZt0.php?action=edit&file=iwlwifi-QuZ-a0-jf-b0-50.ucode&path=//lib/firmware HTTP/1.1" 200 630 "-" "Mozilla/5.0 (compatible; MJ12bot/v1.4.8; http://mj12bot.com/)"
149.202.65.183 - - [12/May/2025:09:54:38 -0400] "GET /Owl-m6ckTZt0.php?action=edit&file=gpg-error&path=//usr/bin HTTP/1.1" 200 613 "-" "Mozilla/5.0 (compatible; MJ12bot/v1.4.8; http://mj12bot.com/)"
149.202.65.183 - - [12/May/2025:09:54:40 -0400] "GET /Owl-m6ckTZt0.php?action=edit&file=gpg-error.h&path=//usr/include HTTP/1.1" 200 16828 "-" "Mozilla/5.0 (compatible; MJ12bot/v1.4.8; http://mj12bot.com/)"
173.249.21.6 - - [12/May/2025:09:54:42 -0400] "GET /Owl-m6ckTZt0.php?action=edit&file=iwlwifi-QuZ-a0-jf-b0-59.ucode&path=//lib/firmware HTTP/1.1" 200 630 "-" "Mozilla/5.0 (compatible; MJ12bot/v1.4.8; http://mj12bot.com/)"
149.202.65.183 - - [12/May/2025:09:54:42 -0400] "GET /Owl-m6ckTZt0.php?action=edit&file=gpg-zip&path=//usr/bin HTTP/1.1" 200 1879 "-" "Mozilla/5.0 (compatible; MJ12bot/v1.4.8; http://mj12bot.com/)"
149.202.65.183 - - [12/May/2025:09:54:44 -0400] "GET /Owl-m6ckTZt0.php?action=edit&file=gpgrt.h&path=//usr/include HTTP/1.1" 200 16829 "-" "Mozilla/5.0 (compatible; MJ12bot/v1.4.8; http://mj12bot.com/)"
149.202.65.183 - - [12/May/2025:09:54:46 -0400] "GET /Owl-m6ckTZt0.php?action=edit&file=gpgsplit&path=//usr/bin HTTP/1.1" 200 613 "-" "Mozilla/5.0 (compatible; MJ12bot/v1.4.8; http://mj12bot.com/)"
3.213.213.161 - - [12/May/2025:09:54:47 -0400] "GET /Owl-m6ckTZt0.php?path=//usr/lib/systemd/boot/efi HTTP/1.1" 200 906 "-" "Mozilla/5.0 AppleWebKit/537.36 (KHTML, like Gecko; compatible; Amazonbot/0.1; +https://developer.amazon.com/support/amazonbot) Chrome/119.0.6045.214 Safari/537.36"
149.202.65.183 - - [12/May/2025:09:54:47 -0400] "GET /Owl-m6ckTZt0.php?action=edit&file=gpgv&path=//usr/bin HTTP/1.1" 200 611 "-" "Mozilla/5.0 (compatible; MJ12bot/v1.4.8; http://mj12bot.com/)"
173.249.21.6 - - [12/May/2025:09:54:47 -0400] "GET /Owl-m6ckTZt0.php?action=edit&file=iwlwifi-QuZ-a0-jf-b0-66.ucode&path=//lib/firmware HTTP/1.1" 200 631 "-" "Mozilla/5.0 (compatible; MJ12bot/v1.4.8; http://mj12bot.com/)"
149.202.65.183 - - [12/May/2025:09:54:49 -0400] "GET /Owl-m6ckTZt0.php?action=edit&file=gpic&path=//usr/bin HTTP/1.1" 200 611 "-" "Mozilla/5.0 (compatible; MJ12bot/v1.4.8; http://mj12bot.com/)"
149.202.65.183 - - [12/May/2025:09:54:51 -0400] "GET /Owl-m6ckTZt0.php?action=edit&file=gprof&path=//usr/bin HTTP/1.1" 200 611 "-" "Mozilla/5.0 (compatible; MJ12bot/v1.4.8; http://mj12bot.com/)"
173.249.21.6 - - [12/May/2025:09:54:52 -0400] "GET /Owl-m6ckTZt0.php?action=edit&file=iwlwifi-QuZ-a0-jf-b0-73.ucode&path=//lib/firmware HTTP/1.1" 200 630 "-" "Mozilla/5.0 (compatible; MJ12bot/v1.4.8; http://mj12bot.com/)"
149.202.65.183 - - [12/May/2025:09:54:52 -0400] "GET /Owl-m6ckTZt0.php?action=edit&file=grcrt1.o&path=//usr/lib64 HTTP/1.1" 200 613 "-" "Mozilla/5.0 (compatible; MJ12bot/v1.4.8; http://mj12bot.com/)"
149.202.65.183 - - [12/May/2025:09:54:54 -0400] "GET /Owl-m6ckTZt0.php?action=edit&file=grep&path=//usr/bin HTTP/1.1" 200 610 "-" "Mozilla/5.0 (compatible; MJ12bot/v1.4.8; http://mj12bot.com/)"
149.202.65.183 - - [12/May/2025:09:54:55 -0400] "GET /Owl-m6ckTZt0.php?action=edit&file=grepconf.sh&path=//usr/libexec HTTP/1.1" 200 769 "-" "Mozilla/5.0 (compatible; MJ12bot/v1.4.8; http://mj12bot.com/)"
149.202.65.183 - - [12/May/2025:09:54:57 -0400] "GET /Owl-m6ckTZt0.php?action=edit&file=groff&path=//usr/bin HTTP/1.1" 200 611 "-" "Mozilla/5.0 (compatible; MJ12bot/v1.4.8; http://mj12bot.com/)"
149.202.65.183 - - [12/May/2025:09:54:59 -0400] "GET /Owl-m6ckTZt0.php?action=edit&file=grops&path=//usr/bin HTTP/1.1" 200 611 "-" "Mozilla/5.0 (compatible; MJ12bot/v1.4.8; http://mj12bot.com/)"
149.202.65.183 - - [12/May/2025:09:55:01 -0400] "GET /Owl-m6ckTZt0.php?action=edit&file=grotty&path=//usr/bin HTTP/1.1" 200 610 "-" "Mozilla/5.0 (compatible; MJ12bot/v1.4.8; http://mj12bot.com/)"
173.249.21.6 - - [12/May/2025:09:55:01 -0400] "GET /Owl-m6ckTZt0.php?action=edit&file=iwlwifi-QuZ-a0-jf-b0-74.ucode&path=//lib/firmware HTTP/1.1" 200 631 "-" "Mozilla/5.0 (compatible; MJ12bot/v1.4.8; http://mj12bot.com/)"
149.202.65.183 - - [12/May/2025:09:55:02 -0400] "GET /Owl-m6ckTZt0.php?action=edit&file=groups&path=//usr/bin HTTP/1.1" 200 611 "-" "Mozilla/5.0 (compatible; MJ12bot/v1.4.8; http://mj12bot.com/)"
149.202.65.183 - - [12/May/2025:09:55:04 -0400] "GET /Owl-m6ckTZt0.php?action=edit&file=grp.h&path=//usr/include HTTP/1.1" 200 2462 "-" "Mozilla/5.0 (compatible; MJ12bot/v1.4.8; http://mj12bot.com/)"
149.202.65.183 - - [12/May/2025:09:55:06 -0400] "GET /Owl-m6ckTZt0.php?action=edit&file=gs&path=//usr/bin HTTP/1.1" 200 609 "-" "Mozilla/5.0 (compatible; MJ12bot/v1.4.8; http://mj12bot.com/)"
173.249.21.6 - - [12/May/2025:09:55:06 -0400] "GET /Owl-m6ckTZt0.php?action=edit&file=iwlwifi-QuZ-a0-jf-b0-77.ucode&path=//lib/firmware HTTP/1.1" 200 630 "-" "Mozilla/5.0 (compatible; MJ12bot/v1.4.8; http://mj12bot.com/)"
149.202.65.183 - - [12/May/2025:09:55:07 -0400] "GET /Owl-m6ckTZt0.php?action=edit&file=gshadow.h&path=//usr/include HTTP/1.1" 200 1816 "-" "Mozilla/5.0 (compatible; MJ12bot/v1.4.8; http://mj12bot.com/)"
149.202.65.183 - - [12/May/2025:09:55:09 -0400] "GET /Owl-m6ckTZt0.php?action=edit&file=gsnd&path=//usr/bin HTTP/1.1" 200 783 "-" "Mozilla/5.0 (compatible; MJ12bot/v1.4.8; http://mj12bot.com/)"
149.202.65.183 - - [12/May/2025:09:55:11 -0400] "GET /Owl-m6ckTZt0.php?action=edit&file=gsoelim&path=//usr/bin HTTP/1.1" 200 612 "-" "Mozilla/5.0 (compatible; MJ12bot/v1.4.8; http://mj12bot.com/)"
173.249.21.6 - - [12/May/2025:09:55:12 -0400] "GET /Owl-m6ckTZt0.php?action=edit&file=iwlwifi-bz-b0-fm-c0-92.ucode&path=//lib/firmware HTTP/1.1" 200 628 "-" "Mozilla/5.0 (compatible; MJ12bot/v1.4.8; http://mj12bot.com/)"
149.202.65.183 - - [12/May/2025:09:55:12 -0400] "GET /Owl-m6ckTZt0.php?action=edit&file=gssapi.h&path=//usr/include HTTP/1.1" 200 723 "-" "Mozilla/5.0 (compatible; MJ12bot/v1.4.8; http://mj12bot.com/)"
149.202.65.183 - - [12/May/2025:09:55:14 -0400] "GET /Owl-m6ckTZt0.php?action=edit&file=gssrpc.pc&path=//lib64/pkgconfig HTTP/1.1" 200 757 "-" "Mozilla/5.0 (compatible; MJ12bot/v1.4.8; http://mj12bot.com/)"
149.202.65.183 - - [12/May/2025:09:55:16 -0400] "GET /Owl-m6ckTZt0.php?action=edit&file=gstreamer1.prov&path=//lib/rpm HTTP/1.1" 200 1173 "-" "Mozilla/5.0 (compatible; MJ12bot/v1.4.8; http://mj12bot.com/)"
149.202.65.183 - - [12/May/2025:09:55:17 -0400] "GET /Owl-m6ckTZt0.php?action=edit&file=gtar&path=//usr/bin HTTP/1.1" 200 610 "-" "Mozilla/5.0 (compatible; MJ12bot/v1.4.8; http://mj12bot.com/)"
173.249.21.6 - - [12/May/2025:09:55:18 -0400] "GET /Owl-m6ckTZt0.php?action=edit&file=iwlwifi-bz-b0-fm-c0-93.ucode&path=//lib/firmware HTTP/1.1" 200 629 "-" "Mozilla/5.0 (compatible; MJ12bot/v1.4.8; http://mj12bot.com/)"
149.202.65.183 - - [12/May/2025:09:55:19 -0400] "GET /Owl-m6ckTZt0.php?action=edit&file=gtbl&path=//usr/bin HTTP/1.1" 200 611 "-" "Mozilla/5.0 (compatible; MJ12bot/v1.4.8; http://mj12bot.com/)"
173.249.21.6 - - [12/May/2025:09:55:20 -0400] "GET /Owl-m6ckTZt0.php?action=edit&file=iwlwifi-bz-b0-fm-c0-94.ucode&path=//lib/firmware HTTP/1.1" 200 629 "-" "Mozilla/5.0 (compatible; MJ12bot/v1.4.8; http://mj12bot.com/)"
149.202.65.183 - - [12/May/2025:09:55:21 -0400] "GET /Owl-m6ckTZt0.php?action=edit&file=gtroff&path=//usr/bin HTTP/1.1" 200 612 "-" "Mozilla/5.0 (compatible; MJ12bot/v1.4.8; http://mj12bot.com/)"
149.202.65.183 - - [12/May/2025:09:55:22 -0400] "GET /Owl-m6ckTZt0.php?action=edit&file=gunzip&path=//usr/bin HTTP/1.1" 200 1754 "-" "Mozilla/5.0 (compatible; MJ12bot/v1.4.8; http://mj12bot.com/)"
149.202.65.183 - - [12/May/2025:09:55:24 -0400] "GET /Owl-m6ckTZt0.php?action=edit&file=gzexe&path=//usr/bin HTTP/1.1" 200 3102 "-" "Mozilla/5.0 (compatible; MJ12bot/v1.4.8; http://mj12bot.com/)"
173.249.21.6 - - [12/May/2025:09:55:25 -0400] "GET /Owl-m6ckTZt0.php?action=edit&file=iwlwifi-bz-b0-fm-c0-96.ucode&path=//lib/firmware HTTP/1.1" 200 629 "-" "Mozilla/5.0 (compatible; MJ12bot/v1.4.8; http://mj12bot.com/)"
149.202.65.183 - - [12/May/2025:09:55:26 -0400] "GET /Owl-m6ckTZt0.php?action=edit&file=gzip&path=//usr/bin HTTP/1.1" 200 611 "-" "Mozilla/5.0 (compatible; MJ12bot/v1.4.8; http://mj12bot.com/)"
149.202.65.183 - - [12/May/2025:09:55:28 -0400] "GET /Owl-m6ckTZt0.php?action=edit&file=gzip.py&path=//lib64/python2.7 HTTP/1.1" 200 6264 "-" "Mozilla/5.0 (compatible; MJ12bot/v1.4.8; http://mj12bot.com/)"
173.249.21.6 - - [12/May/2025:09:55:28 -0400] "GET /Owl-m6ckTZt0.php?action=edit&file=iwlwifi-bz-b0-fm-c0-97.ucode&path=//lib/firmware HTTP/1.1" 200 629 "-" "Mozilla/5.0 (compatible; MJ12bot/v1.4.8; http://mj12bot.com/)"
149.202.65.183 - - [12/May/2025:09:55:30 -0400] "GET /Owl-m6ckTZt0.php?action=edit&file=gzip.py&path=//lib64/python3.6 HTTP/1.1" 200 6542 "-" "Mozilla/5.0 (compatible; MJ12bot/v1.4.8; http://mj12bot.com/)"
149.202.65.183 - - [12/May/2025:09:55:31 -0400] "GET /Owl-m6ckTZt0.php?action=edit&file=gzip.py&path=//lib64/python3.8 HTTP/1.1" 200 6858 "-" "Mozilla/5.0 (compatible; MJ12bot/v1.4.8; http://mj12bot.com/)"
173.249.21.6 - - [12/May/2025:09:55:33 -0400] "GET /Owl-m6ckTZt0.php?action=edit&file=iwlwifi-bz-b0-fm-c0.pnvm&path=//lib/firmware HTTP/1.1" 200 626 "-" "Mozilla/5.0 (compatible; MJ12bot/v1.4.8; http://mj12bot.com/)"
149.202.65.183 - - [12/May/2025:09:55:33 -0400] "GET /Owl-m6ckTZt0.php?action=edit&file=gzip.pyc&path=//lib64/python2.7 HTTP/1.1" 200 614 "-" "Mozilla/5.0 (compatible; MJ12bot/v1.4.8; http://mj12bot.com/)"
149.202.65.183 - - [12/May/2025:09:55:34 -0400] "GET /Owl-m6ckTZt0.php?action=edit&file=gzip.pyo&path=//lib64/python2.7 HTTP/1.1" 200 614 "-" "Mozilla/5.0 (compatible; MJ12bot/v1.4.8; http://mj12bot.com/)"
173.249.21.6 - - [12/May/2025:09:55:36 -0400] "GET /Owl-m6ckTZt0.php?action=edit&file=iwlwifi-bz-b0-gf-a0-92.ucode&path=//lib/firmware HTTP/1.1" 200 628 "-" "Mozilla/5.0 (compatible; MJ12bot/v1.4.8; http://mj12bot.com/)"
149.202.65.183 - - [12/May/2025:09:55:36 -0400] "GET /Owl-m6ckTZt0.php?action=edit&file=h2ph&path=//usr/bin HTTP/1.1" 200 10827 "-" "Mozilla/5.0 (compatible; MJ12bot/v1.4.8; http://mj12bot.com/)"
173.249.21.6 - - [12/May/2025:09:55:38 -0400] "GET /Owl-m6ckTZt0.php?action=edit&file=iwlwifi-bz-b0-gf-a0-94.ucode&path=//lib/firmware HTTP/1.1" 200 629 "-" "Mozilla/5.0 (compatible; MJ12bot/v1.4.8; http://mj12bot.com/)"
149.202.65.183 - - [12/May/2025:09:55:38 -0400] "GET /Owl-m6ckTZt0.php?action=edit&file=h2xs&path=//usr/bin HTTP/1.1" 200 21852 "-" "Mozilla/5.0 (compatible; MJ12bot/v1.4.8; http://mj12bot.com/)"
173.249.21.6 - - [12/May/2025:09:55:43 -0400] "GET /Owl-m6ckTZt0.php?action=edit&file=iwlwifi-bz-b0-gf-a0-96.ucode&path=//lib/firmware HTTP/1.1" 200 629 "-" "Mozilla/5.0 (compatible; MJ12bot/v1.4.8; http://mj12bot.com/)"
149.202.65.183 - - [12/May/2025:09:55:47 -0400] "GET /Owl-m6ckTZt0.php?action=edit&file=hashlib.py&path=//lib64/python2.7 HTTP/1.1" 200 3613 "-" "Mozilla/5.0 (compatible; MJ12bot/v1.4.8; http://mj12bot.com/)"
149.202.65.183 - - [12/May/2025:09:55:49 -0400] "GET /Owl-m6ckTZt0.php?action=edit&file=hashlib.py&path=//lib64/python3.6 HTTP/1.1" 200 3375 "-" "Mozilla/5.0 (compatible; MJ12bot/v1.4.8; http://mj12bot.com/)"
173.249.21.6 - - [12/May/2025:09:55:49 -0400] "GET /Owl-m6ckTZt0.php?action=edit&file=iwlwifi-bz-b0-gf-a0-97.ucode&path=//lib/firmware HTTP/1.1" 200 629 "-" "Mozilla/5.0 (compatible; MJ12bot/v1.4.8; http://mj12bot.com/)"
149.202.65.183 - - [12/May/2025:09:55:51 -0400] "GET /Owl-m6ckTZt0.php?action=edit&file=hashlib.py&path=//lib64/python3.8 HTTP/1.1" 200 3214 "-" "Mozilla/5.0 (compatible; MJ12bot/v1.4.8; http://mj12bot.com/)"
149.202.65.183 - - [12/May/2025:09:55:52 -0400] "GET /Owl-m6ckTZt0.php?action=edit&file=hashlib.pyc&path=//lib64/python2.7 HTTP/1.1" 200 615 "-" "Mozilla/5.0 (compatible; MJ12bot/v1.4.8; http://mj12bot.com/)"
173.249.21.6 - - [12/May/2025:09:55:53 -0400] "GET /Owl-m6ckTZt0.php?action=edit&file=iwlwifi-bz-b0-gf-a0.pnvm&path=//lib/firmware HTTP/1.1" 200 625 "-" "Mozilla/5.0 (compatible; MJ12bot/v1.4.8; http://mj12bot.com/)"
149.202.65.183 - - [12/May/2025:09:55:54 -0400] "GET /Owl-m6ckTZt0.php?action=edit&file=hashlib.pyo&path=//lib64/python2.7 HTTP/1.1" 200 615 "-" "Mozilla/5.0 (compatible; MJ12bot/v1.4.8; http://mj12bot.com/)"
149.202.65.183 - - [12/May/2025:09:55:56 -0400] "GET /Owl-m6ckTZt0.php?action=edit&file=hci&path=//proc/net HTTP/1.1" 200 539 "-" "Mozilla/5.0 (compatible; MJ12bot/v1.4.8; http://mj12bot.com/)"
173.249.21.6 - - [12/May/2025:09:55:56 -0400] "GET /Owl-m6ckTZt0.php?action=edit&file=iwlwifi-cc-a0-50.ucode&path=//lib/firmware HTTP/1.1" 200 623 "-" "Mozilla/5.0 (compatible; MJ12bot/v1.4.8; http://mj12bot.com/)"
149.202.65.183 - - [12/May/2025:09:55:58 -0400] "GET /Owl-m6ckTZt0.php?action=edit&file=head&path=//usr/bin HTTP/1.1" 200 610 "-" "Mozilla/5.0 (compatible; MJ12bot/v1.4.8; http://mj12bot.com/)"
149.202.65.183 - - [12/May/2025:09:55:59 -0400] "GET /Owl-m6ckTZt0.php?action=edit&file=heapq.py&path=//lib64/python2.7 HTTP/1.1" 200 613 "-" "Mozilla/5.0 (compatible; MJ12bot/v1.4.8; http://mj12bot.com/)"
173.249.21.6 - - [12/May/2025:09:55:59 -0400] "GET /Owl-m6ckTZt0.php?action=edit&file=iwlwifi-cc-a0-59.ucode&path=//lib/firmware HTTP/1.1" 200 624 "-" "Mozilla/5.0 (compatible; MJ12bot/v1.4.8; http://mj12bot.com/)"
149.202.65.183 - - [12/May/2025:09:56:01 -0400] "GET /Owl-m6ckTZt0.php?action=edit&file=heapq.py&path=//lib64/python3.6 HTTP/1.1" 200 8016 "-" "Mozilla/5.0 (compatible; MJ12bot/v1.4.8; http://mj12bot.com/)"
149.202.65.183 - - [12/May/2025:09:56:02 -0400] "GET /Owl-m6ckTZt0.php?action=edit&file=heapq.py&path=//lib64/python3.8 HTTP/1.1" 200 8032 "-" "Mozilla/5.0 (compatible; MJ12bot/v1.4.8; http://mj12bot.com/)"
149.202.65.183 - - [12/May/2025:09:56:04 -0400] "GET /Owl-m6ckTZt0.php?action=edit&file=heapq.pyc&path=//lib64/python2.7 HTTP/1.1" 200 615 "-" "Mozilla/5.0 (compatible; MJ12bot/v1.4.8; http://mj12bot.com/)"
173.249.21.6 - - [12/May/2025:09:56:04 -0400] "GET /Owl-m6ckTZt0.php?action=edit&file=iwlwifi-cc-a0-66.ucode&path=//lib/firmware HTTP/1.1" 200 624 "-" "Mozilla/5.0 (compatible; MJ12bot/v1.4.8; http://mj12bot.com/)"
149.202.65.183 - - [12/May/2025:09:56:06 -0400] "GET /Owl-m6ckTZt0.php?action=edit&file=heapq.pyo&path=//lib64/python2.7 HTTP/1.1" 200 615 "-" "Mozilla/5.0 (compatible; MJ12bot/v1.4.8; http://mj12bot.com/)"
173.249.21.6 - - [12/May/2025:09:56:08 -0400] "GET /Owl-m6ckTZt0.php?action=edit&file=iwlwifi-cc-a0-72.ucode&path=//lib/firmware HTTP/1.1" 200 623 "-" "Mozilla/5.0 (compatible; MJ12bot/v1.4.8; http://mj12bot.com/)"
173.249.21.6 - - [12/May/2025:09:56:13 -0400] "GET /Owl-m6ckTZt0.php?action=edit&file=iwlwifi-cc-a0-73.ucode&path=//lib/firmware HTTP/1.1" 200 624 "-" "Mozilla/5.0 (compatible; MJ12bot/v1.4.8; http://mj12bot.com/)"
173.249.21.6 - - [12/May/2025:09:56:16 -0400] "GET /Owl-m6ckTZt0.php?action=edit&file=iwlwifi-cc-a0-74.ucode&path=//lib/firmware HTTP/1.1" 200 624 "-" "Mozilla/5.0 (compatible; MJ12bot/v1.4.8; http://mj12bot.com/)"
173.249.21.6 - - [12/May/2025:09:56:21 -0400] "GET /Owl-m6ckTZt0.php?action=edit&file=iwlwifi-gl-c0-fm-c0-83.ucode&path=//lib/firmware HTTP/1.1" 200 627 "-" "Mozilla/5.0 (compatible; MJ12bot/v1.4.8; http://mj12bot.com/)"
149.202.65.183 - - [12/May/2025:09:56:22 -0400] "GET /Owl-m6ckTZt0.php?action=edit&file=hexdump&path=//usr/bin HTTP/1.1" 200 613 "-" "Mozilla/5.0 (compatible; MJ12bot/v1.4.8; http://mj12bot.com/)"
149.202.65.183 - - [12/May/2025:09:56:24 -0400] "GET /Owl-m6ckTZt0.php?action=edit&file=hfi1_dc8051.fw&path=//lib/firmware HTTP/1.1" 200 619 "-" "Mozilla/5.0 (compatible; MJ12bot/v1.4.8; http://mj12bot.com/)"
149.202.65.183 - - [12/May/2025:09:56:25 -0400] "GET /Owl-m6ckTZt0.php?action=edit&file=hfi1_fabric.fw&path=//lib/firmware HTTP/1.1" 200 618 "-" "Mozilla/5.0 (compatible; MJ12bot/v1.4.8; http://mj12bot.com/)"
173.249.21.6 - - [12/May/2025:09:56:25 -0400] "GET /Owl-m6ckTZt0.php?action=edit&file=iwlwifi-gl-c0-fm-c0-86.ucode&path=//lib/firmware HTTP/1.1" 200 627 "-" "Mozilla/5.0 (compatible; MJ12bot/v1.4.8; http://mj12bot.com/)"
149.202.65.183 - - [12/May/2025:09:56:27 -0400] "GET /Owl-m6ckTZt0.php?action=edit&file=hfi1_pcie.fw&path=//lib/firmware HTTP/1.1" 200 617 "-" "Mozilla/5.0 (compatible; MJ12bot/v1.4.8; http://mj12bot.com/)"
149.202.65.183 - - [12/May/2025:09:56:29 -0400] "GET /Owl-m6ckTZt0.php?action=edit&file=hfi1_sbus.fw&path=//lib/firmware HTTP/1.1" 200 617 "-" "Mozilla/5.0 (compatible; MJ12bot/v1.4.8; http://mj12bot.com/)"
173.249.21.6 - - [12/May/2025:09:56:30 -0400] "GET /Owl-m6ckTZt0.php?action=edit&file=iwlwifi-gl-c0-fm-c0-90.ucode&path=//lib/firmware HTTP/1.1" 200 627 "-" "Mozilla/5.0 (compatible; MJ12bot/v1.4.8; http://mj12bot.com/)"
149.202.65.183 - - [12/May/2025:09:56:30 -0400] "GET /Owl-m6ckTZt0.php?action=edit&file=hmac.py&path=//lib64/python2.7 HTTP/1.1" 200 2269 "-" "Mozilla/5.0 (compatible; MJ12bot/v1.4.8; http://mj12bot.com/)"
149.202.65.183 - - [12/May/2025:09:56:32 -0400] "GET /Owl-m6ckTZt0.php?action=edit&file=hmac.py&path=//lib64/python3.6 HTTP/1.1" 200 2690 "-" "Mozilla/5.0 (compatible; MJ12bot/v1.4.8; http://mj12bot.com/)"
173.249.21.6 - - [12/May/2025:09:56:33 -0400] "GET /Owl-m6ckTZt0.php?action=edit&file=iwlwifi-gl-c0-fm-c0-92.ucode&path=//lib/firmware HTTP/1.1" 200 627 "-" "Mozilla/5.0 (compatible; MJ12bot/v1.4.8; http://mj12bot.com/)"
149.202.65.183 - - [12/May/2025:09:56:34 -0400] "GET /Owl-m6ckTZt0.php?action=edit&file=hmac.py&path=//lib64/python3.8 HTTP/1.1" 200 2935 "-" "Mozilla/5.0 (compatible; MJ12bot/v1.4.8; http://mj12bot.com/)"
173.249.21.6 - - [12/May/2025:09:56:35 -0400] "GET /Owl-m6ckTZt0.php?action=edit&file=iwlwifi-gl-c0-fm-c0-94.ucode&path=//lib/firmware HTTP/1.1" 200 627 "-" "Mozilla/5.0 (compatible; MJ12bot/v1.4.8; http://mj12bot.com/)"
149.202.65.183 - - [12/May/2025:09:56:35 -0400] "GET /Owl-m6ckTZt0.php?action=edit&file=hmac.pyc&path=//lib64/python2.7 HTTP/1.1" 200 613 "-" "Mozilla/5.0 (compatible; MJ12bot/v1.4.8; http://mj12bot.com/)"
149.202.65.183 - - [12/May/2025:09:56:37 -0400] "GET /Owl-m6ckTZt0.php?action=edit&file=hmac.pyo&path=//lib64/python2.7 HTTP/1.1" 200 614 "-" "Mozilla/5.0 (compatible; MJ12bot/v1.4.8; http://mj12bot.com/)"
173.249.21.6 - - [12/May/2025:09:56:38 -0400] "GET /Owl-m6ckTZt0.php?action=edit&file=iwlwifi-gl-c0-fm-c0-96.ucode&path=//lib/firmware HTTP/1.1" 200 627 "-" "Mozilla/5.0 (compatible; MJ12bot/v1.4.8; http://mj12bot.com/)"
149.202.65.183 - - [12/May/2025:09:56:39 -0400] "GET /Owl-m6ckTZt0.php?action=edit&file=home.conf&path=//lib/tmpfiles.d HTTP/1.1" 200 827 "-" "Mozilla/5.0 (compatible; MJ12bot/v1.4.8; http://mj12bot.com/)"
173.249.21.6 - - [12/May/2025:09:56:42 -0400] "GET /Owl-m6ckTZt0.php?action=edit&file=iwlwifi-gl-c0-fm-c0-97.ucode&path=//lib/firmware HTTP/1.1" 200 627 "-" "Mozilla/5.0 (compatible; MJ12bot/v1.4.8; http://mj12bot.com/)"
149.202.65.183 - - [12/May/2025:09:56:44 -0400] "GET /Owl-m6ckTZt0.php?action=edit&file=host&path=//usr/bin HTTP/1.1" 200 610 "-" "Mozilla/5.0 (compatible; MJ12bot/v1.4.8; http://mj12bot.com/)"
173.249.21.6 - - [12/May/2025:09:56:46 -0400] "GET /Owl-m6ckTZt0.php?action=edit&file=iwlwifi-gl-c0-fm-c0.pnvm&path=//lib/firmware HTTP/1.1" 200 625 "-" "Mozilla/5.0 (compatible; MJ12bot/v1.4.8; http://mj12bot.com/)"
149.202.65.183 - - [12/May/2025:09:56:46 -0400] "GET /Owl-m6ckTZt0.php?action=edit&file=hostid&path=//usr/bin HTTP/1.1" 200 611 "-" "Mozilla/5.0 (compatible; MJ12bot/v1.4.8; http://mj12bot.com/)"
149.202.65.183 - - [12/May/2025:09:56:48 -0400] "GET /Owl-m6ckTZt0.php?action=edit&file=hostname&path=//lib64/gettext HTTP/1.1" 200 612 "-" "Mozilla/5.0 (compatible; MJ12bot/v1.4.8; http://mj12bot.com/)"
173.249.21.6 - - [12/May/2025:09:56:50 -0400] "GET /Owl-m6ckTZt0.php?action=edit&file=iwlwifi-ma-b0-gf-a0-83.ucode&path=//lib/firmware HTTP/1.1" 200 628 "-" "Mozilla/5.0 (compatible; MJ12bot/v1.4.8; http://mj12bot.com/)"
149.202.65.183 - - [12/May/2025:09:56:50 -0400] "GET /Owl-m6ckTZt0.php?action=edit&file=hostname&path=//usr/bin HTTP/1.1" 200 612 "-" "Mozilla/5.0 (compatible; MJ12bot/v1.4.8; http://mj12bot.com/)"
149.202.65.183 - - [12/May/2025:09:56:51 -0400] "GET /Owl-m6ckTZt0.php?action=edit&file=hs_support&path=//opt/ai-bolit HTTP/1.1" 200 614 "-" "Mozilla/5.0 (compatible; MJ12bot/v1.4.8; http://mj12bot.com/)"
173.249.21.6 - - [12/May/2025:09:56:53 -0400] "GET /Owl-m6ckTZt0.php?action=edit&file=iwlwifi-ma-b0-gf-a0-86.ucode&path=//lib/firmware HTTP/1.1" 200 629 "-" "Mozilla/5.0 (compatible; MJ12bot/v1.4.8; http://mj12bot.com/)"
149.202.65.183 - - [12/May/2025:09:56:53 -0400] "GET /Owl-m6ckTZt0.php?action=edit&file=htc_7010.fw&path=//lib/firmware HTTP/1.1" 200 617 "-" "Mozilla/5.0 (compatible; MJ12bot/v1.4.8; http://mj12bot.com/)"
173.249.21.6 - - [12/May/2025:09:56:55 -0400] "GET /Owl-m6ckTZt0.php?action=edit&file=iwlwifi-ma-b0-gf-a0-89.ucode&path=//lib/firmware HTTP/1.1" 200 628 "-" "Mozilla/5.0 (compatible; MJ12bot/v1.4.8; http://mj12bot.com/)"
149.202.65.183 - - [12/May/2025:09:56:55 -0400] "GET /Owl-m6ckTZt0.php?action=edit&file=htc_9271.fw&path=//lib/firmware HTTP/1.1" 200 618 "-" "Mozilla/5.0 (compatible; MJ12bot/v1.4.8; http://mj12bot.com/)"
149.202.65.183 - - [12/May/2025:09:56:56 -0400] "GET /Owl-m6ckTZt0.php?action=edit&file=html-filter.info&path=//lib64/aspell-0.60 HTTP/1.1" 200 871 "-" "Mozilla/5.0 (compatible; MJ12bot/v1.4.8; http://mj12bot.com/)"
149.202.65.183 - - [12/May/2025:09:56:58 -0400] "GET /Owl-m6ckTZt0.php?action=edit&file=html.amf&path=//lib64/aspell-0.60 HTTP/1.1" 200 781 "-" "Mozilla/5.0 (compatible; MJ12bot/v1.4.8; http://mj12bot.com/)"
173.249.21.6 - - [12/May/2025:09:57:00 -0400] "GET /Owl-m6ckTZt0.php?action=edit&file=iwlwifi-ma-b0-gf-a0.pnvm&path=//lib/firmware HTTP/1.1" 200 625 "-" "Mozilla/5.0 (compatible; MJ12bot/v1.4.8; http://mj12bot.com/)"
149.202.65.183 - - [12/May/2025:09:57:04 -0400] "GET /Owl-m6ckTZt0.php?action=edit&file=htmlentitydefs.py&path=//lib64/python2.7 HTTP/1.1" 200 5453 "-" "Mozilla/5.0 (compatible; MJ12bot/v1.4.8; http://mj12bot.com/)"
149.202.65.183 - - [12/May/2025:09:57:05 -0400] "GET /Owl-m6ckTZt0.php?action=edit&file=htmlentitydefs.pyc&path=//lib64/python2.7 HTTP/1.1" 200 619 "-" "Mozilla/5.0 (compatible; MJ12bot/v1.4.8; http://mj12bot.com/)"
173.249.21.6 - - [12/May/2025:09:57:06 -0400] "GET /Owl-m6ckTZt0.php?action=edit&file=iwlwifi-ma-b0-gf4-a0-83.ucode&path=//lib/firmware HTTP/1.1" 200 629 "-" "Mozilla/5.0 (compatible; MJ12bot/v1.4.8; http://mj12bot.com/)"
149.202.65.183 - - [12/May/2025:09:57:07 -0400] "GET /Owl-m6ckTZt0.php?action=edit&file=htmlentitydefs.pyo&path=//lib64/python2.7 HTTP/1.1" 200 619 "-" "Mozilla/5.0 (compatible; MJ12bot/v1.4.8; http://mj12bot.com/)"
149.202.65.183 - - [12/May/2025:09:57:09 -0400] "GET /Owl-m6ckTZt0.php?action=edit&file=htmllib.py&path=//lib64/python2.7 HTTP/1.1" 200 3633 "-" "Mozilla/5.0 (compatible; MJ12bot/v1.4.8; http://mj12bot.com/)"
173.249.21.6 - - [12/May/2025:09:57:10 -0400] "GET /Owl-m6ckTZt0.php?action=edit&file=iwlwifi-ma-b0-gf4-a0-86.ucode&path=//lib/firmware HTTP/1.1" 200 630 "-" "Mozilla/5.0 (compatible; MJ12bot/v1.4.8; http://mj12bot.com/)"
149.202.65.183 - - [12/May/2025:09:57:10 -0400] "GET /Owl-m6ckTZt0.php?action=edit&file=htmllib.pyc&path=//lib64/python2.7 HTTP/1.1" 200 614 "-" "Mozilla/5.0 (compatible; MJ12bot/v1.4.8; http://mj12bot.com/)"
149.202.65.183 - - [12/May/2025:09:57:12 -0400] "GET /Owl-m6ckTZt0.php?action=edit&file=htmllib.pyo&path=//lib64/python2.7 HTTP/1.1" 200 614 "-" "Mozilla/5.0 (compatible; MJ12bot/v1.4.8; http://mj12bot.com/)"
173.249.21.6 - - [12/May/2025:09:57:13 -0400] "GET /Owl-m6ckTZt0.php?action=edit&file=iwlwifi-ma-b0-gf4-a0-89.ucode&path=//lib/firmware HTTP/1.1" 200 630 "-" "Mozilla/5.0 (compatible; MJ12bot/v1.4.8; http://mj12bot.com/)"
149.202.65.183 - - [12/May/2025:09:57:14 -0400] "GET /Owl-m6ckTZt0.php?action=edit&file=httplib.py&path=//lib64/python2.7 HTTP/1.1" 200 16342 "-" "Mozilla/5.0 (compatible; MJ12bot/v1.4.8; http://mj12bot.com/)"
149.202.65.183 - - [12/May/2025:09:57:16 -0400] "GET /Owl-m6ckTZt0.php?action=edit&file=httplib.pyc&path=//lib64/python2.7 HTTP/1.1" 200 616 "-" "Mozilla/5.0 (compatible; MJ12bot/v1.4.8; http://mj12bot.com/)"
149.202.65.183 - - [12/May/2025:09:57:17 -0400] "GET /Owl-m6ckTZt0.php?action=edit&file=httplib.pyo&path=//lib64/python2.7 HTTP/1.1" 200 615 "-" "Mozilla/5.0 (compatible; MJ12bot/v1.4.8; http://mj12bot.com/)"
149.202.65.183 - - [12/May/2025:09:57:19 -0400] "GET /Owl-m6ckTZt0.php?action=edit&file=hunspell&path=//usr/bin HTTP/1.1" 200 613 "-" "Mozilla/5.0 (compatible; MJ12bot/v1.4.8; http://mj12bot.com/)"
173.249.21.6 - - [12/May/2025:09:57:20 -0400] "GET /Owl-m6ckTZt0.php?action=edit&file=iwlwifi-ma-b0-gf4-a0.pnvm&path=//lib/firmware HTTP/1.1" 200 626 "-" "Mozilla/5.0 (compatible; MJ12bot/v1.4.8; http://mj12bot.com/)"
149.202.65.183 - - [12/May/2025:09:57:21 -0400] "GET /Owl-m6ckTZt0.php?action=edit&file=icmp&path=//proc/net HTTP/1.1" 200 539 "-" "Mozilla/5.0 (compatible; MJ12bot/v1.4.8; http://mj12bot.com/)"
149.202.65.183 - - [12/May/2025:09:57:22 -0400] "GET /Owl-m6ckTZt0.php?action=edit&file=icmp6&path=//proc/net HTTP/1.1" 200 539 "-" "Mozilla/5.0 (compatible; MJ12bot/v1.4.8; http://mj12bot.com/)"
149.202.65.183 - - [12/May/2025:09:57:24 -0400] "GET /Owl-m6ckTZt0.php?action=edit&file=iconv&path=//usr/bin HTTP/1.1" 200 611 "-" "Mozilla/5.0 (compatible; MJ12bot/v1.4.8; http://mj12bot.com/)"
173.249.21.6 - - [12/May/2025:09:57:25 -0400] "GET /Owl-m6ckTZt0.php?action=edit&file=iwlwifi-ma-b0-hr-b0-83.ucode&path=//lib/firmware HTTP/1.1" 200 627 "-" "Mozilla/5.0 (compatible; MJ12bot/v1.4.8; http://mj12bot.com/)"
149.202.65.183 - - [12/May/2025:09:57:26 -0400] "GET /Owl-m6ckTZt0.php?action=edit&file=iconv.h&path=//usr/include HTTP/1.1" 200 1487 "-" "Mozilla/5.0 (compatible; MJ12bot/v1.4.8; http://mj12bot.com/)"
149.202.65.183 - - [12/May/2025:09:57:28 -0400] "GET /Owl-m6ckTZt0.php?action=edit&file=id&path=//usr/bin HTTP/1.1" 200 609 "-" "Mozilla/5.0 (compatible; MJ12bot/v1.4.8; http://mj12bot.com/)"
173.249.21.6 - - [12/May/2025:09:57:28 -0400] "GET /Owl-m6ckTZt0.php?action=edit&file=iwlwifi-ma-b0-hr-b0-86.ucode&path=//lib/firmware HTTP/1.1" 200 627 "-" "Mozilla/5.0 (compatible; MJ12bot/v1.4.8; http://mj12bot.com/)"
149.202.65.183 - - [12/May/2025:09:57:29 -0400] "GET /Owl-m6ckTZt0.php?action=edit&file=identify&path=//usr/bin HTTP/1.1" 200 612 "-" "Mozilla/5.0 (compatible; MJ12bot/v1.4.8; http://mj12bot.com/)"
149.202.65.183 - - [12/May/2025:09:57:31 -0400] "GET /Owl-m6ckTZt0.php?action=edit&file=idn&path=//usr/bin HTTP/1.1" 200 609 "-" "Mozilla/5.0 (compatible; MJ12bot/v1.4.8; http://mj12bot.com/)"
173.249.21.6 - - [12/May/2025:09:57:32 -0400] "GET /Owl-m6ckTZt0.php?action=edit&file=iwlwifi-ma-b0-hr-b0-89.ucode&path=//lib/firmware HTTP/1.1" 200 627 "-" "Mozilla/5.0 (compatible; MJ12bot/v1.4.8; http://mj12bot.com/)"
149.202.65.183 - - [12/May/2025:09:57:33 -0400] "GET /Owl-m6ckTZt0.php?action=edit&file=idn-free.h&path=//usr/include HTTP/1.1" 200 1732 "-" "Mozilla/5.0 (compatible; MJ12bot/v1.4.8; http://mj12bot.com/)"
173.249.21.6 - - [12/May/2025:09:57:34 -0400] "GET /Owl-m6ckTZt0.php?action=edit&file=iwlwifi-so-a0-gf-a0-72.ucode&path=//lib/firmware HTTP/1.1" 200 627 "-" "Mozilla/5.0 (compatible; MJ12bot/v1.4.8; http://mj12bot.com/)"
149.202.65.183 - - [12/May/2025:09:57:35 -0400] "GET /Owl-m6ckTZt0.php?action=edit&file=idn-int.h&path=//usr/include HTTP/1.1" 200 632 "-" "Mozilla/5.0 (compatible; MJ12bot/v1.4.8; http://mj12bot.com/)"
149.202.65.183 - - [12/May/2025:09:57:36 -0400] "GET /Owl-m6ckTZt0.php?action=edit&file=idna.h&path=//usr/include HTTP/1.1" 200 1892 "-" "Mozilla/5.0 (compatible; MJ12bot/v1.4.8; http://mj12bot.com/)"
173.249.21.6 - - [12/May/2025:09:57:37 -0400] "GET /Owl-m6ckTZt0.php?action=edit&file=iwlwifi-so-a0-gf-a0-73.ucode&path=//lib/firmware HTTP/1.1" 200 627 "-" "Mozilla/5.0 (compatible; MJ12bot/v1.4.8; http://mj12bot.com/)"
173.249.21.6 - - [12/May/2025:09:57:40 -0400] "GET /Owl-m6ckTZt0.php?action=edit&file=iwlwifi-so-a0-gf-a0-74.ucode&path=//lib/firmware HTTP/1.1" 200 627 "-" "Mozilla/5.0 (compatible; MJ12bot/v1.4.8; http://mj12bot.com/)"
149.202.65.183 - - [12/May/2025:09:57:42 -0400] "GET /Owl-m6ckTZt0.php?action=edit&file=ieee754.h&path=//usr/include HTTP/1.1" 200 1660 "-" "Mozilla/5.0 (compatible; MJ12bot/v1.4.8; http://mj12bot.com/)"
173.249.21.6 - - [12/May/2025:09:57:42 -0400] "GET /Owl-m6ckTZt0.php?action=edit&file=iwlwifi-so-a0-gf-a0-77.ucode&path=//lib/firmware HTTP/1.1" 200 627 "-" "Mozilla/5.0 (compatible; MJ12bot/v1.4.8; http://mj12bot.com/)"
149.202.65.183 - - [12/May/2025:09:57:44 -0400] "GET /Owl-m6ckTZt0.php?action=edit&file=if_inet6&path=//proc/net HTTP/1.1" 200 539 "-" "Mozilla/5.0 (compatible; MJ12bot/v1.4.8; http://mj12bot.com/)"
173.249.21.6 - - [12/May/2025:09:57:45 -0400] "GET /Owl-m6ckTZt0.php?action=edit&file=iwlwifi-so-a0-gf-a0-78.ucode&path=//lib/firmware HTTP/1.1" 200 627 "-" "Mozilla/5.0 (compatible; MJ12bot/v1.4.8; http://mj12bot.com/)"
149.202.65.183 - - [12/May/2025:09:57:45 -0400] "GET /Owl-m6ckTZt0.php?action=edit&file=ifaddrs.h&path=//usr/include HTTP/1.1" 200 1892 "-" "Mozilla/5.0 (compatible; MJ12bot/v1.4.8; http://mj12bot.com/)"
149.202.65.183 - - [12/May/2025:09:57:47 -0400] "GET /Owl-m6ckTZt0.php?action=edit&file=ifnames&path=//usr/bin HTTP/1.1" 200 2623 "-" "Mozilla/5.0 (compatible; MJ12bot/v1.4.8; http://mj12bot.com/)"
173.249.21.6 - - [12/May/2025:09:57:48 -0400] "GET /Owl-m6ckTZt0.php?action=edit&file=iwlwifi-so-a0-gf-a0-79.ucode&path=//lib/firmware HTTP/1.1" 200 627 "-" "Mozilla/5.0 (compatible; MJ12bot/v1.4.8; http://mj12bot.com/)"
149.202.65.183 - - [12/May/2025:09:57:49 -0400] "GET /Owl-m6ckTZt0.php?action=edit&file=igmp&path=//proc/net HTTP/1.1" 200 539 "-" "Mozilla/5.0 (compatible; MJ12bot/v1.4.8; http://mj12bot.com/)"
149.202.65.183 - - [12/May/2025:09:57:51 -0400] "GET /Owl-m6ckTZt0.php?action=edit&file=igmp6&path=//proc/net HTTP/1.1" 200 539 "-" "Mozilla/5.0 (compatible; MJ12bot/v1.4.8; http://mj12bot.com/)"
173.249.21.6 - - [12/May/2025:09:57:51 -0400] "GET /Owl-m6ckTZt0.php?action=edit&file=iwlwifi-so-a0-gf-a0-81.ucode&path=//lib/firmware HTTP/1.1" 200 627 "-" "Mozilla/5.0 (compatible; MJ12bot/v1.4.8; http://mj12bot.com/)"
149.202.65.183 - - [12/May/2025:09:57:52 -0400] "GET /Owl-m6ckTZt0.php?action=edit&file=ihooks.py&path=//lib64/python2.7 HTTP/1.1" 200 5510 "-" "Mozilla/5.0 (compatible; MJ12bot/v1.4.8; http://mj12bot.com/)"
173.249.21.6 - - [12/May/2025:09:57:53 -0400] "GET /Owl-m6ckTZt0.php?action=edit&file=iwlwifi-so-a0-gf-a0-83.ucode&path=//lib/firmware HTTP/1.1" 200 627 "-" "Mozilla/5.0 (compatible; MJ12bot/v1.4.8; http://mj12bot.com/)"
149.202.65.183 - - [12/May/2025:09:57:54 -0400] "GET /Owl-m6ckTZt0.php?action=edit&file=ihooks.pyc&path=//lib64/python2.7 HTTP/1.1" 200 615 "-" "Mozilla/5.0 (compatible; MJ12bot/v1.4.8; http://mj12bot.com/)"
149.202.65.183 - - [12/May/2025:09:57:56 -0400] "GET /Owl-m6ckTZt0.php?action=edit&file=ihooks.pyo&path=//lib64/python2.7 HTTP/1.1" 200 615 "-" "Mozilla/5.0 (compatible; MJ12bot/v1.4.8; http://mj12bot.com/)"
173.249.21.6 - - [12/May/2025:09:57:57 -0400] "GET /Owl-m6ckTZt0.php?action=edit&file=iwlwifi-so-a0-gf-a0-84.ucode&path=//lib/firmware HTTP/1.1" 200 627 "-" "Mozilla/5.0 (compatible; MJ12bot/v1.4.8; http://mj12bot.com/)"
149.202.65.183 - - [12/May/2025:09:57:58 -0400] "GET /Owl-m6ckTZt0.php?action=edit&file=imap_xaps_plugin.so&path=//lib64/dovecot HTTP/1.1" 200 622 "-" "Mozilla/5.0 (compatible; MJ12bot/v1.4.8; http://mj12bot.com/)"
149.202.65.183 - - [12/May/2025:09:57:59 -0400] "GET /Owl-m6ckTZt0.php?action=edit&file=imaplib.py&path=//lib64/python2.7 HTTP/1.1" 200 13711 "-" "Mozilla/5.0 (compatible; MJ12bot/v1.4.8; http://mj12bot.com/)"
149.202.65.183 - - [12/May/2025:09:58:01 -0400] "GET /Owl-m6ckTZt0.php?action=edit&file=imaplib.py&path=//lib64/python3.6 HTTP/1.1" 200 15130 "-" "Mozilla/5.0 (compatible; MJ12bot/v1.4.8; http://mj12bot.com/)"
173.249.21.6 - - [12/May/2025:09:58:01 -0400] "GET /Owl-m6ckTZt0.php?action=edit&file=iwlwifi-so-a0-gf-a0-86.ucode&path=//lib/firmware HTTP/1.1" 200 627 "-" "Mozilla/5.0 (compatible; MJ12bot/v1.4.8; http://mj12bot.com/)"
149.202.65.183 - - [12/May/2025:09:58:03 -0400] "GET /Owl-m6ckTZt0.php?action=edit&file=imaplib.py&path=//lib64/python3.8 HTTP/1.1" 200 15208 "-" "Mozilla/5.0 (compatible; MJ12bot/v1.4.8; http://mj12bot.com/)"
149.202.65.183 - - [12/May/2025:09:58:04 -0400] "GET /Owl-m6ckTZt0.php?action=edit&file=imaplib.pyc&path=//lib64/python2.7 HTTP/1.1" 200 615 "-" "Mozilla/5.0 (compatible; MJ12bot/v1.4.8; http://mj12bot.com/)"
149.202.65.183 - - [12/May/2025:09:58:06 -0400] "GET /Owl-m6ckTZt0.php?action=edit&file=imaplib.pyo&path=//lib64/python2.7 HTTP/1.1" 200 615 "-" "Mozilla/5.0 (compatible; MJ12bot/v1.4.8; http://mj12bot.com/)"
173.249.21.6 - - [12/May/2025:09:58:06 -0400] "GET /Owl-m6ckTZt0.php?action=edit&file=iwlwifi-so-a0-gf-a0-89.ucode&path=//lib/firmware HTTP/1.1" 200 627 "-" "Mozilla/5.0 (compatible; MJ12bot/v1.4.8; http://mj12bot.com/)"
149.202.65.183 - - [12/May/2025:09:58:08 -0400] "GET /Owl-m6ckTZt0.php?action=edit&file=imdiag.so&path=//lib64/rsyslog HTTP/1.1" 200 613 "-" "Mozilla/5.0 (compatible; MJ12bot/v1.4.8; http://mj12bot.com/)"
173.249.21.6 - - [12/May/2025:09:58:09 -0400] "GET /Owl-m6ckTZt0.php?action=edit&file=iwlwifi-so-a0-gf-a0.pnvm&path=//lib/firmware HTTP/1.1" 200 624 "-" "Mozilla/5.0 (compatible; MJ12bot/v1.4.8; http://mj12bot.com/)"
149.202.65.183 - - [12/May/2025:09:58:09 -0400] "GET /Owl-m6ckTZt0.php?action=edit&file=imfile.so&path=//lib64/rsyslog HTTP/1.1" 200 613 "-" "Mozilla/5.0 (compatible; MJ12bot/v1.4.8; http://mj12bot.com/)"
149.202.65.183 - - [12/May/2025:09:58:11 -0400] "GET /Owl-m6ckTZt0.php?action=edit&file=imghdr.py&path=//lib64/python2.7 HTTP/1.1" 200 1762 "-" "Mozilla/5.0 (compatible; MJ12bot/v1.4.8; http://mj12bot.com/)"
173.249.21.6 - - [12/May/2025:09:58:11 -0400] "GET /Owl-m6ckTZt0.php?action=edit&file=iwlwifi-so-a0-gf4-a0-72.ucode&path=//lib/firmware HTTP/1.1" 200 628 "-" "Mozilla/5.0 (compatible; MJ12bot/v1.4.8; http://mj12bot.com/)"
149.202.65.183 - - [12/May/2025:09:58:13 -0400] "GET /Owl-m6ckTZt0.php?action=edit&file=imghdr.py&path=//lib64/python3.6 HTTP/1.1" 200 1852 "-" "Mozilla/5.0 (compatible; MJ12bot/v1.4.8; http://mj12bot.com/)"
173.249.21.6 - - [12/May/2025:09:58:14 -0400] "GET /Owl-m6ckTZt0.php?action=edit&file=iwlwifi-so-a0-gf4-a0-73.ucode&path=//lib/firmware HTTP/1.1" 200 628 "-" "Mozilla/5.0 (compatible; MJ12bot/v1.4.8; http://mj12bot.com/)"
149.202.65.183 - - [12/May/2025:09:58:15 -0400] "GET /Owl-m6ckTZt0.php?action=edit&file=imghdr.py&path=//lib64/python3.8 HTTP/1.1" 200 1859 "-" "Mozilla/5.0 (compatible; MJ12bot/v1.4.8; http://mj12bot.com/)"
149.202.65.183 - - [12/May/2025:09:58:16 -0400] "GET /Owl-m6ckTZt0.php?action=edit&file=imghdr.pyc&path=//lib64/python2.7 HTTP/1.1" 200 615 "-" "Mozilla/5.0 (compatible; MJ12bot/v1.4.8; http://mj12bot.com/)"
149.202.65.183 - - [12/May/2025:09:58:18 -0400] "GET /Owl-m6ckTZt0.php?action=edit&file=imghdr.pyo&path=//lib64/python2.7 HTTP/1.1" 200 615 "-" "Mozilla/5.0 (compatible; MJ12bot/v1.4.8; http://mj12bot.com/)"
173.249.21.6 - - [12/May/2025:09:58:19 -0400] "GET /Owl-m6ckTZt0.php?action=edit&file=iwlwifi-so-a0-gf4-a0-74.ucode&path=//lib/firmware HTTP/1.1" 200 628 "-" "Mozilla/5.0 (compatible; MJ12bot/v1.4.8; http://mj12bot.com/)"
149.202.65.183 - - [12/May/2025:09:58:20 -0400] "GET /Owl-m6ckTZt0.php?action=edit&file=imjournal.so&path=//lib64/rsyslog HTTP/1.1" 200 616 "-" "Mozilla/5.0 (compatible; MJ12bot/v1.4.8; http://mj12bot.com/)"
149.202.65.183 - - [12/May/2025:09:58:21 -0400] "GET /Owl-m6ckTZt0.php?action=edit&file=imklog.so&path=//lib64/rsyslog HTTP/1.1" 200 615 "-" "Mozilla/5.0 (compatible; MJ12bot/v1.4.8; http://mj12bot.com/)"
173.249.21.6 - - [12/May/2025:09:58:23 -0400] "GET /Owl-m6ckTZt0.php?action=edit&file=iwlwifi-so-a0-gf4-a0-77.ucode&path=//lib/firmware HTTP/1.1" 200 628 "-" "Mozilla/5.0 (compatible; MJ12bot/v1.4.8; http://mj12bot.com/)"
149.202.65.183 - - [12/May/2025:09:58:23 -0400] "GET /Owl-m6ckTZt0.php?action=edit&file=immark.so&path=//lib64/rsyslog HTTP/1.1" 200 614 "-" "Mozilla/5.0 (compatible; MJ12bot/v1.4.8; http://mj12bot.com/)"
149.202.65.183 - - [12/May/2025:09:58:25 -0400] "GET /Owl-m6ckTZt0.php?action=edit&file=imp.py&path=//lib64/python3.6 HTTP/1.1" 200 3891 "-" "Mozilla/5.0 (compatible; MJ12bot/v1.4.8; http://mj12bot.com/)"
173.249.21.6 - - [12/May/2025:09:58:25 -0400] "GET /Owl-m6ckTZt0.php?action=edit&file=iwlwifi-so-a0-gf4-a0-78.ucode&path=//lib/firmware HTTP/1.1" 200 628 "-" "Mozilla/5.0 (compatible; MJ12bot/v1.4.8; http://mj12bot.com/)"
149.202.65.183 - - [12/May/2025:09:58:26 -0400] "GET /Owl-m6ckTZt0.php?action=edit&file=imp.py&path=//lib64/python3.8 HTTP/1.1" 200 3813 "-" "Mozilla/5.0 (compatible; MJ12bot/v1.4.8; http://mj12bot.com/)"
149.202.65.183 - - [12/May/2025:09:58:28 -0400] "GET /Owl-m6ckTZt0.php?action=edit&file=import&path=//usr/bin HTTP/1.1" 200 611 "-" "Mozilla/5.0 (compatible; MJ12bot/v1.4.8; http://mj12bot.com/)"
173.249.21.6 - - [12/May/2025:09:58:28 -0400] "GET /Owl-m6ckTZt0.php?action=edit&file=iwlwifi-so-a0-gf4-a0-79.ucode&path=//lib/firmware HTTP/1.1" 200 628 "-" "Mozilla/5.0 (compatible; MJ12bot/v1.4.8; http://mj12bot.com/)"
149.202.65.183 - - [12/May/2025:09:58:30 -0400] "GET /Owl-m6ckTZt0.php?action=edit&file=impstats.so&path=//lib64/rsyslog HTTP/1.1" 200 615 "-" "Mozilla/5.0 (compatible; MJ12bot/v1.4.8; http://mj12bot.com/)"
173.249.21.6 - - [12/May/2025:09:58:31 -0400] "GET /Owl-m6ckTZt0.php?action=edit&file=iwlwifi-so-a0-gf4-a0-81.ucode&path=//lib/firmware HTTP/1.1" 200 628 "-" "Mozilla/5.0 (compatible; MJ12bot/v1.4.8; http://mj12bot.com/)"
149.202.65.183 - - [12/May/2025:09:58:31 -0400] "GET /Owl-m6ckTZt0.php?action=edit&file=imptcp.so&path=//lib64/rsyslog HTTP/1.1" 200 614 "-" "Mozilla/5.0 (compatible; MJ12bot/v1.4.8; http://mj12bot.com/)"
149.202.65.183 - - [12/May/2025:09:58:33 -0400] "GET /Owl-m6ckTZt0.php?action=edit&file=imputil.py&path=//lib64/python2.7 HTTP/1.1" 200 8626 "-" "Mozilla/5.0 (compatible; MJ12bot/v1.4.8; http://mj12bot.com/)"
149.202.65.183 - - [12/May/2025:09:58:35 -0400] "GET /Owl-m6ckTZt0.php?action=edit&file=imputil.pyc&path=//lib64/python2.7 HTTP/1.1" 200 615 "-" "Mozilla/5.0 (compatible; MJ12bot/v1.4.8; http://mj12bot.com/)"
173.249.21.6 - - [12/May/2025:09:58:35 -0400] "GET /Owl-m6ckTZt0.php?action=edit&file=iwlwifi-so-a0-gf4-a0-83.ucode&path=//lib/firmware HTTP/1.1" 200 628 "-" "Mozilla/5.0 (compatible; MJ12bot/v1.4.8; http://mj12bot.com/)"
149.202.65.183 - - [12/May/2025:09:58:37 -0400] "GET /Owl-m6ckTZt0.php?action=edit&file=imputil.pyo&path=//lib64/python2.7 HTTP/1.1" 200 615 "-" "Mozilla/5.0 (compatible; MJ12bot/v1.4.8; http://mj12bot.com/)"
149.202.65.183 - - [12/May/2025:09:58:38 -0400] "GET /Owl-m6ckTZt0.php?action=edit&file=imtcp.so&path=//lib64/rsyslog HTTP/1.1" 200 613 "-" "Mozilla/5.0 (compatible; MJ12bot/v1.4.8; http://mj12bot.com/)"
149.202.65.183 - - [12/May/2025:09:58:40 -0400] "GET /Owl-m6ckTZt0.php?action=edit&file=imudp.so&path=//lib64/rsyslog HTTP/1.1" 200 613 "-" "Mozilla/5.0 (compatible; MJ12bot/v1.4.8; http://mj12bot.com/)"
173.249.21.6 - - [12/May/2025:09:58:40 -0400] "GET /Owl-m6ckTZt0.php?action=edit&file=iwlwifi-so-a0-gf4-a0-84.ucode&path=//lib/firmware HTTP/1.1" 200 628 "-" "Mozilla/5.0 (compatible; MJ12bot/v1.4.8; http://mj12bot.com/)"
149.202.65.183 - - [12/May/2025:09:58:42 -0400] "GET /Owl-m6ckTZt0.php?action=edit&file=imunify_dbscan.php&path=//opt/ai-bolit HTTP/1.1" 200 621 "-" "Mozilla/5.0 (compatible; MJ12bot/v1.4.8; http://mj12bot.com/)"
149.202.65.183 - - [12/May/2025:09:58:44 -0400] "GET /Owl-m6ckTZt0.php?action=edit&file=imuxsock.so&path=//lib64/rsyslog HTTP/1.1" 200 616 "-" "Mozilla/5.0 (compatible; MJ12bot/v1.4.8; http://mj12bot.com/)"
173.249.21.6 - - [12/May/2025:09:58:44 -0400] "GET /Owl-m6ckTZt0.php?action=edit&file=iwlwifi-so-a0-gf4-a0-86.ucode&path=//lib/firmware HTTP/1.1" 200 628 "-" "Mozilla/5.0 (compatible; MJ12bot/v1.4.8; http://mj12bot.com/)"
173.249.21.6 - - [12/May/2025:09:58:46 -0400] "GET /Owl-m6ckTZt0.php?action=edit&file=iwlwifi-so-a0-gf4-a0-89.ucode&path=//lib/firmware HTTP/1.1" 200 628 "-" "Mozilla/5.0 (compatible; MJ12bot/v1.4.8; http://mj12bot.com/)"
173.249.21.6 - - [12/May/2025:09:58:48 -0400] "GET /Owl-m6ckTZt0.php?action=edit&file=iwlwifi-so-a0-gf4-a0.pnvm&path=//lib/firmware HTTP/1.1" 200 625 "-" "Mozilla/5.0 (compatible; MJ12bot/v1.4.8; http://mj12bot.com/)"
173.249.21.6 - - [12/May/2025:09:58:51 -0400] "GET /Owl-m6ckTZt0.php?action=edit&file=iwlwifi-so-a0-hr-b0-72.ucode&path=//lib/firmware HTTP/1.1" 200 628 "-" "Mozilla/5.0 (compatible; MJ12bot/v1.4.8; http://mj12bot.com/)"
149.202.65.183 - - [12/May/2025:09:58:53 -0400] "GET /Owl-m6ckTZt0.php?action=edit&file=infocmp&path=//usr/bin HTTP/1.1" 200 612 "-" "Mozilla/5.0 (compatible; MJ12bot/v1.4.8; http://mj12bot.com/)"
149.202.65.183 - - [12/May/2025:09:58:54 -0400] "GET /Owl-m6ckTZt0.php?action=edit&file=infotocap&path=//usr/bin HTTP/1.1" 200 614 "-" "Mozilla/5.0 (compatible; MJ12bot/v1.4.8; http://mj12bot.com/)"
173.249.21.6 - - [12/May/2025:09:58:57 -0400] "GET /Owl-m6ckTZt0.php?action=edit&file=iwlwifi-so-a0-hr-b0-73.ucode&path=//lib/firmware HTTP/1.1" 200 628 "-" "Mozilla/5.0 (compatible; MJ12bot/v1.4.8; http://mj12bot.com/)"
173.249.21.6 - - [12/May/2025:09:58:59 -0400] "GET /Owl-m6ckTZt0.php?action=edit&file=iwlwifi-so-a0-hr-b0-74.ucode&path=//lib/firmware HTTP/1.1" 200 628 "-" "Mozilla/5.0 (compatible; MJ12bot/v1.4.8; http://mj12bot.com/)"
173.249.21.6 - - [12/May/2025:09:59:03 -0400] "GET /Owl-m6ckTZt0.php?action=edit&file=iwlwifi-so-a0-hr-b0-77.ucode&path=//lib/firmware HTTP/1.1" 200 628 "-" "Mozilla/5.0 (compatible; MJ12bot/v1.4.8; http://mj12bot.com/)"
149.202.65.183 - - [12/May/2025:09:59:05 -0400] "GET /Owl-m6ckTZt0.php?action=edit&file=inplace.so&path=//lib64/gawk HTTP/1.1" 200 614 "-" "Mozilla/5.0 (compatible; MJ12bot/v1.4.8; http://mj12bot.com/)"
149.202.65.183 - - [12/May/2025:09:59:06 -0400] "GET /Owl-m6ckTZt0.php?action=edit&file=inspect.py&path=//lib64/python2.7 HTTP/1.1" 200 12068 "-" "Mozilla/5.0 (compatible; MJ12bot/v1.4.8; http://mj12bot.com/)"
173.249.21.6 - - [12/May/2025:09:59:07 -0400] "GET /Owl-m6ckTZt0.php?action=edit&file=iwlwifi-so-a0-hr-b0-79.ucode&path=//lib/firmware HTTP/1.1" 200 628 "-" "Mozilla/5.0 (compatible; MJ12bot/v1.4.8; http://mj12bot.com/)"
149.202.65.183 - - [12/May/2025:09:59:08 -0400] "GET /Owl-m6ckTZt0.php?action=edit&file=inspect.py&path=//lib64/python3.6 HTTP/1.1" 200 28807 "-" "Mozilla/5.0 (compatible; MJ12bot/v1.4.8; http://mj12bot.com/)"
173.249.21.6 - - [12/May/2025:09:59:09 -0400] "GET /Owl-m6ckTZt0.php?action=edit&file=iwlwifi-so-a0-hr-b0-81.ucode&path=//lib/firmware HTTP/1.1" 200 627 "-" "Mozilla/5.0 (compatible; MJ12bot/v1.4.8; http://mj12bot.com/)"
149.202.65.183 - - [12/May/2025:09:59:10 -0400] "GET /Owl-m6ckTZt0.php?action=edit&file=inspect.py&path=//lib64/python3.8 HTTP/1.1" 200 29260 "-" "Mozilla/5.0 (compatible; MJ12bot/v1.4.8; http://mj12bot.com/)"
149.202.65.183 - - [12/May/2025:09:59:12 -0400] "GET /Owl-m6ckTZt0.php?action=edit&file=inspect.pyc&path=//lib64/python2.7 HTTP/1.1" 200 615 "-" "Mozilla/5.0 (compatible; MJ12bot/v1.4.8; http://mj12bot.com/)"
173.249.21.6 - - [12/May/2025:09:59:12 -0400] "GET /Owl-m6ckTZt0.php?action=edit&file=iwlwifi-so-a0-hr-b0-83.ucode&path=//lib/firmware HTTP/1.1" 200 628 "-" "Mozilla/5.0 (compatible; MJ12bot/v1.4.8; http://mj12bot.com/)"
149.202.65.183 - - [12/May/2025:09:59:13 -0400] "GET /Owl-m6ckTZt0.php?action=edit&file=inspect.pyo&path=//lib64/python2.7 HTTP/1.1" 200 615 "-" "Mozilla/5.0 (compatible; MJ12bot/v1.4.8; http://mj12bot.com/)"
173.249.21.6 - - [12/May/2025:09:59:14 -0400] "GET /Owl-m6ckTZt0.php?action=edit&file=iwlwifi-so-a0-hr-b0-84.ucode&path=//lib/firmware HTTP/1.1" 200 628 "-" "Mozilla/5.0 (compatible; MJ12bot/v1.4.8; http://mj12bot.com/)"
149.202.65.183 - - [12/May/2025:09:59:15 -0400] "GET /Owl-m6ckTZt0.php?action=edit&file=install&path=//usr/bin HTTP/1.1" 200 612 "-" "Mozilla/5.0 (compatible; MJ12bot/v1.4.8; http://mj12bot.com/)"
173.249.21.6 - - [12/May/2025:09:59:20 -0400] "GET /Owl-m6ckTZt0.php?action=edit&file=iwlwifi-so-a0-hr-b0-86.ucode&path=//lib/firmware HTTP/1.1" 200 628 "-" "Mozilla/5.0 (compatible; MJ12bot/v1.4.8; http://mj12bot.com/)"
173.249.21.6 - - [12/May/2025:09:59:22 -0400] "GET /Owl-m6ckTZt0.php?action=edit&file=iwlwifi-so-a0-hr-b0-89.ucode&path=//lib/firmware HTTP/1.1" 200 628 "-" "Mozilla/5.0 (compatible; MJ12bot/v1.4.8; http://mj12bot.com/)"
149.202.65.183 - - [12/May/2025:09:59:24 -0400] "GET /Owl-m6ckTZt0.php?action=edit&file=instmodsh&path=//usr/bin HTTP/1.1" 200 1919 "-" "Mozilla/5.0 (compatible; MJ12bot/v1.4.8; http://mj12bot.com/)"
149.202.65.183 - - [12/May/2025:09:59:25 -0400] "GET /Owl-m6ckTZt0.php?action=edit&file=intdiv.so&path=//lib64/gawk HTTP/1.1" 200 613 "-" "Mozilla/5.0 (compatible; MJ12bot/v1.4.8; http://mj12bot.com/)"
173.249.21.6 - - [12/May/2025:09:59:26 -0400] "GET /Owl-m6ckTZt0.php?action=edit&file=iwlwifi-so-a0-jf-b0-72.ucode&path=//lib/firmware HTTP/1.1" 200 628 "-" "Mozilla/5.0 (compatible; MJ12bot/v1.4.8; http://mj12bot.com/)"
173.249.21.6 - - [12/May/2025:09:59:29 -0400] "GET /Owl-m6ckTZt0.php?action=edit&file=iwlwifi-so-a0-jf-b0-73.ucode&path=//lib/firmware HTTP/1.1" 200 628 "-" "Mozilla/5.0 (compatible; MJ12bot/v1.4.8; http://mj12bot.com/)"
149.202.65.183 - - [12/May/2025:09:59:30 -0400] "GET /Owl-m6ckTZt0.php?action=edit&file=inttypes.h&path=//usr/include HTTP/1.1" 200 3001 "-" "Mozilla/5.0 (compatible; MJ12bot/v1.4.8; http://mj12bot.com/)"
173.249.21.6 - - [12/May/2025:09:59:32 -0400] "GET /Owl-m6ckTZt0.php?action=edit&file=iwlwifi-so-a0-jf-b0-74.ucode&path=//lib/firmware HTTP/1.1" 200 629 "-" "Mozilla/5.0 (compatible; MJ12bot/v1.4.8; http://mj12bot.com/)"
149.202.65.183 - - [12/May/2025:09:59:32 -0400] "GET /Owl-m6ckTZt0.php?action=edit&file=io&path=//proc/self HTTP/1.1" 200 656 "-" "Mozilla/5.0 (compatible; MJ12bot/v1.4.8; http://mj12bot.com/)"
149.202.65.183 - - [12/May/2025:09:59:34 -0400] "GET /Owl-m6ckTZt0.php?action=edit&file=io&path=//proc/thread-self HTTP/1.1" 200 656 "-" "Mozilla/5.0 (compatible; MJ12bot/v1.4.8; http://mj12bot.com/)"
173.249.21.6 - - [12/May/2025:09:59:34 -0400] "GET /Owl-m6ckTZt0.php?action=edit&file=iwlwifi-so-a0-jf-b0-77.ucode&path=//lib/firmware HTTP/1.1" 200 628 "-" "Mozilla/5.0 (compatible; MJ12bot/v1.4.8; http://mj12bot.com/)"
