149.202.65.183 - - [12/May/2025:09:59:35 -0400] "GET /Owl-m6ckTZt0.php?action=edit&file=io.py&path=//lib64/python2.7 HTTP/1.1" 200 1996 "-" "Mozilla/5.0 (compatible; MJ12bot/v1.4.8; http://mj12bot.com/)"
173.249.21.6 - - [12/May/2025:09:59:36 -0400] "GET /Owl-m6ckTZt0.php?action=edit&file=iwlwifi-ty-a0-gf-a0-59.ucode&path=//lib/firmware HTTP/1.1" 200 627 "-" "Mozilla/5.0 (compatible; MJ12bot/v1.4.8; http://mj12bot.com/)"
149.202.65.183 - - [12/May/2025:09:59:37 -0400] "GET /Owl-m6ckTZt0.php?action=edit&file=io.py&path=//lib64/python3.6 HTTP/1.1" 200 2076 "-" "Mozilla/5.0 (compatible; MJ12bot/v1.4.8; http://mj12bot.com/)"
173.249.21.6 - - [12/May/2025:09:59:38 -0400] "GET /Owl-m6ckTZt0.php?action=edit&file=iwlwifi-ty-a0-gf-a0-66.ucode&path=//lib/firmware HTTP/1.1" 200 627 "-" "Mozilla/5.0 (compatible; MJ12bot/v1.4.8; http://mj12bot.com/)"
149.202.65.183 - - [12/May/2025:09:59:39 -0400] "GET /Owl-m6ckTZt0.php?action=edit&file=io.py&path=//lib64/python3.8 HTTP/1.1" 200 2086 "-" "Mozilla/5.0 (compatible; MJ12bot/v1.4.8; http://mj12bot.com/)"
149.202.65.183 - - [12/May/2025:09:59:40 -0400] "GET /Owl-m6ckTZt0.php?action=edit&file=io.pyc&path=//lib64/python2.7 HTTP/1.1" 200 612 "-" "Mozilla/5.0 (compatible; MJ12bot/v1.4.8; http://mj12bot.com/)"
173.249.21.6 - - [12/May/2025:09:59:41 -0400] "GET /Owl-m6ckTZt0.php?action=edit&file=iwlwifi-ty-a0-gf-a0-72.ucode&path=//lib/firmware HTTP/1.1" 200 627 "-" "Mozilla/5.0 (compatible; MJ12bot/v1.4.8; http://mj12bot.com/)"
149.202.65.183 - - [12/May/2025:09:59:42 -0400] "GET /Owl-m6ckTZt0.php?action=edit&file=io.pyo&path=//lib64/python2.7 HTTP/1.1" 200 612 "-" "Mozilla/5.0 (compatible; MJ12bot/v1.4.8; http://mj12bot.com/)"
173.249.21.6 - - [12/May/2025:09:59:43 -0400] "GET /Owl-m6ckTZt0.php?action=edit&file=iwlwifi-ty-a0-gf-a0-73.ucode&path=//lib/firmware HTTP/1.1" 200 627 "-" "Mozilla/5.0 (compatible; MJ12bot/v1.4.8; http://mj12bot.com/)"
149.202.65.183 - - [12/May/2025:09:59:44 -0400] "GET /Owl-m6ckTZt0.php?action=edit&file=ionice&path=//usr/bin HTTP/1.1" 200 612 "-" "Mozilla/5.0 (compatible; MJ12bot/v1.4.8; http://mj12bot.com/)"
149.202.65.183 - - [12/May/2025:09:59:45 -0400] "GET /Owl-m6ckTZt0.php?action=edit&file=ip&path=//usr/sbin HTTP/1.1" 200 609 "-" "Mozilla/5.0 (compatible; MJ12bot/v1.4.8; http://mj12bot.com/)"
173.249.21.6 - - [12/May/2025:09:59:46 -0400] "GET /Owl-m6ckTZt0.php?action=edit&file=iwlwifi-ty-a0-gf-a0-74.ucode&path=//lib/firmware HTTP/1.1" 200 627 "-" "Mozilla/5.0 (compatible; MJ12bot/v1.4.8; http://mj12bot.com/)"
149.202.65.183 - - [12/May/2025:09:59:47 -0400] "GET /Owl-m6ckTZt0.php?action=edit&file=ip6_flowlabel&path=//proc/net HTTP/1.1" 200 539 "-" "Mozilla/5.0 (compatible; MJ12bot/v1.4.8; http://mj12bot.com/)"
149.202.65.183 - - [12/May/2025:09:59:49 -0400] "GET /Owl-m6ckTZt0.php?action=edit&file=ip6_mr_cache&path=//proc/net HTTP/1.1" 200 539 "-" "Mozilla/5.0 (compatible; MJ12bot/v1.4.8; http://mj12bot.com/)"
149.202.65.183 - - [12/May/2025:09:59:50 -0400] "GET /Owl-m6ckTZt0.php?action=edit&file=ip6_mr_vif&path=//proc/net HTTP/1.1" 200 539 "-" "Mozilla/5.0 (compatible; MJ12bot/v1.4.8; http://mj12bot.com/)"
173.249.21.6 - - [12/May/2025:09:59:51 -0400] "GET /Owl-m6ckTZt0.php?action=edit&file=iwlwifi-ty-a0-gf-a0-77.ucode&path=//lib/firmware HTTP/1.1" 200 627 "-" "Mozilla/5.0 (compatible; MJ12bot/v1.4.8; http://mj12bot.com/)"
149.202.65.183 - - [12/May/2025:09:59:52 -0400] "GET /Owl-m6ckTZt0.php?action=edit&file=ip_mr_cache&path=//proc/net HTTP/1.1" 200 539 "-" "Mozilla/5.0 (compatible; MJ12bot/v1.4.8; http://mj12bot.com/)"
173.249.21.6 - - [12/May/2025:09:59:53 -0400] "GET /Owl-m6ckTZt0.php?action=edit&file=iwlwifi-ty-a0-gf-a0-78.ucode&path=//lib/firmware HTTP/1.1" 200 627 "-" "Mozilla/5.0 (compatible; MJ12bot/v1.4.8; http://mj12bot.com/)"
149.202.65.183 - - [12/May/2025:09:59:54 -0400] "GET /Owl-m6ckTZt0.php?action=edit&file=ip_mr_vif&path=//proc/net HTTP/1.1" 200 539 "-" "Mozilla/5.0 (compatible; MJ12bot/v1.4.8; http://mj12bot.com/)"
149.202.65.183 - - [12/May/2025:09:59:55 -0400] "GET /Owl-m6ckTZt0.php?action=edit&file=ip_tables_matches&path=//proc/net HTTP/1.1" 200 539 "-" "Mozilla/5.0 (compatible; MJ12bot/v1.4.8; http://mj12bot.com/)"
173.249.21.6 - - [12/May/2025:09:59:55 -0400] "GET /Owl-m6ckTZt0.php?action=edit&file=iwlwifi-ty-a0-gf-a0-79.ucode&path=//lib/firmware HTTP/1.1" 200 627 "-" "Mozilla/5.0 (compatible; MJ12bot/v1.4.8; http://mj12bot.com/)"
149.202.65.183 - - [12/May/2025:09:59:57 -0400] "GET /Owl-m6ckTZt0.php?action=edit&file=ip_tables_names&path=//proc/net HTTP/1.1" 200 539 "-" "Mozilla/5.0 (compatible; MJ12bot/v1.4.8; http://mj12bot.com/)"
173.249.21.6 - - [12/May/2025:09:59:57 -0400] "GET /Owl-m6ckTZt0.php?action=edit&file=iwlwifi-ty-a0-gf-a0-81.ucode&path=//lib/firmware HTTP/1.1" 200 627 "-" "Mozilla/5.0 (compatible; MJ12bot/v1.4.8; http://mj12bot.com/)"
149.202.65.183 - - [12/May/2025:09:59:59 -0400] "GET /Owl-m6ckTZt0.php?action=edit&file=ip_tables_targets&path=//proc/net HTTP/1.1" 200 539 "-" "Mozilla/5.0 (compatible; MJ12bot/v1.4.8; http://mj12bot.com/)"
149.202.65.183 - - [12/May/2025:10:00:01 -0400] "GET /Owl-m6ckTZt0.php?action=edit&file=ipaddress.py&path=//lib64/python3.6 HTTP/1.1" 200 15563 "-" "Mozilla/5.0 (compatible; MJ12bot/v1.4.8; http://mj12bot.com/)"
173.249.21.6 - - [12/May/2025:10:00:01 -0400] "GET /Owl-m6ckTZt0.php?action=edit&file=iwlwifi-ty-a0-gf-a0-83.ucode&path=//lib/firmware HTTP/1.1" 200 627 "-" "Mozilla/5.0 (compatible; MJ12bot/v1.4.8; http://mj12bot.com/)"
149.202.65.183 - - [12/May/2025:10:00:03 -0400] "GET /Owl-m6ckTZt0.php?action=edit&file=ipaddress.py&path=//lib64/python3.8 HTTP/1.1" 200 14648 "-" "Mozilla/5.0 (compatible; MJ12bot/v1.4.8; http://mj12bot.com/)"
149.202.65.183 - - [12/May/2025:10:00:04 -0400] "GET /Owl-m6ckTZt0.php?action=edit&file=ipcrm&path=//usr/bin HTTP/1.1" 200 611 "-" "Mozilla/5.0 (compatible; MJ12bot/v1.4.8; http://mj12bot.com/)"
173.249.21.6 - - [12/May/2025:10:00:06 -0400] "GET /Owl-m6ckTZt0.php?action=edit&file=iwlwifi-ty-a0-gf-a0-84.ucode&path=//lib/firmware HTTP/1.1" 200 627 "-" "Mozilla/5.0 (compatible; MJ12bot/v1.4.8; http://mj12bot.com/)"
149.202.65.183 - - [12/May/2025:10:00:06 -0400] "GET /Owl-m6ckTZt0.php?action=edit&file=iptraf-ng.conf&path=//lib/tmpfiles.d HTTP/1.1" 200 635 "-" "Mozilla/5.0 (compatible; MJ12bot/v1.4.8; http://mj12bot.com/)"
149.202.65.183 - - [12/May/2025:10:00:08 -0400] "GET /Owl-m6ckTZt0.php?action=edit&file=ipv6_route&path=//proc/net HTTP/1.1" 200 539 "-" "Mozilla/5.0 (compatible; MJ12bot/v1.4.8; http://mj12bot.com/)"
173.249.21.6 - - [12/May/2025:10:00:08 -0400] "GET /Owl-m6ckTZt0.php?action=edit&file=iwlwifi-ty-a0-gf-a0-86.ucode&path=//lib/firmware HTTP/1.1" 200 627 "-" "Mozilla/5.0 (compatible; MJ12bot/v1.4.8; http://mj12bot.com/)"
149.202.65.183 - - [12/May/2025:10:00:10 -0400] "GET /Owl-m6ckTZt0.php?action=edit&file=isc-hmac-fixup&path=//usr/sbin HTTP/1.1" 200 618 "-" "Mozilla/5.0 (compatible; MJ12bot/v1.4.8; http://mj12bot.com/)"
149.202.65.183 - - [12/May/2025:10:00:12 -0400] "GET /Owl-m6ckTZt0.php?action=edit&file=isdbt_nova_12mhz.inp&path=//lib/firmware HTTP/1.1" 200 623 "-" "Mozilla/5.0 (compatible; MJ12bot/v1.4.8; http://mj12bot.com/)"
173.249.21.6 - - [12/May/2025:10:00:13 -0400] "GET /Owl-m6ckTZt0.php?action=edit&file=iwlwifi-ty-a0-gf-a0-89.ucode&path=//lib/firmware HTTP/1.1" 200 627 "-" "Mozilla/5.0 (compatible; MJ12bot/v1.4.8; http://mj12bot.com/)"
149.202.65.183 - - [12/May/2025:10:00:14 -0400] "GET /Owl-m6ckTZt0.php?action=edit&file=isdbt_nova_12mhz_b0.inp&path=//lib/firmware HTTP/1.1" 200 626 "-" "Mozilla/5.0 (compatible; MJ12bot/v1.4.8; http://mj12bot.com/)"
149.202.65.183 - - [12/May/2025:10:00:16 -0400] "GET /Owl-m6ckTZt0.php?action=edit&file=isdbt_rio.inp&path=//lib/firmware HTTP/1.1" 200 617 "-" "Mozilla/5.0 (compatible; MJ12bot/v1.4.8; http://mj12bot.com/)"
173.249.21.6 - - [12/May/2025:10:00:16 -0400] "GET /Owl-m6ckTZt0.php?action=edit&file=iwlwifi-ty-a0-gf-a0.pnvm&path=//lib/firmware HTTP/1.1" 200 624 "-" "Mozilla/5.0 (compatible; MJ12bot/v1.4.8; http://mj12bot.com/)"
149.202.65.183 - - [12/May/2025:10:00:17 -0400] "GET /Owl-m6ckTZt0.php?action=edit&file=iso-8859-1.cmap&path=//lib64/aspell-0.60 HTTP/1.1" 200 7447 "-" "Mozilla/5.0 (compatible; MJ12bot/v1.4.8; http://mj12bot.com/)"
173.249.21.6 - - [12/May/2025:10:00:19 -0400] "GET /Owl-m6ckTZt0.php?action=edit&file=jconfig-64.h&path=//usr/include HTTP/1.1" 200 1570 "-" "Mozilla/5.0 (compatible; MJ12bot/v1.4.8; http://mj12bot.com/)"
149.202.65.183 - - [12/May/2025:10:00:19 -0400] "GET /Owl-m6ckTZt0.php?action=edit&file=iso-8859-1.cset&path=//lib64/aspell-0.60 HTTP/1.1" 200 4173 "-" "Mozilla/5.0 (compatible; MJ12bot/v1.4.8; http://mj12bot.com/)"
149.202.65.183 - - [12/May/2025:10:00:21 -0400] "GET /Owl-m6ckTZt0.php?action=edit&file=iso-8859-10.cmap&path=//lib64/aspell-0.60 HTTP/1.1" 200 7619 "-" "Mozilla/5.0 (compatible; MJ12bot/v1.4.8; http://mj12bot.com/)"
173.249.21.6 - - [12/May/2025:10:00:22 -0400] "GET /Owl-m6ckTZt0.php?action=edit&file=jconfig.h&path=//usr/include HTTP/1.1" 200 757 "-" "Mozilla/5.0 (compatible; MJ12bot/v1.4.8; http://mj12bot.com/)"
149.202.65.183 - - [12/May/2025:10:00:22 -0400] "GET /Owl-m6ckTZt0.php?action=edit&file=iso-8859-10.cset&path=//lib64/aspell-0.60 HTTP/1.1" 200 4128 "-" "Mozilla/5.0 (compatible; MJ12bot/v1.4.8; http://mj12bot.com/)"
173.249.21.6 - - [12/May/2025:10:00:24 -0400] "GET /Owl-m6ckTZt0.php?action=edit&file=jerror.h&path=//usr/include HTTP/1.1" 200 4818 "-" "Mozilla/5.0 (compatible; MJ12bot/v1.4.8; http://mj12bot.com/)"
149.202.65.183 - - [12/May/2025:10:00:24 -0400] "GET /Owl-m6ckTZt0.php?action=edit&file=iso-8859-11.cmap&path=//lib64/aspell-0.60 HTTP/1.1" 200 7023 "-" "Mozilla/5.0 (compatible; MJ12bot/v1.4.8; http://mj12bot.com/)"
149.202.65.183 - - [12/May/2025:10:00:26 -0400] "GET /Owl-m6ckTZt0.php?action=edit&file=iso-8859-11.cset&path=//lib64/aspell-0.60 HTTP/1.1" 200 4087 "-" "Mozilla/5.0 (compatible; MJ12bot/v1.4.8; http://mj12bot.com/)"
149.202.65.183 - - [12/May/2025:10:00:27 -0400] "GET /Owl-m6ckTZt0.php?action=edit&file=iso-8859-13.cmap&path=//lib64/aspell-0.60 HTTP/1.1" 200 7637 "-" "Mozilla/5.0 (compatible; MJ12bot/v1.4.8; http://mj12bot.com/)"
149.202.65.183 - - [12/May/2025:10:00:29 -0400] "GET /Owl-m6ckTZt0.php?action=edit&file=iso-8859-13.cset&path=//lib64/aspell-0.60 HTTP/1.1" 200 4205 "-" "Mozilla/5.0 (compatible; MJ12bot/v1.4.8; http://mj12bot.com/)"
149.202.65.183 - - [12/May/2025:10:00:31 -0400] "GET /Owl-m6ckTZt0.php?action=edit&file=iso-8859-14.cmap&path=//lib64/aspell-0.60 HTTP/1.1" 200 7513 "-" "Mozilla/5.0 (compatible; MJ12bot/v1.4.8; http://mj12bot.com/)"
149.202.65.183 - - [12/May/2025:10:00:32 -0400] "GET /Owl-m6ckTZt0.php?action=edit&file=iso-8859-14.cset&path=//lib64/aspell-0.60 HTTP/1.1" 200 4076 "-" "Mozilla/5.0 (compatible; MJ12bot/v1.4.8; http://mj12bot.com/)"
149.202.65.183 - - [12/May/2025:10:00:34 -0400] "GET /Owl-m6ckTZt0.php?action=edit&file=iso-8859-15.cmap&path=//lib64/aspell-0.60 HTTP/1.1" 200 7440 "-" "Mozilla/5.0 (compatible; MJ12bot/v1.4.8; http://mj12bot.com/)"
149.202.65.183 - - [12/May/2025:10:00:36 -0400] "GET /Owl-m6ckTZt0.php?action=edit&file=iso-8859-15.cset&path=//lib64/aspell-0.60 HTTP/1.1" 200 4164 "-" "Mozilla/5.0 (compatible; MJ12bot/v1.4.8; http://mj12bot.com/)"
173.249.21.6 - - [12/May/2025:10:00:37 -0400] "GET /Owl-m6ckTZt0.php?action=edit&file=jmorecfg.h&path=//usr/include HTTP/1.1" 200 6024 "-" "Mozilla/5.0 (compatible; MJ12bot/v1.4.8; http://mj12bot.com/)"
149.202.65.183 - - [12/May/2025:10:00:38 -0400] "GET /Owl-m6ckTZt0.php?action=edit&file=iso-8859-16.cmap&path=//lib64/aspell-0.60 HTTP/1.1" 200 7554 "-" "Mozilla/5.0 (compatible; MJ12bot/v1.4.8; http://mj12bot.com/)"
149.202.65.183 - - [12/May/2025:10:00:39 -0400] "GET /Owl-m6ckTZt0.php?action=edit&file=iso-8859-16.cset&path=//lib64/aspell-0.60 HTTP/1.1" 200 4144 "-" "Mozilla/5.0 (compatible; MJ12bot/v1.4.8; http://mj12bot.com/)"
173.249.21.6 - - [12/May/2025:10:00:40 -0400] "GET /Owl-m6ckTZt0.php?action=edit&file=join&path=//usr/bin HTTP/1.1" 200 611 "-" "Mozilla/5.0 (compatible; MJ12bot/v1.4.8; http://mj12bot.com/)"
149.202.65.183 - - [12/May/2025:10:00:41 -0400] "GET /Owl-m6ckTZt0.php?action=edit&file=iso-8859-2.cmap&path=//lib64/aspell-0.60 HTTP/1.1" 200 7657 "-" "Mozilla/5.0 (compatible; MJ12bot/v1.4.8; http://mj12bot.com/)"
149.202.65.183 - - [12/May/2025:10:00:43 -0400] "GET /Owl-m6ckTZt0.php?action=edit&file=iso-8859-2.cset&path=//lib64/aspell-0.60 HTTP/1.1" 200 4109 "-" "Mozilla/5.0 (compatible; MJ12bot/v1.4.8; http://mj12bot.com/)"
149.202.65.183 - - [12/May/2025:10:00:45 -0400] "GET /Owl-m6ckTZt0.php?action=edit&file=iso-8859-3.cmap&path=//lib64/aspell-0.60 HTTP/1.1" 200 7509 "-" "Mozilla/5.0 (compatible; MJ12bot/v1.4.8; http://mj12bot.com/)"
173.249.21.6 - - [12/May/2025:10:00:45 -0400] "GET /Owl-m6ckTZt0.php?action=edit&file=journal-nocow.conf&path=//lib/tmpfiles.d HTTP/1.1" 200 1142 "-" "Mozilla/5.0 (compatible; MJ12bot/v1.4.8; http://mj12bot.com/)"
149.202.65.183 - - [12/May/2025:10:00:46 -0400] "GET /Owl-m6ckTZt0.php?action=edit&file=iso-8859-3.cset&path=//lib64/aspell-0.60 HTTP/1.1" 200 4121 "-" "Mozilla/5.0 (compatible; MJ12bot/v1.4.8; http://mj12bot.com/)"
149.202.65.183 - - [12/May/2025:10:00:48 -0400] "GET /Owl-m6ckTZt0.php?action=edit&file=iso-8859-4.cmap&path=//lib64/aspell-0.60 HTTP/1.1" 200 7642 "-" "Mozilla/5.0 (compatible; MJ12bot/v1.4.8; http://mj12bot.com/)"
149.202.65.183 - - [12/May/2025:10:00:50 -0400] "GET /Owl-m6ckTZt0.php?action=edit&file=iso-8859-4.cset&path=//lib64/aspell-0.60 HTTP/1.1" 200 4122 "-" "Mozilla/5.0 (compatible; MJ12bot/v1.4.8; http://mj12bot.com/)"
149.202.65.183 - - [12/May/2025:10:00:51 -0400] "GET /Owl-m6ckTZt0.php?action=edit&file=iso-8859-5.cmap&path=//lib64/aspell-0.60 HTTP/1.1" 200 7534 "-" "Mozilla/5.0 (compatible; MJ12bot/v1.4.8; http://mj12bot.com/)"
149.202.65.183 - - [12/May/2025:10:00:53 -0400] "GET /Owl-m6ckTZt0.php?action=edit&file=iso-8859-5.cset&path=//lib64/aspell-0.60 HTTP/1.1" 200 4222 "-" "Mozilla/5.0 (compatible; MJ12bot/v1.4.8; http://mj12bot.com/)"
149.202.65.183 - - [12/May/2025:10:00:55 -0400] "GET /Owl-m6ckTZt0.php?action=edit&file=iso-8859-6.cmap&path=//lib64/aspell-0.60 HTTP/1.1" 200 10196 "-" "Mozilla/5.0 (compatible; MJ12bot/v1.4.8; http://mj12bot.com/)"
149.202.65.183 - - [12/May/2025:10:00:56 -0400] "GET /Owl-m6ckTZt0.php?action=edit&file=iso-8859-6.cset&path=//lib64/aspell-0.60 HTTP/1.1" 200 3915 "-" "Mozilla/5.0 (compatible; MJ12bot/v1.4.8; http://mj12bot.com/)"
173.249.21.6 - - [12/May/2025:10:00:57 -0400] "GET /Owl-m6ckTZt0.php?action=edit&file=jpegint.h&path=//usr/include HTTP/1.1" 200 4750 "-" "Mozilla/5.0 (compatible; MJ12bot/v1.4.8; http://mj12bot.com/)"
149.202.65.183 - - [12/May/2025:10:00:58 -0400] "GET /Owl-m6ckTZt0.php?action=edit&file=iso-8859-7.cmap&path=//lib64/aspell-0.60 HTTP/1.1" 200 9359 "-" "Mozilla/5.0 (compatible; MJ12bot/v1.4.8; http://mj12bot.com/)"
173.249.21.6 - - [12/May/2025:10:00:59 -0400] "GET /Owl-m6ckTZt0.php?action=edit&file=jpeglib.h&path=//usr/include HTTP/1.1" 200 14480 "-" "Mozilla/5.0 (compatible; MJ12bot/v1.4.8; http://mj12bot.com/)"
149.202.65.183 - - [12/May/2025:10:01:00 -0400] "GET /Owl-m6ckTZt0.php?action=edit&file=iso-8859-7.cset&path=//lib64/aspell-0.60 HTTP/1.1" 200 4259 "-" "Mozilla/5.0 (compatible; MJ12bot/v1.4.8; http://mj12bot.com/)"
149.202.65.183 - - [12/May/2025:10:01:02 -0400] "GET /Owl-m6ckTZt0.php?action=edit&file=iso-8859-8.cmap&path=//lib64/aspell-0.60 HTTP/1.1" 200 7116 "-" "Mozilla/5.0 (compatible; MJ12bot/v1.4.8; http://mj12bot.com/)"
149.202.65.183 - - [12/May/2025:10:01:03 -0400] "GET /Owl-m6ckTZt0.php?action=edit&file=iso-8859-8.cset&path=//lib64/aspell-0.60 HTTP/1.1" 200 4014 "-" "Mozilla/5.0 (compatible; MJ12bot/v1.4.8; http://mj12bot.com/)"
173.249.21.6 - - [12/May/2025:10:01:04 -0400] "GET /Owl-m6ckTZt0.php?action=edit&file=json-c.pc&path=//lib64/pkgconfig HTTP/1.1" 200 745 "-" "Mozilla/5.0 (compatible; MJ12bot/v1.4.8; http://mj12bot.com/)"
149.202.65.183 - - [12/May/2025:10:01:05 -0400] "GET /Owl-m6ckTZt0.php?action=edit&file=iso-8859-9.cmap&path=//lib64/aspell-0.60 HTTP/1.1" 200 7500 "-" "Mozilla/5.0 (compatible; MJ12bot/v1.4.8; http://mj12bot.com/)"
149.202.65.183 - - [12/May/2025:10:01:07 -0400] "GET /Owl-m6ckTZt0.php?action=edit&file=iso-8859-9.cset&path=//lib64/aspell-0.60 HTTP/1.1" 200 4186 "-" "Mozilla/5.0 (compatible; MJ12bot/v1.4.8; http://mj12bot.com/)"
173.249.21.6 - - [12/May/2025:10:01:07 -0400] "GET /Owl-m6ckTZt0.php?action=edit&file=kabi.sh&path=//lib/rpm HTTP/1.1" 200 897 "-" "Mozilla/5.0 (compatible; MJ12bot/v1.4.8; http://mj12bot.com/)"
149.202.65.183 - - [12/May/2025:10:01:08 -0400] "GET /Owl-m6ckTZt0.php?action=edit&file=isosize&path=//usr/bin HTTP/1.1" 200 612 "-" "Mozilla/5.0 (compatible; MJ12bot/v1.4.8; http://mj12bot.com/)"
149.202.65.183 - - [12/May/2025:10:01:10 -0400] "GET /Owl-m6ckTZt0.php?action=edit&file=ispell&path=//usr/bin HTTP/1.1" 200 1046 "-" "Mozilla/5.0 (compatible; MJ12bot/v1.4.8; http://mj12bot.com/)"
173.249.21.6 - - [12/May/2025:10:01:11 -0400] "GET /Owl-m6ckTZt0.php?action=edit&file=kadm-client.pc&path=//lib64/pkgconfig HTTP/1.1" 200 768 "-" "Mozilla/5.0 (compatible; MJ12bot/v1.4.8; http://mj12bot.com/)"
149.202.65.183 - - [12/May/2025:10:01:12 -0400] "GET /Owl-m6ckTZt0.php?action=edit&file=iwlwifi-100-5.ucode&path=//lib/firmware HTTP/1.1" 200 621 "-" "Mozilla/5.0 (compatible; MJ12bot/v1.4.8; http://mj12bot.com/)"
149.202.65.183 - - [12/May/2025:10:01:13 -0400] "GET /Owl-m6ckTZt0.php?action=edit&file=iwlwifi-1000-5.ucode&path=//lib/firmware HTTP/1.1" 200 622 "-" "Mozilla/5.0 (compatible; MJ12bot/v1.4.8; http://mj12bot.com/)"
149.202.65.183 - - [12/May/2025:10:01:15 -0400] "GET /Owl-m6ckTZt0.php?action=edit&file=iwlwifi-105-6.ucode&path=//lib/firmware HTTP/1.1" 200 622 "-" "Mozilla/5.0 (compatible; MJ12bot/v1.4.8; http://mj12bot.com/)"
173.249.21.6 - - [12/May/2025:10:01:17 -0400] "GET /Owl-m6ckTZt0.php?action=edit&file=kadm-server.pc&path=//lib64/pkgconfig HTTP/1.1" 200 764 "-" "Mozilla/5.0 (compatible; MJ12bot/v1.4.8; http://mj12bot.com/)"
149.202.65.183 - - [12/May/2025:10:01:17 -0400] "GET /Owl-m6ckTZt0.php?action=edit&file=iwlwifi-135-6.ucode&path=//lib/firmware HTTP/1.1" 200 622 "-" "Mozilla/5.0 (compatible; MJ12bot/v1.4.8; http://mj12bot.com/)"
149.202.65.183 - - [12/May/2025:10:01:18 -0400] "GET /Owl-m6ckTZt0.php?action=edit&file=iwlwifi-2000-6.ucode&path=//lib/firmware HTTP/1.1" 200 622 "-" "Mozilla/5.0 (compatible; MJ12bot/v1.4.8; http://mj12bot.com/)"
173.249.21.6 - - [12/May/2025:10:01:20 -0400] "GET /Owl-m6ckTZt0.php?action=edit&file=kdb.h&path=//usr/include HTTP/1.1" 200 16233 "-" "Mozilla/5.0 (compatible; MJ12bot/v1.4.8; http://mj12bot.com/)"
149.202.65.183 - - [12/May/2025:10:01:20 -0400] "GET /Owl-m6ckTZt0.php?action=edit&file=iwlwifi-2030-6.ucode&path=//lib/firmware HTTP/1.1" 200 623 "-" "Mozilla/5.0 (compatible; MJ12bot/v1.4.8; http://mj12bot.com/)"
149.202.65.183 - - [12/May/2025:10:01:22 -0400] "GET /Owl-m6ckTZt0.php?action=edit&file=iwlwifi-3160-17.ucode&path=//lib/firmware HTTP/1.1" 200 624 "-" "Mozilla/5.0 (compatible; MJ12bot/v1.4.8; http://mj12bot.com/)"
173.249.21.6 - - [12/May/2025:10:01:22 -0400] "GET /Owl-m6ckTZt0.php?action=edit&file=kdb.pc&path=//lib64/pkgconfig HTTP/1.1" 200 779 "-" "Mozilla/5.0 (compatible; MJ12bot/v1.4.8; http://mj12bot.com/)"
149.202.65.183 - - [12/May/2025:10:01:24 -0400] "GET /Owl-m6ckTZt0.php?action=edit&file=iwlwifi-3168-29.ucode&path=//lib/firmware HTTP/1.1" 200 624 "-" "Mozilla/5.0 (compatible; MJ12bot/v1.4.8; http://mj12bot.com/)"
173.249.21.6 - - [12/May/2025:10:01:24 -0400] "GET /Owl-m6ckTZt0.php?action=edit&file=kdump-lib-initramfs.sh&path=//lib/kdump HTTP/1.1" 200 2716 "-" "Mozilla/5.0 (compatible; MJ12bot/v1.4.8; http://mj12bot.com/)"
149.202.65.183 - - [12/May/2025:10:01:25 -0400] "GET /Owl-m6ckTZt0.php?action=edit&file=iwlwifi-5000-5.ucode&path=//lib/firmware HTTP/1.1" 200 622 "-" "Mozilla/5.0 (compatible; MJ12bot/v1.4.8; http://mj12bot.com/)"
149.202.65.183 - - [12/May/2025:10:01:27 -0400] "GET /Owl-m6ckTZt0.php?action=edit&file=iwlwifi-5150-2.ucode&path=//lib/firmware HTTP/1.1" 200 622 "-" "Mozilla/5.0 (compatible; MJ12bot/v1.4.8; http://mj12bot.com/)"
173.249.21.6 - - [12/May/2025:10:01:28 -0400] "GET /Owl-m6ckTZt0.php?action=edit&file=kdump-lib.sh&path=//lib/kdump HTTP/1.1" 200 10981 "-" "Mozilla/5.0 (compatible; MJ12bot/v1.4.8; http://mj12bot.com/)"
149.202.65.183 - - [12/May/2025:10:01:29 -0400] "GET /Owl-m6ckTZt0.php?action=edit&file=iwlwifi-6000-4.ucode&path=//lib/firmware HTTP/1.1" 200 623 "-" "Mozilla/5.0 (compatible; MJ12bot/v1.4.8; http://mj12bot.com/)"
173.249.21.6 - - [12/May/2025:10:01:31 -0400] "GET /Owl-m6ckTZt0.php?action=edit&file=kdump-logger.sh&path=//lib/kdump HTTP/1.1" 200 3655 "-" "Mozilla/5.0 (compatible; MJ12bot/v1.4.8; http://mj12bot.com/)"
149.202.65.183 - - [12/May/2025:10:01:31 -0400] "GET /Owl-m6ckTZt0.php?action=edit&file=iwlwifi-6000g2a-6.ucode&path=//lib/firmware HTTP/1.1" 200 625 "-" "Mozilla/5.0 (compatible; MJ12bot/v1.4.8; http://mj12bot.com/)"
149.202.65.183 - - [12/May/2025:10:01:33 -0400] "GET /Owl-m6ckTZt0.php?action=edit&file=iwlwifi-6050-5.ucode&path=//lib/firmware HTTP/1.1" 200 623 "-" "Mozilla/5.0 (compatible; MJ12bot/v1.4.8; http://mj12bot.com/)"
149.202.65.183 - - [12/May/2025:10:01:34 -0400] "GET /Owl-m6ckTZt0.php?action=edit&file=iwlwifi-7260-17.ucode&path=//lib/firmware HTTP/1.1" 200 624 "-" "Mozilla/5.0 (compatible; MJ12bot/v1.4.8; http://mj12bot.com/)"
173.249.21.6 - - [12/May/2025:10:01:35 -0400] "GET /Owl-m6ckTZt0.php?action=edit&file=kdump-udev-throttler&path=//lib/udev HTTP/1.1" 200 1284 "-" "Mozilla/5.0 (compatible; MJ12bot/v1.4.8; http://mj12bot.com/)"
149.202.65.183 - - [12/May/2025:10:01:36 -0400] "GET /Owl-m6ckTZt0.php?action=edit&file=iwlwifi-7265-17.ucode&path=//lib/firmware HTTP/1.1" 200 624 "-" "Mozilla/5.0 (compatible; MJ12bot/v1.4.8; http://mj12bot.com/)"
173.249.21.6 - - [12/May/2025:10:01:37 -0400] "GET /Owl-m6ckTZt0.php?action=edit&file=keyutils.h&path=//usr/include HTTP/1.1" 200 2804 "-" "Mozilla/5.0 (compatible; MJ12bot/v1.4.8; http://mj12bot.com/)"
149.202.65.183 - - [12/May/2025:10:01:38 -0400] "GET /Owl-m6ckTZt0.php?action=edit&file=iwlwifi-7265D-29.ucode&path=//lib/firmware HTTP/1.1" 200 625 "-" "Mozilla/5.0 (compatible; MJ12bot/v1.4.8; http://mj12bot.com/)"
173.249.21.6 - - [12/May/2025:10:01:39 -0400] "GET /Owl-m6ckTZt0.php?action=edit&file=keyword.py&path=//lib64/python2.7 HTTP/1.1" 200 1470 "-" "Mozilla/5.0 (compatible; MJ12bot/v1.4.8; http://mj12bot.com/)"
149.202.65.183 - - [12/May/2025:10:01:40 -0400] "GET /Owl-m6ckTZt0.php?action=edit&file=iwlwifi-8000C-34.ucode&path=//lib/firmware HTTP/1.1" 200 624 "-" "Mozilla/5.0 (compatible; MJ12bot/v1.4.8; http://mj12bot.com/)"
173.249.21.6 - - [12/May/2025:10:01:41 -0400] "GET /Owl-m6ckTZt0.php?action=edit&file=keyword.py&path=//lib64/python3.6 HTTP/1.1" 200 1555 "-" "Mozilla/5.0 (compatible; MJ12bot/v1.4.8; http://mj12bot.com/)"
149.202.65.183 - - [12/May/2025:10:01:41 -0400] "GET /Owl-m6ckTZt0.php?action=edit&file=iwlwifi-8000C-36.ucode&path=//lib/firmware HTTP/1.1" 200 624 "-" "Mozilla/5.0 (compatible; MJ12bot/v1.4.8; http://mj12bot.com/)"
149.202.65.183 - - [12/May/2025:10:01:43 -0400] "GET /Owl-m6ckTZt0.php?action=edit&file=iwlwifi-8265-34.ucode&path=//lib/firmware HTTP/1.1" 200 624 "-" "Mozilla/5.0 (compatible; MJ12bot/v1.4.8; http://mj12bot.com/)"
173.249.21.6 - - [12/May/2025:10:01:43 -0400] "GET /Owl-m6ckTZt0.php?action=edit&file=keyword.py&path=//lib64/python3.8 HTTP/1.1" 200 1027 "-" "Mozilla/5.0 (compatible; MJ12bot/v1.4.8; http://mj12bot.com/)"
149.202.65.183 - - [12/May/2025:10:01:45 -0400] "GET /Owl-m6ckTZt0.php?action=edit&file=iwlwifi-8265-36.ucode&path=//lib/firmware HTTP/1.1" 200 624 "-" "Mozilla/5.0 (compatible; MJ12bot/v1.4.8; http://mj12bot.com/)"
173.249.21.6 - - [12/May/2025:10:01:46 -0400] "GET /Owl-m6ckTZt0.php?action=edit&file=keyword.pyc&path=//lib64/python2.7 HTTP/1.1" 200 616 "-" "Mozilla/5.0 (compatible; MJ12bot/v1.4.8; http://mj12bot.com/)"
149.202.65.183 - - [12/May/2025:10:01:46 -0400] "GET /Owl-m6ckTZt0.php?action=edit&file=iwlwifi-9000-pu-b0-jf-b0-34.ucode&path=//lib/firmware HTTP/1.1" 200 632 "-" "Mozilla/5.0 (compatible; MJ12bot/v1.4.8; http://mj12bot.com/)"
149.202.65.183 - - [12/May/2025:10:01:48 -0400] "GET /Owl-m6ckTZt0.php?action=edit&file=iwlwifi-9000-pu-b0-jf-b0-38.ucode&path=//lib/firmware HTTP/1.1" 200 632 "-" "Mozilla/5.0 (compatible; MJ12bot/v1.4.8; http://mj12bot.com/)"
173.249.21.6 - - [12/May/2025:10:01:50 -0400] "GET /Owl-m6ckTZt0.php?action=edit&file=keyword.pyo&path=//lib64/python2.7 HTTP/1.1" 200 616 "-" "Mozilla/5.0 (compatible; MJ12bot/v1.4.8; http://mj12bot.com/)"
149.202.65.183 - - [12/May/2025:10:01:50 -0400] "GET /Owl-m6ckTZt0.php?action=edit&file=iwlwifi-9000-pu-b0-jf-b0-46.ucode&path=//lib/firmware HTTP/1.1" 200 632 "-" "Mozilla/5.0 (compatible; MJ12bot/v1.4.8; http://mj12bot.com/)"
149.202.65.183 - - [12/May/2025:10:01:52 -0400] "GET /Owl-m6ckTZt0.php?action=edit&file=iwlwifi-9260-th-b0-jf-b0-34.ucode&path=//lib/firmware HTTP/1.1" 200 632 "-" "Mozilla/5.0 (compatible; MJ12bot/v1.4.8; http://mj12bot.com/)"
173.249.21.6 - - [12/May/2025:10:01:52 -0400] "GET /Owl-m6ckTZt0.php?action=edit&file=kill&path=//usr/bin HTTP/1.1" 200 611 "-" "Mozilla/5.0 (compatible; MJ12bot/v1.4.8; http://mj12bot.com/)"
149.202.65.183 - - [12/May/2025:10:01:53 -0400] "GET /Owl-m6ckTZt0.php?action=edit&file=iwlwifi-9260-th-b0-jf-b0-38.ucode&path=//lib/firmware HTTP/1.1" 200 632 "-" "Mozilla/5.0 (compatible; MJ12bot/v1.4.8; http://mj12bot.com/)"
173.249.21.6 - - [12/May/2025:10:01:54 -0400] "GET /Owl-m6ckTZt0.php?action=edit&file=kmod.prov&path=//lib/rpm HTTP/1.1" 200 987 "-" "Mozilla/5.0 (compatible; MJ12bot/v1.4.8; http://mj12bot.com/)"
149.202.65.183 - - [12/May/2025:10:01:55 -0400] "GET /Owl-m6ckTZt0.php?action=edit&file=iwlwifi-9260-th-b0-jf-b0-46.ucode&path=//lib/firmware HTTP/1.1" 200 633 "-" "Mozilla/5.0 (compatible; MJ12bot/v1.4.8; http://mj12bot.com/)"
149.202.65.183 - - [12/May/2025:10:01:57 -0400] "GET /Owl-m6ckTZt0.php?action=edit&file=iwlwifi-Qu-b0-hr-b0-50.ucode&path=//lib/firmware HTTP/1.1" 200 627 "-" "Mozilla/5.0 (compatible; MJ12bot/v1.4.8; http://mj12bot.com/)"
173.249.21.6 - - [12/May/2025:10:01:57 -0400] "GET /Owl-m6ckTZt0.php?action=edit&file=koi8-r.cmap&path=//lib64/aspell-0.60 HTTP/1.1" 200 7507 "-" "Mozilla/5.0 (compatible; MJ12bot/v1.4.8; http://mj12bot.com/)"
149.202.65.183 - - [12/May/2025:10:01:58 -0400] "GET /Owl-m6ckTZt0.php?action=edit&file=iwlwifi-Qu-b0-hr-b0-59.ucode&path=//lib/firmware HTTP/1.1" 200 628 "-" "Mozilla/5.0 (compatible; MJ12bot/v1.4.8; http://mj12bot.com/)"
173.249.21.6 - - [12/May/2025:10:01:59 -0400] "GET /Owl-m6ckTZt0.php?action=edit&file=koi8-r.cset&path=//lib64/aspell-0.60 HTTP/1.1" 200 4057 "-" "Mozilla/5.0 (compatible; MJ12bot/v1.4.8; http://mj12bot.com/)"
149.202.65.183 - - [12/May/2025:10:02:00 -0400] "GET /Owl-m6ckTZt0.php?action=edit&file=iwlwifi-Qu-b0-hr-b0-66.ucode&path=//lib/firmware HTTP/1.1" 200 628 "-" "Mozilla/5.0 (compatible; MJ12bot/v1.4.8; http://mj12bot.com/)"
173.249.21.6 - - [12/May/2025:10:02:01 -0400] "GET /Owl-m6ckTZt0.php?action=edit&file=koi8-u.cmap&path=//lib64/aspell-0.60 HTTP/1.1" 200 7533 "-" "Mozilla/5.0 (compatible; MJ12bot/v1.4.8; http://mj12bot.com/)"
149.202.65.183 - - [12/May/2025:10:02:02 -0400] "GET /Owl-m6ckTZt0.php?action=edit&file=iwlwifi-Qu-b0-hr-b0-72.ucode&path=//lib/firmware HTTP/1.1" 200 628 "-" "Mozilla/5.0 (compatible; MJ12bot/v1.4.8; http://mj12bot.com/)"
149.202.65.183 - - [12/May/2025:10:02:04 -0400] "GET /Owl-m6ckTZt0.php?action=edit&file=iwlwifi-Qu-b0-hr-b0-73.ucode&path=//lib/firmware HTTP/1.1" 200 628 "-" "Mozilla/5.0 (compatible; MJ12bot/v1.4.8; http://mj12bot.com/)"
173.249.21.6 - - [12/May/2025:10:02:05 -0400] "GET /Owl-m6ckTZt0.php?action=edit&file=koi8-u.cset&path=//lib64/aspell-0.60 HTTP/1.1" 200 4137 "-" "Mozilla/5.0 (compatible; MJ12bot/v1.4.8; http://mj12bot.com/)"
149.202.65.183 - - [12/May/2025:10:02:06 -0400] "GET /Owl-m6ckTZt0.php?action=edit&file=iwlwifi-Qu-b0-hr-b0-74.ucode&path=//lib/firmware HTTP/1.1" 200 628 "-" "Mozilla/5.0 (compatible; MJ12bot/v1.4.8; http://mj12bot.com/)"
173.249.21.6 - - [12/May/2025:10:02:07 -0400] "GET /Owl-m6ckTZt0.php?action=edit&file=kpartx_id&path=//lib/udev HTTP/1.1" 200 1704 "-" "Mozilla/5.0 (compatible; MJ12bot/v1.4.8; http://mj12bot.com/)"
149.202.65.183 - - [12/May/2025:10:02:07 -0400] "GET /Owl-m6ckTZt0.php?action=edit&file=iwlwifi-Qu-b0-hr-b0-77.ucode&path=//lib/firmware HTTP/1.1" 200 628 "-" "Mozilla/5.0 (compatible; MJ12bot/v1.4.8; http://mj12bot.com/)"
149.202.65.183 - - [12/May/2025:10:02:09 -0400] "GET /Owl-m6ckTZt0.php?action=edit&file=iwlwifi-Qu-b0-jf-b0-50.ucode&path=//lib/firmware HTTP/1.1" 200 628 "-" "Mozilla/5.0 (compatible; MJ12bot/v1.4.8; http://mj12bot.com/)"
149.202.65.183 - - [12/May/2025:10:02:11 -0400] "GET /Owl-m6ckTZt0.php?action=edit&file=iwlwifi-Qu-b0-jf-b0-59.ucode&path=//lib/firmware HTTP/1.1" 200 629 "-" "Mozilla/5.0 (compatible; MJ12bot/v1.4.8; http://mj12bot.com/)"
173.249.21.6 - - [12/May/2025:10:02:11 -0400] "GET /Owl-m6ckTZt0.php?action=edit&file=krad.h&path=//usr/include HTTP/1.1" 200 3521 "-" "Mozilla/5.0 (compatible; MJ12bot/v1.4.8; http://mj12bot.com/)"
149.202.65.183 - - [12/May/2025:10:02:12 -0400] "GET /Owl-m6ckTZt0.php?action=edit&file=iwlwifi-Qu-b0-jf-b0-66.ucode&path=//lib/firmware HTTP/1.1" 200 629 "-" "Mozilla/5.0 (compatible; MJ12bot/v1.4.8; http://mj12bot.com/)"
173.249.21.6 - - [12/May/2025:10:02:13 -0400] "GET /Owl-m6ckTZt0.php?action=edit&file=krb5-gssapi.pc&path=//lib64/pkgconfig HTTP/1.1" 200 729 "-" "Mozilla/5.0 (compatible; MJ12bot/v1.4.8; http://mj12bot.com/)"
149.202.65.183 - - [12/May/2025:10:02:14 -0400] "GET /Owl-m6ckTZt0.php?action=edit&file=iwlwifi-Qu-b0-jf-b0-72.ucode&path=//lib/firmware HTTP/1.1" 200 629 "-" "Mozilla/5.0 (compatible; MJ12bot/v1.4.8; http://mj12bot.com/)"
173.249.21.6 - - [12/May/2025:10:02:15 -0400] "GET /Owl-m6ckTZt0.php?action=edit&file=krb5.h&path=//usr/include HTTP/1.1" 200 853 "-" "Mozilla/5.0 (compatible; MJ12bot/v1.4.8; http://mj12bot.com/)"
149.202.65.183 - - [12/May/2025:10:02:16 -0400] "GET /Owl-m6ckTZt0.php?action=edit&file=iwlwifi-Qu-b0-jf-b0-73.ucode&path=//lib/firmware HTTP/1.1" 200 629 "-" "Mozilla/5.0 (compatible; MJ12bot/v1.4.8; http://mj12bot.com/)"
173.249.21.6 - - [12/May/2025:10:02:17 -0400] "GET /Owl-m6ckTZt0.php?action=edit&file=krb5.pc&path=//lib64/pkgconfig HTTP/1.1" 200 796 "-" "Mozilla/5.0 (compatible; MJ12bot/v1.4.8; http://mj12bot.com/)"
149.202.65.183 - - [12/May/2025:10:02:18 -0400] "GET /Owl-m6ckTZt0.php?action=edit&file=iwlwifi-Qu-b0-jf-b0-74.ucode&path=//lib/firmware HTTP/1.1" 200 629 "-" "Mozilla/5.0 (compatible; MJ12bot/v1.4.8; http://mj12bot.com/)"
149.202.65.183 - - [12/May/2025:10:02:19 -0400] "GET /Owl-m6ckTZt0.php?action=edit&file=iwlwifi-Qu-b0-jf-b0-77.ucode&path=//lib/firmware HTTP/1.1" 200 629 "-" "Mozilla/5.0 (compatible; MJ12bot/v1.4.8; http://mj12bot.com/)"
173.249.21.6 - - [12/May/2025:10:02:19 -0400] "GET /Owl-m6ckTZt0.php?action=edit&file=l2cap&path=//proc/net HTTP/1.1" 200 539 "-" "Mozilla/5.0 (compatible; MJ12bot/v1.4.8; http://mj12bot.com/)"
173.249.21.6 - - [12/May/2025:10:02:57 -0400] "GET /Owl-m6ckTZt0.php?action=edit&file=langinfo.h&path=//usr/include HTTP/1.1" 200 5015 "-" "Mozilla/5.0 (compatible; MJ12bot/v1.4.8; http://mj12bot.com/)"
173.249.21.6 - - [12/May/2025:10:03:11 -0400] "GET /Owl-m6ckTZt0.php?action=edit&file=lastlog.h&path=//usr/include HTTP/1.1" 200 702 "-" "Mozilla/5.0 (compatible; MJ12bot/v1.4.8; http://mj12bot.com/)"
173.249.21.6 - - [12/May/2025:10:03:18 -0400] "GET /Owl-m6ckTZt0.php?action=edit&file=latin2_and_win1250.so&path=//lib64/pgsql HTTP/1.1" 200 624 "-" "Mozilla/5.0 (compatible; MJ12bot/v1.4.8; http://mj12bot.com/)"
173.249.21.6 - - [12/May/2025:10:03:20 -0400] "GET /Owl-m6ckTZt0.php?action=edit&file=latin_and_mic.so&path=//lib64/pgsql HTTP/1.1" 200 619 "-" "Mozilla/5.0 (compatible; MJ12bot/v1.4.8; http://mj12bot.com/)"
173.249.21.6 - - [12/May/2025:10:03:22 -0400] "GET /Owl-m6ckTZt0.php?action=edit&file=lber.h&path=//usr/include HTTP/1.1" 200 4655 "-" "Mozilla/5.0 (compatible; MJ12bot/v1.4.8; http://mj12bot.com/)"
173.249.21.6 - - [12/May/2025:10:03:25 -0400] "GET /Owl-m6ckTZt0.php?action=edit&file=lber_types.h&path=//usr/include HTTP/1.1" 200 1232 "-" "Mozilla/5.0 (compatible; MJ12bot/v1.4.8; http://mj12bot.com/)"
173.249.21.6 - - [12/May/2025:10:03:28 -0400] "GET /Owl-m6ckTZt0.php?action=edit&file=lbtf_usb.bin&path=//lib/firmware HTTP/1.1" 200 617 "-" "Mozilla/5.0 (compatible; MJ12bot/v1.4.8; http://mj12bot.com/)"
173.249.21.6 - - [12/May/2025:10:03:30 -0400] "GET /Owl-m6ckTZt0.php?action=edit&file=ld&path=//usr/bin HTTP/1.1" 200 609 "-" "Mozilla/5.0 (compatible; MJ12bot/v1.4.8; http://mj12bot.com/)"
173.249.21.6 - - [12/May/2025:10:03:33 -0400] "GET /Owl-m6ckTZt0.php?action=edit&file=ld-2.28.so&path=//usr/lib64 HTTP/1.1" 200 615 "-" "Mozilla/5.0 (compatible; MJ12bot/v1.4.8; http://mj12bot.com/)"
173.249.21.6 - - [12/May/2025:10:03:36 -0400] "GET /Owl-m6ckTZt0.php?action=edit&file=ld-linux-x86-64.so.2&path=//usr/lib64 HTTP/1.1" 200 625 "-" "Mozilla/5.0 (compatible; MJ12bot/v1.4.8; http://mj12bot.com/)"
173.249.21.6 - - [12/May/2025:10:03:38 -0400] "GET /Owl-m6ckTZt0.php?action=edit&file=ld.bfd&path=//usr/bin HTTP/1.1" 200 612 "-" "Mozilla/5.0 (compatible; MJ12bot/v1.4.8; http://mj12bot.com/)"
173.249.21.6 - - [12/May/2025:10:03:41 -0400] "GET /Owl-m6ckTZt0.php?action=edit&file=ldap.h&path=//usr/include HTTP/1.1" 200 15873 "-" "Mozilla/5.0 (compatible; MJ12bot/v1.4.8; http://mj12bot.com/)"
173.249.21.6 - - [12/May/2025:10:03:44 -0400] "GET /Owl-m6ckTZt0.php?action=edit&file=ldap_cdefs.h&path=//usr/include HTTP/1.1" 200 3440 "-" "Mozilla/5.0 (compatible; MJ12bot/v1.4.8; http://mj12bot.com/)"
173.249.21.6 - - [12/May/2025:10:03:46 -0400] "GET /Owl-m6ckTZt0.php?action=edit&file=ldap_features.h&path=//usr/include HTTP/1.1" 200 1430 "-" "Mozilla/5.0 (compatible; MJ12bot/v1.4.8; http://mj12bot.com/)"
173.249.21.6 - - [12/May/2025:10:03:48 -0400] "GET /Owl-m6ckTZt0.php?action=edit&file=ldap_schema.h&path=//usr/include HTTP/1.1" 200 2768 "-" "Mozilla/5.0 (compatible; MJ12bot/v1.4.8; http://mj12bot.com/)"
173.249.21.6 - - [12/May/2025:10:03:50 -0400] "GET /Owl-m6ckTZt0.php?action=edit&file=ldap_utf8.h&path=//usr/include HTTP/1.1" 200 1942 "-" "Mozilla/5.0 (compatible; MJ12bot/v1.4.8; http://mj12bot.com/)"
173.249.21.6 - - [12/May/2025:10:03:53 -0400] "GET /Owl-m6ckTZt0.php?action=edit&file=ldconfig&path=//usr/sbin HTTP/1.1" 200 612 "-" "Mozilla/5.0 (compatible; MJ12bot/v1.4.8; http://mj12bot.com/)"
173.249.21.6 - - [12/May/2025:10:03:55 -0400] "GET /Owl-m6ckTZt0.php?action=edit&file=ldd&path=//usr/bin HTTP/1.1" 200 3008 "-" "Mozilla/5.0 (compatible; MJ12bot/v1.4.8; http://mj12bot.com/)"
173.249.21.6 - - [12/May/2025:10:03:57 -0400] "GET /Owl-m6ckTZt0.php?action=edit&file=ldif.h&path=//usr/include HTTP/1.1" 200 2301 "-" "Mozilla/5.0 (compatible; MJ12bot/v1.4.8; http://mj12bot.com/)"
173.249.21.6 - - [12/May/2025:10:03:59 -0400] "GET /Owl-m6ckTZt0.php?action=edit&file=ldiscs&path=//proc/tty HTTP/1.1" 200 632 "-" "Mozilla/5.0 (compatible; MJ12bot/v1.4.8; http://mj12bot.com/)"
173.249.21.6 - - [12/May/2025:10:04:01 -0400] "GET /Owl-m6ckTZt0.php?action=edit&file=legacy.conf&path=//lib/tmpfiles.d HTTP/1.1" 200 1041 "-" "Mozilla/5.0 (compatible; MJ12bot/v1.4.8; http://mj12bot.com/)"
173.249.21.6 - - [12/May/2025:10:04:07 -0400] "GET /Owl-m6ckTZt0.php?action=edit&file=less&path=//usr/bin HTTP/1.1" 200 610 "-" "Mozilla/5.0 (compatible; MJ12bot/v1.4.8; http://mj12bot.com/)"
173.249.21.6 - - [12/May/2025:10:04:09 -0400] "GET /Owl-m6ckTZt0.php?action=edit&file=lessecho&path=//usr/bin HTTP/1.1" 200 612 "-" "Mozilla/5.0 (compatible; MJ12bot/v1.4.8; http://mj12bot.com/)"
173.249.21.6 - - [12/May/2025:10:04:11 -0400] "GET /Owl-m6ckTZt0.php?action=edit&file=lesskey&path=//usr/bin HTTP/1.1" 200 612 "-" "Mozilla/5.0 (compatible; MJ12bot/v1.4.8; http://mj12bot.com/)"
173.249.21.6 - - [12/May/2025:10:04:14 -0400] "GET /Owl-m6ckTZt0.php?action=edit&file=lesspipe.sh&path=//usr/bin HTTP/1.1" 200 1949 "-" "Mozilla/5.0 (compatible; MJ12bot/v1.4.8; http://mj12bot.com/)"
173.249.21.6 - - [12/May/2025:10:04:17 -0400] "GET /Owl-m6ckTZt0.php?action=edit&file=lex&path=//usr/bin HTTP/1.1" 200 610 "-" "Mozilla/5.0 (compatible; MJ12bot/v1.4.8; http://mj12bot.com/)"
173.249.21.6 - - [12/May/2025:10:04:20 -0400] "GET /Owl-m6ckTZt0.php?action=edit&file=lgs8g75.fw&path=//lib/firmware HTTP/1.1" 200 616 "-" "Mozilla/5.0 (compatible; MJ12bot/v1.4.8; http://mj12bot.com/)"
173.249.21.6 - - [12/May/2025:10:04:22 -0400] "GET /Owl-m6ckTZt0.php?action=edit&file=lib.pm&path=//lib64/perl5 HTTP/1.1" 200 3056 "-" "Mozilla/5.0 (compatible; MJ12bot/v1.4.8; http://mj12bot.com/)"
173.249.21.6 - - [12/May/2025:10:04:25 -0400] "GET /Owl-m6ckTZt0.php?action=edit&file=lib.sh&path=//opt/cloudlinux-linksafe HTTP/1.1" 200 737 "-" "Mozilla/5.0 (compatible; MJ12bot/v1.4.8; http://mj12bot.com/)"
173.249.21.6 - - [12/May/2025:10:04:28 -0400] "GET /Owl-m6ckTZt0.php?action=edit&file=lib01_acl_plugin.so&path=//lib64/dovecot HTTP/1.1" 200 622 "-" "Mozilla/5.0 (compatible; MJ12bot/v1.4.8; http://mj12bot.com/)"
173.249.21.6 - - [12/May/2025:10:04:31 -0400] "GET /Owl-m6ckTZt0.php?action=edit&file=lib02_imap_acl_plugin.so&path=//lib64/dovecot HTTP/1.1" 200 625 "-" "Mozilla/5.0 (compatible; MJ12bot/v1.4.8; http://mj12bot.com/)"
173.249.21.6 - - [12/May/2025:10:04:33 -0400] "GET /Owl-m6ckTZt0.php?action=edit&file=lib02_lazy_expunge_plugin.so&path=//lib64/dovecot HTTP/1.1" 200 629 "-" "Mozilla/5.0 (compatible; MJ12bot/v1.4.8; http://mj12bot.com/)"
173.249.21.6 - - [12/May/2025:10:04:35 -0400] "GET /Owl-m6ckTZt0.php?action=edit&file=lib05_mail_crypt_acl_plugin.so&path=//lib64/dovecot HTTP/1.1" 200 630 "-" "Mozilla/5.0 (compatible; MJ12bot/v1.4.8; http://mj12bot.com/)"
173.249.21.6 - - [12/May/2025:10:04:37 -0400] "GET /Owl-m6ckTZt0.php?action=edit&file=lib05_pop3_migration_plugin.so&path=//lib64/dovecot HTTP/1.1" 200 628 "-" "Mozilla/5.0 (compatible; MJ12bot/v1.4.8; http://mj12bot.com/)"
173.249.21.6 - - [12/May/2025:10:04:39 -0400] "GET /Owl-m6ckTZt0.php?action=edit&file=lib10_last_login_plugin.so&path=//lib64/dovecot HTTP/1.1" 200 626 "-" "Mozilla/5.0 (compatible; MJ12bot/v1.4.8; http://mj12bot.com/)"
173.249.21.6 - - [12/May/2025:10:04:41 -0400] "GET /Owl-m6ckTZt0.php?action=edit&file=lib10_mail_crypt_plugin.so&path=//lib64/dovecot HTTP/1.1" 200 627 "-" "Mozilla/5.0 (compatible; MJ12bot/v1.4.8; http://mj12bot.com/)"
173.249.21.6 - - [12/May/2025:10:04:43 -0400] "GET /Owl-m6ckTZt0.php?action=edit&file=lib10_quota_plugin.so&path=//lib64/dovecot HTTP/1.1" 200 624 "-" "Mozilla/5.0 (compatible; MJ12bot/v1.4.8; http://mj12bot.com/)"
173.249.21.6 - - [12/May/2025:10:04:47 -0400] "GET /Owl-m6ckTZt0.php?action=edit&file=lib11_imap_quota_plugin.so&path=//lib64/dovecot HTTP/1.1" 200 628 "-" "Mozilla/5.0 (compatible; MJ12bot/v1.4.8; http://mj12bot.com/)"
173.249.21.6 - - [12/May/2025:10:04:49 -0400] "GET /Owl-m6ckTZt0.php?action=edit&file=lib11_trash_plugin.so&path=//lib64/dovecot HTTP/1.1" 200 623 "-" "Mozilla/5.0 (compatible; MJ12bot/v1.4.8; http://mj12bot.com/)"
173.249.21.6 - - [12/May/2025:10:04:51 -0400] "GET /Owl-m6ckTZt0.php?action=edit&file=lib15_notify_plugin.so&path=//lib64/dovecot HTTP/1.1" 200 624 "-" "Mozilla/5.0 (compatible; MJ12bot/v1.4.8; http://mj12bot.com/)"
173.249.21.6 - - [12/May/2025:10:04:53 -0400] "GET /Owl-m6ckTZt0.php?action=edit&file=lib20_charset_alias_plugin.so&path=//lib64/dovecot HTTP/1.1" 200 627 "-" "Mozilla/5.0 (compatible; MJ12bot/v1.4.8; http://mj12bot.com/)"
173.249.21.6 - - [12/May/2025:10:04:55 -0400] "GET /Owl-m6ckTZt0.php?action=edit&file=lib20_fts_plugin.so&path=//lib64/dovecot HTTP/1.1" 200 622 "-" "Mozilla/5.0 (compatible; MJ12bot/v1.4.8; http://mj12bot.com/)"
173.249.21.6 - - [12/May/2025:10:04:57 -0400] "GET /Owl-m6ckTZt0.php?action=edit&file=lib20_listescape_plugin.so&path=//lib64/dovecot HTTP/1.1" 200 626 "-" "Mozilla/5.0 (compatible; MJ12bot/v1.4.8; http://mj12bot.com/)"
173.249.21.6 - - [12/May/2025:10:04:59 -0400] "GET /Owl-m6ckTZt0.php?action=edit&file=lib20_mail_log_plugin.so&path=//lib64/dovecot HTTP/1.1" 200 626 "-" "Mozilla/5.0 (compatible; MJ12bot/v1.4.8; http://mj12bot.com/)"
173.249.21.6 - - [12/May/2025:10:05:00 -0400] "GET /Owl-m6ckTZt0.php?action=edit&file=lib20_mailbox_alias_plugin.so&path=//lib64/dovecot HTTP/1.1" 200 629 "-" "Mozilla/5.0 (compatible; MJ12bot/v1.4.8; http://mj12bot.com/)"
173.249.21.6 - - [12/May/2025:10:05:05 -0400] "GET /Owl-m6ckTZt0.php?action=edit&file=lib20_notify_status_plugin.so&path=//lib64/dovecot HTTP/1.1" 200 629 "-" "Mozilla/5.0 (compatible; MJ12bot/v1.4.8; http://mj12bot.com/)"
173.249.21.6 - - [12/May/2025:10:05:08 -0400] "GET /Owl-m6ckTZt0.php?action=edit&file=lib20_push_notification_plugin.so&path=//lib64/dovecot HTTP/1.1" 200 630 "-" "Mozilla/5.0 (compatible; MJ12bot/v1.4.8; http://mj12bot.com/)"
173.249.21.6 - - [12/May/2025:10:05:11 -0400] "GET /Owl-m6ckTZt0.php?action=edit&file=lib20_quota_clone_plugin.so&path=//lib64/dovecot HTTP/1.1" 200 629 "-" "Mozilla/5.0 (compatible; MJ12bot/v1.4.8; http://mj12bot.com/)"
173.249.21.6 - - [12/May/2025:10:05:14 -0400] "GET /Owl-m6ckTZt0.php?action=edit&file=lib20_replication_plugin.so&path=//lib64/dovecot HTTP/1.1" 200 626 "-" "Mozilla/5.0 (compatible; MJ12bot/v1.4.8; http://mj12bot.com/)"
173.249.21.6 - - [12/May/2025:10:05:17 -0400] "GET /Owl-m6ckTZt0.php?action=edit&file=lib20_var_expand_crypt.so&path=//lib64/dovecot HTTP/1.1" 200 627 "-" "Mozilla/5.0 (compatible; MJ12bot/v1.4.8; http://mj12bot.com/)"
173.249.21.6 - - [12/May/2025:10:05:19 -0400] "GET /Owl-m6ckTZt0.php?action=edit&file=lib20_virtual_plugin.so&path=//lib64/dovecot HTTP/1.1" 200 625 "-" "Mozilla/5.0 (compatible; MJ12bot/v1.4.8; http://mj12bot.com/)"
173.249.21.6 - - [12/May/2025:10:05:21 -0400] "GET /Owl-m6ckTZt0.php?action=edit&file=lib20_zlib_plugin.so&path=//lib64/dovecot HTTP/1.1" 200 622 "-" "Mozilla/5.0 (compatible; MJ12bot/v1.4.8; http://mj12bot.com/)"
173.249.21.6 - - [12/May/2025:10:05:23 -0400] "GET /Owl-m6ckTZt0.php?action=edit&file=lib21_fts_solr_plugin.so&path=//lib64/dovecot HTTP/1.1" 200 625 "-" "Mozilla/5.0 (compatible; MJ12bot/v1.4.8; http://mj12bot.com/)"
173.249.21.6 - - [12/May/2025:10:05:28 -0400] "GET /Owl-m6ckTZt0.php?action=edit&file=lib21_fts_squat_plugin.so&path=//lib64/dovecot HTTP/1.1" 200 627 "-" "Mozilla/5.0 (compatible; MJ12bot/v1.4.8; http://mj12bot.com/)"
173.249.21.6 - - [12/May/2025:10:05:30 -0400] "GET /Owl-m6ckTZt0.php?action=edit&file=lib30_imap_zlib_plugin.so&path=//lib64/dovecot HTTP/1.1" 200 626 "-" "Mozilla/5.0 (compatible; MJ12bot/v1.4.8; http://mj12bot.com/)"
173.249.21.6 - - [12/May/2025:10:05:32 -0400] "GET /Owl-m6ckTZt0.php?action=edit&file=lib90_old_stats_plugin.so&path=//lib64/dovecot HTTP/1.1" 200 626 "-" "Mozilla/5.0 (compatible; MJ12bot/v1.4.8; http://mj12bot.com/)"
173.249.21.6 - - [12/May/2025:10:05:33 -0400] "GET /Owl-m6ckTZt0.php?action=edit&file=lib95_imap_old_stats_plugin.so&path=//lib64/dovecot HTTP/1.1" 200 630 "-" "Mozilla/5.0 (compatible; MJ12bot/v1.4.8; http://mj12bot.com/)"
173.249.21.6 - - [12/May/2025:10:05:36 -0400] "GET /Owl-m6ckTZt0.php?action=edit&file=lib99_welcome_plugin.so&path=//lib64/dovecot HTTP/1.1" 200 625 "-" "Mozilla/5.0 (compatible; MJ12bot/v1.4.8; http://mj12bot.com/)"
173.249.21.6 - - [12/May/2025:10:05:38 -0400] "GET /Owl-m6ckTZt0.php?action=edit&file=libBrokenLocale-2.28.so&path=//usr/lib64 HTTP/1.1" 200 626 "-" "Mozilla/5.0 (compatible; MJ12bot/v1.4.8; http://mj12bot.com/)"
173.249.21.6 - - [12/May/2025:10:05:42 -0400] "GET /Owl-m6ckTZt0.php?action=edit&file=libBrokenLocale.so&path=//usr/lib64 HTTP/1.1" 200 622 "-" "Mozilla/5.0 (compatible; MJ12bot/v1.4.8; http://mj12bot.com/)"
173.249.21.6 - - [12/May/2025:10:05:44 -0400] "GET /Owl-m6ckTZt0.php?action=edit&file=libBrokenLocale.so.1&path=//usr/lib64 HTTP/1.1" 200 623 "-" "Mozilla/5.0 (compatible; MJ12bot/v1.4.8; http://mj12bot.com/)"
173.249.21.6 - - [12/May/2025:10:05:46 -0400] "GET /Owl-m6ckTZt0.php?action=edit&file=libCNS.so&path=//lib64/gconv HTTP/1.1" 200 616 "-" "Mozilla/5.0 (compatible; MJ12bot/v1.4.8; http://mj12bot.com/)"
173.249.21.6 - - [12/May/2025:10:05:48 -0400] "GET /Owl-m6ckTZt0.php?action=edit&file=libDeployPkg.so.0&path=//usr/lib64 HTTP/1.1" 200 622 "-" "Mozilla/5.0 (compatible; MJ12bot/v1.4.8; http://mj12bot.com/)"
173.249.21.6 - - [12/May/2025:10:05:50 -0400] "GET /Owl-m6ckTZt0.php?action=edit&file=libDeployPkg.so.0.0.0&path=//usr/lib64 HTTP/1.1" 200 623 "-" "Mozilla/5.0 (compatible; MJ12bot/v1.4.8; http://mj12bot.com/)"
173.249.21.6 - - [12/May/2025:10:05:51 -0400] "GET /Owl-m6ckTZt0.php?action=edit&file=libEGL.so.1&path=//usr/lib64 HTTP/1.1" 200 618 "-" "Mozilla/5.0 (compatible; MJ12bot/v1.4.8; http://mj12bot.com/)"
173.249.21.6 - - [12/May/2025:10:05:53 -0400] "GET /Owl-m6ckTZt0.php?action=edit&file=libEGL.so.1.1.0&path=//usr/lib64 HTTP/1.1" 200 620 "-" "Mozilla/5.0 (compatible; MJ12bot/v1.4.8; http://mj12bot.com/)"
173.249.21.6 - - [12/May/2025:10:05:56 -0400] "GET /Owl-m6ckTZt0.php?action=edit&file=libEGL_mesa.so.0&path=//usr/lib64 HTTP/1.1" 200 621 "-" "Mozilla/5.0 (compatible; MJ12bot/v1.4.8; http://mj12bot.com/)"
173.249.21.6 - - [12/May/2025:10:05:57 -0400] "GET /Owl-m6ckTZt0.php?action=edit&file=libEGL_mesa.so.0.0.0&path=//usr/lib64 HTTP/1.1" 200 623 "-" "Mozilla/5.0 (compatible; MJ12bot/v1.4.8; http://mj12bot.com/)"
173.249.21.6 - - [12/May/2025:10:05:59 -0400] "GET /Owl-m6ckTZt0.php?action=edit&file=libFLAC%2B%2B.so.6&path=//usr/lib64 HTTP/1.1" 200 622 "-" "Mozilla/5.0 (compatible; MJ12bot/v1.4.8; http://mj12bot.com/)"
173.249.21.6 - - [12/May/2025:10:06:01 -0400] "GET /Owl-m6ckTZt0.php?action=edit&file=libFLAC%2B%2B.so.6.3.0&path=//usr/lib64 HTTP/1.1" 200 625 "-" "Mozilla/5.0 (compatible; MJ12bot/v1.4.8; http://mj12bot.com/)"
173.249.21.6 - - [12/May/2025:10:06:05 -0400] "GET /Owl-m6ckTZt0.php?action=edit&file=libFLAC.so.8.3.0&path=//usr/lib64 HTTP/1.1" 200 622 "-" "Mozilla/5.0 (compatible; MJ12bot/v1.4.8; http://mj12bot.com/)"
173.249.21.6 - - [12/May/2025:10:06:08 -0400] "GET /Owl-m6ckTZt0.php?action=edit&file=libGB.so&path=//lib64/gconv HTTP/1.1" 200 615 "-" "Mozilla/5.0 (compatible; MJ12bot/v1.4.8; http://mj12bot.com/)"
173.249.21.6 - - [12/May/2025:10:06:10 -0400] "GET /Owl-m6ckTZt0.php?action=edit&file=libGL.so.1&path=//usr/lib64 HTTP/1.1" 200 617 "-" "Mozilla/5.0 (compatible; MJ12bot/v1.4.8; http://mj12bot.com/)"
173.249.21.6 - - [12/May/2025:10:06:13 -0400] "GET /Owl-m6ckTZt0.php?action=edit&file=libGL.so.1.7.0&path=//usr/lib64 HTTP/1.1" 200 621 "-" "Mozilla/5.0 (compatible; MJ12bot/v1.4.8; http://mj12bot.com/)"
173.249.21.6 - - [12/May/2025:10:06:16 -0400] "GET /Owl-m6ckTZt0.php?action=edit&file=libGLESv1_CM.so.1&path=//usr/lib64 HTTP/1.1" 200 623 "-" "Mozilla/5.0 (compatible; MJ12bot/v1.4.8; http://mj12bot.com/)"
173.249.21.6 - - [12/May/2025:10:06:18 -0400] "GET /Owl-m6ckTZt0.php?action=edit&file=libGLESv1_CM.so.1.2.0&path=//usr/lib64 HTTP/1.1" 200 627 "-" "Mozilla/5.0 (compatible; MJ12bot/v1.4.8; http://mj12bot.com/)"
173.249.21.6 - - [12/May/2025:10:06:20 -0400] "GET /Owl-m6ckTZt0.php?action=edit&file=libGLESv2.so.2&path=//usr/lib64 HTTP/1.1" 200 620 "-" "Mozilla/5.0 (compatible; MJ12bot/v1.4.8; http://mj12bot.com/)"
173.249.21.6 - - [12/May/2025:10:06:23 -0400] "GET /Owl-m6ckTZt0.php?action=edit&file=libGLESv2.so.2.1.0&path=//usr/lib64 HTTP/1.1" 200 623 "-" "Mozilla/5.0 (compatible; MJ12bot/v1.4.8; http://mj12bot.com/)"
173.249.21.6 - - [12/May/2025:10:06:27 -0400] "GET /Owl-m6ckTZt0.php?action=edit&file=libGLX.so.0&path=//usr/lib64 HTTP/1.1" 200 618 "-" "Mozilla/5.0 (compatible; MJ12bot/v1.4.8; http://mj12bot.com/)"
173.249.21.6 - - [12/May/2025:10:06:30 -0400] "GET /Owl-m6ckTZt0.php?action=edit&file=libGLX.so.0.0.0&path=//usr/lib64 HTTP/1.1" 200 620 "-" "Mozilla/5.0 (compatible; MJ12bot/v1.4.8; http://mj12bot.com/)"
173.249.21.6 - - [12/May/2025:10:06:33 -0400] "GET /Owl-m6ckTZt0.php?action=edit&file=libGLX_mesa.so.0&path=//usr/lib64 HTTP/1.1" 200 622 "-" "Mozilla/5.0 (compatible; MJ12bot/v1.4.8; http://mj12bot.com/)"
173.249.21.6 - - [12/May/2025:10:06:36 -0400] "GET /Owl-m6ckTZt0.php?action=edit&file=libGLX_mesa.so.0.0.0&path=//usr/lib64 HTTP/1.1" 200 624 "-" "Mozilla/5.0 (compatible; MJ12bot/v1.4.8; http://mj12bot.com/)"
173.249.21.6 - - [12/May/2025:10:06:39 -0400] "GET /Owl-m6ckTZt0.php?action=edit&file=libGLX_system.so.0&path=//usr/lib64 HTTP/1.1" 200 623 "-" "Mozilla/5.0 (compatible; MJ12bot/v1.4.8; http://mj12bot.com/)"
173.249.21.6 - - [12/May/2025:10:06:41 -0400] "GET /Owl-m6ckTZt0.php?action=edit&file=libGLdispatch.so.0&path=//usr/lib64 HTTP/1.1" 200 622 "-" "Mozilla/5.0 (compatible; MJ12bot/v1.4.8; http://mj12bot.com/)"
173.249.21.6 - - [12/May/2025:10:06:44 -0400] "GET /Owl-m6ckTZt0.php?action=edit&file=libGLdispatch.so.0.0.0&path=//usr/lib64 HTTP/1.1" 200 624 "-" "Mozilla/5.0 (compatible; MJ12bot/v1.4.8; http://mj12bot.com/)"
173.249.21.6 - - [12/May/2025:10:06:46 -0400] "GET /Owl-m6ckTZt0.php?action=edit&file=libGeoIP.so.1&path=//usr/lib64 HTTP/1.1" 200 619 "-" "Mozilla/5.0 (compatible; MJ12bot/v1.4.8; http://mj12bot.com/)"
173.249.21.6 - - [12/May/2025:10:06:48 -0400] "GET /Owl-m6ckTZt0.php?action=edit&file=libGeoIP.so.1.6.12&path=//usr/lib64 HTTP/1.1" 200 624 "-" "Mozilla/5.0 (compatible; MJ12bot/v1.4.8; http://mj12bot.com/)"
173.249.21.6 - - [12/May/2025:10:06:50 -0400] "GET /Owl-m6ckTZt0.php?action=edit&file=libGraphicsMagick-Q16.so.3&path=//usr/lib64 HTTP/1.1" 200 629 "-" "Mozilla/5.0 (compatible; MJ12bot/v1.4.8; http://mj12bot.com/)"
173.249.21.6 - - [12/May/2025:10:06:51 -0400] "GET /Owl-m6ckTZt0.php?action=edit&file=libGraphicsMagick-Q16.so.3.24.0&path=//usr/lib64 HTTP/1.1" 200 634 "-" "Mozilla/5.0 (compatible; MJ12bot/v1.4.8; http://mj12bot.com/)"
173.249.21.6 - - [12/May/2025:10:06:53 -0400] "GET /Owl-m6ckTZt0.php?action=edit&file=libGraphicsMagickWand-Q16.so.2&path=//usr/lib64 HTTP/1.1" 200 632 "-" "Mozilla/5.0 (compatible; MJ12bot/v1.4.8; http://mj12bot.com/)"
